This is the mail archive of the
gcc-testresults@gcc.gnu.org
mailing list for the GCC project.
Results for 4.3.0 20080204 (experimental) [trunk revision 132105] (GCC) gcc testsuite on mips-unknown-elf
- From: Mike Stein <mstein dot lists at googlemail dot com>
- To: gcc-testresults at gcc dot gnu dot org
- Date: Tue, 5 Feb 2008 23:50:07 +0100
- Subject: Results for 4.3.0 20080204 (experimental) [trunk revision 132105] (GCC) gcc testsuite on mips-unknown-elf
- Reply-to: gcc at gcc dot gnu dot org
Debian 4 on x86_64
cross tool versions:
GNU assembler (GNU Binutils) 2.18.50.20080203
GNU gdb 6.7.50.20080202-cvs
GNU ld (GNU Binutils) 2.18.50.20080203
GNU Make 3.81
expect version 5.43.0
host gcc version: gcc (GCC) 4.3.0 20080204 (experimental) [trunk revision 132105]
LAST_UPDATED: Mon Feb 4 23:02:33 UTC 2008 (revision 132105)
Target is mips-unknown-elf
Host is x86_64-unknown-linux-gnu
=== gcc tests ===
Running target mips-sim
FAIL: gcc.c-torture/compile/limits-structnest.c -O2 (test for excess errors)
FAIL: gcc.c-torture/compile/limits-structnest.c -O3 -fomit-frame-pointer (test for excess errors)
FAIL: gcc.c-torture/compile/limits-structnest.c -O3 -g (test for excess errors)
FAIL: gcc.c-torture/compile/limits-structnest.c -Os (test for excess errors)
WARNING: Could not compile gcc.dg/compat/struct-layout-1 generator
FAIL: gcc.dg/torture/builtin-math-2.c -O0 (test for excess errors)
ERROR: gcc.dg/torture/builtin-math-2.c -O0 : error executing dg-final: no files matched glob pattern "builtin-math-2.c.[0-9][0-9][0-9]t.original"
UNRESOLVED: gcc.dg/torture/builtin-math-2.c -O0 : error executing dg-final: no files matched glob pattern "builtin-math-2.c.[0-9][0-9][0-9]t.original"
FAIL: gcc.dg/torture/builtin-math-2.c -O1 (test for excess errors)
ERROR: gcc.dg/torture/builtin-math-2.c -O1 : error executing dg-final: no files matched glob pattern "builtin-math-2.c.[0-9][0-9][0-9]t.original"
UNRESOLVED: gcc.dg/torture/builtin-math-2.c -O1 : error executing dg-final: no files matched glob pattern "builtin-math-2.c.[0-9][0-9][0-9]t.original"
FAIL: gcc.dg/torture/builtin-math-2.c -O2 (test for excess errors)
ERROR: gcc.dg/torture/builtin-math-2.c -O2 : error executing dg-final: no files matched glob pattern "builtin-math-2.c.[0-9][0-9][0-9]t.original"
UNRESOLVED: gcc.dg/torture/builtin-math-2.c -O2 : error executing dg-final: no files matched glob pattern "builtin-math-2.c.[0-9][0-9][0-9]t.original"
FAIL: gcc.dg/torture/builtin-math-2.c -O3 -fomit-frame-pointer (test for excess errors)
ERROR: gcc.dg/torture/builtin-math-2.c -O3 -fomit-frame-pointer : error executing dg-final: no files matched glob pattern "builtin-math-2.c.[0-9][0-9][0-9]t.original"
UNRESOLVED: gcc.dg/torture/builtin-math-2.c -O3 -fomit-frame-pointer : error executing dg-final: no files matched glob pattern "builtin-math-2.c.[0-9][0-9][0-9]t.original"
FAIL: gcc.dg/torture/builtin-math-2.c -O3 -fomit-frame-pointer -funroll-loops (test for excess errors)
ERROR: gcc.dg/torture/builtin-math-2.c -O3 -fomit-frame-pointer -funroll-loops : error executing dg-final: no files matched glob pattern "builtin-math-2.c.[0-9][0-9][0-9]t.original"
UNRESOLVED: gcc.dg/torture/builtin-math-2.c -O3 -fomit-frame-pointer -funroll-loops : error executing dg-final: no files matched glob pattern "builtin-math-2.c.[0-9][0-9][0-9]t.original"
FAIL: gcc.dg/torture/builtin-math-2.c -O3 -fomit-frame-pointer -funroll-all-loops -finline-functions (test for excess errors)
ERROR: gcc.dg/torture/builtin-math-2.c -O3 -fomit-frame-pointer -funroll-all-loops -finline-functions : error executing dg-final: no files matched glob pattern "builtin-math-2.c.[0-9][0-9][0-9]t.original"
UNRESOLVED: gcc.dg/torture/builtin-math-2.c -O3 -fomit-frame-pointer -funroll-all-loops -finline-functions : error executing dg-final: no files matched glob pattern "builtin-math-2.c.[0-9][0-9][0-9]t.original"
FAIL: gcc.dg/torture/builtin-math-2.c -O3 -g (test for excess errors)
ERROR: gcc.dg/torture/builtin-math-2.c -O3 -g : error executing dg-final: no files matched glob pattern "builtin-math-2.c.[0-9][0-9][0-9]t.original"
UNRESOLVED: gcc.dg/torture/builtin-math-2.c -O3 -g : error executing dg-final: no files matched glob pattern "builtin-math-2.c.[0-9][0-9][0-9]t.original"
FAIL: gcc.dg/torture/builtin-math-2.c -Os (test for excess errors)
ERROR: gcc.dg/torture/builtin-math-2.c -Os : error executing dg-final: no files matched glob pattern "builtin-math-2.c.[0-9][0-9][0-9]t.original"
UNRESOLVED: gcc.dg/torture/builtin-math-2.c -Os : error executing dg-final: no files matched glob pattern "builtin-math-2.c.[0-9][0-9][0-9]t.original"
FAIL: gcc.dg/torture/builtin-math-4.c -O0 (test for excess errors)
FAIL: gcc.dg/torture/builtin-math-4.c -O1 (test for excess errors)
FAIL: gcc.dg/torture/builtin-math-4.c -O2 (test for excess errors)
FAIL: gcc.dg/torture/builtin-math-4.c -O3 -fomit-frame-pointer (test for excess errors)
FAIL: gcc.dg/torture/builtin-math-4.c -O3 -fomit-frame-pointer -funroll-loops (test for excess errors)
FAIL: gcc.dg/torture/builtin-math-4.c -O3 -fomit-frame-pointer -funroll-all-loops -finline-functions (test for excess errors)
FAIL: gcc.dg/torture/builtin-math-4.c -O3 -g (test for excess errors)
FAIL: gcc.dg/torture/builtin-math-4.c -Os (test for excess errors)
FAIL: gcc.dg/torture/builtin-pow-mpfr-1.c -O0 scan-tree-dump original "pow"
FAIL: gcc.dg/torture/builtin-pow-mpfr-1.c -O1 scan-tree-dump original "pow"
FAIL: gcc.dg/torture/builtin-pow-mpfr-1.c -O2 scan-tree-dump original "pow"
FAIL: gcc.dg/torture/builtin-pow-mpfr-1.c -O3 -fomit-frame-pointer scan-tree-dump original "pow"
FAIL: gcc.dg/torture/builtin-pow-mpfr-1.c -O3 -g scan-tree-dump original "pow"
FAIL: gcc.dg/torture/builtin-pow-mpfr-1.c -Os scan-tree-dump original "pow"
=== gcc Summary ===
# of expected passes 45605
# of unexpected failures 26
# of expected failures 85
# of unresolved testcases 8
# of untested testcases 35
# of unsupported tests 352
/home/mstein/sim/trunk/mips-elf/build/gcc/xgcc version 4.3.0 20080204 (experimental) [trunk revision 132105] (GCC)
Compiler version: 4.3.0 20080204 (experimental) [trunk revision 132105] (GCC) gcc
Platform: mips-unknown-elf
configure flags: --target=mips-elf --prefix=/n/11/mstein/cross-local/mips-elf --enable-languages=c --disable-nls --disable-build-warnings --with-ld=/n/11/mstein/cross-local/mips-elf/bin/mips-elf-ld --with-as=/n/11/mstein/cross-local/mips-elf/bin/mips-elf-as --disable-libssp --with-mpfr=/n/11/mstein/mpfr-2.3.0