This is the mail archive of the gcc-testresults@gcc.gnu.org mailing list for the GCC project.


Index Nav: [Date Index] [Subject Index] [Author Index] [Thread Index]
Message Nav: [Date Prev] [Date Next] [Thread Prev] [Thread Next]
Other format: [Raw text]

Results for 4.2.3 testsuite on x86_64-unknown-linux-gnu


LAST_UPDATED: Obtained from SVN: tags/gcc_4_2_3_release revision 132046

                === acats tests ===
FAIL:   c55b04a

                === acats Summary ===
# of expected passes            2314
# of unexpected failures        1
Native configuration is x86_64-unknown-linux-gnu

                === gcc tests ===


Running target unix
UNRESOLVED: gcc.c-torture/execute/mayalias-2.c execution,  -O3 -g 
UNRESOLVED: gcc.dg/torture/fp-int-convert-float128-timode.c  -O0  compilation failed to produce executable
UNRESOLVED: gcc.dg/torture/fp-int-convert-float128-timode.c  -O1  compilation failed to produce executable
UNRESOLVED: gcc.dg/torture/fp-int-convert-float128-timode.c  -O2  compilation failed to produce executable
UNRESOLVED: gcc.dg/torture/fp-int-convert-float128-timode.c  -O3 -fomit-frame-pointer  compilation failed to produce executable
UNRESOLVED: gcc.dg/torture/fp-int-convert-float128-timode.c  -O3 -g  compilation failed to produce executable
UNRESOLVED: gcc.dg/torture/fp-int-convert-float128-timode.c  -Os  compilation failed to produce executable
UNRESOLVED: gcc.dg/torture/fp-int-convert-float128.c  -O0  compilation failed to produce executable
UNRESOLVED: gcc.dg/torture/fp-int-convert-float128.c  -O1  compilation failed to produce executable
UNRESOLVED: gcc.dg/torture/fp-int-convert-float128.c  -O2  compilation failed to produce executable
UNRESOLVED: gcc.dg/torture/fp-int-convert-float128.c  -O3 -fomit-frame-pointer  compilation failed to produce executable
UNRESOLVED: gcc.dg/torture/fp-int-convert-float128.c  -O3 -g  compilation failed to produce executable
UNRESOLVED: gcc.dg/torture/fp-int-convert-float128.c  -Os  compilation failed to produce executable

                === gcc Summary ===

# of expected passes            42325
# of expected failures          127
# of unresolved testcases       13
# of untested testcases         28
# of unsupported tests          404
/home/guerby/tmp/build/gcc/xgcc  version 4.2.3

                === gfortran tests ===


Running target unix
XPASS: gfortran.dg/csqrt_2.f  -O0  execution test
XPASS: gfortran.dg/csqrt_2.f  -O1  execution test
XPASS: gfortran.dg/csqrt_2.f  -O2  execution test
XPASS: gfortran.dg/csqrt_2.f  -O3 -fomit-frame-pointer  execution test
XPASS: gfortran.dg/csqrt_2.f  -O3 -fomit-frame-pointer -funroll-loops  execution test
XPASS: gfortran.dg/csqrt_2.f  -O3 -fomit-frame-pointer -funroll-all-loops -finline-functions  execution test
XPASS: gfortran.dg/csqrt_2.f  -O3 -g  execution test
XPASS: gfortran.dg/csqrt_2.f  -Os  execution test

                === gfortran Summary ===

# of expected passes            16278
# of unexpected successes       8
# of expected failures          7
# of unsupported tests          17
/home/guerby/tmp/build/gcc/testsuite/gfortran/../../gfortran  version 4.2.3

                === g++ tests ===


Running target unix
XPASS: g++.dg/tree-ssa/ivopts-1.C scan-tree-dump-not offset: -4B
XPASS: g++.dg/tree-ssa/ivopts-1.C scan-tree-dump-not &x\\[5\\]

                === g++ Summary ===

# of expected passes            13551
# of unexpected successes       2
# of expected failures          67
# of unsupported tests          106
/home/guerby/tmp/build/gcc/testsuite/g++/../../g++  version 4.2.3

                === gnat tests ===


Running target unix
FAIL: gnat.dg/frame_overflow.adb  (test for errors, line 12)
FAIL: gnat.dg/frame_overflow.adb  (test for errors, line 21)

                === gnat Summary ===

# of expected passes            40
# of unexpected failures        2
                === objc tests ===


Running target unix

                === objc Summary ===

# of expected passes            1806
# of expected failures          7
# of unsupported tests          24
/home/guerby/tmp/build/gcc/xgcc  version 4.2.3

                === libffi tests ===


Running target unix

                === libffi Summary ===

# of expected passes            1084
# of unsupported tests          8
                === libgomp tests ===


Running target unix

                === libgomp Summary ===

# of expected passes            1574
                === libjava tests ===


Running target unix
FAIL: SyncTest execution - gij test
FAIL: SyncTest execution - gij test

                === libjava Summary ===

# of expected passes            7002
# of unexpected failures        2
# of expected failures          12
# of untested testcases         10
                === libmudflap tests ===


Running target unix

                === libmudflap Summary ===

# of expected passes            1814
                === libstdc++ tests ===


Running target unix
FAIL: abi_check
XPASS: 26_numerics/cmath/c99_classification_macros_c.cc (test for excess errors)
XPASS: 27_io/fpos/14320-1.cc execution test

                === libstdc++ Summary ===

# of expected passes            3851
# of unexpected failures        1
# of unexpected successes       2
# of expected failures          14
# of unsupported tests          316

Compiler version: 4.2.3 
Platform: x86_64-unknown-linux-gnu
configure flags: --prefix=/n/11/guerby/release/4.2.3 --enable-__cxa_atexit --disable-nls --enable-threads=posix --disable-multilib --enable-languages=c,ada,c++,fortran,java,objc



Index Nav: [Date Index] [Subject Index] [Author Index] [Thread Index]
Message Nav: [Date Prev] [Date Next] [Thread Prev] [Thread Next]