This is the mail archive of the
gcc-testresults@gcc.gnu.org
mailing list for the GCC project.
Results for 4.3.0 20080202 (experimental) [trunk revision 132068] (GCC) testsuite on x86_64-unknown-linux-gnu
- From: Weidong Cui <mason dot cui at gmail dot com>
- To: gcc-testresults at gcc dot gnu dot org
- Date: Sat, 02 Feb 2008 18:35:24 -0800 (PST)
- Subject: Results for 4.3.0 20080202 (experimental) [trunk revision 132068] (GCC) testsuite on x86_64-unknown-linux-gnu
LAST_UPDATED: Sat Feb 2 13:08:33 UTC 2008 (revision 132068)
Native configuration is x86_64-unknown-linux-gnu
=== gcc tests ===
Running target unix
=== gcc Summary ===
# of expected passes 48623
# of expected failures 166
# of untested testcases 35
# of unsupported tests 373
/home/cuiwd/gcc/build/gcc/xgcc version 4.3.0 20080202 (experimental) [trunk revision 132068] (GCC)
=== gfortran tests ===
Running target unix
=== gfortran Summary ===
# of expected passes 23684
# of expected failures 3
# of unsupported tests 18
/home/cuiwd/gcc/build/gcc/testsuite/gfortran/../../gfortran version 4.3.0 20080202 (experimental) [trunk revision 132068] (GCC)
=== g++ tests ===
Running target unix
=== g++ Summary ===
# of expected passes 17338
# of expected failures 82
# of unsupported tests 118
/home/cuiwd/gcc/build/gcc/testsuite/g++/../../g++ version 4.3.0 20080202 (experimental) [trunk revision 132068] (GCC)
=== objc tests ===
Running target unix
=== objc Summary ===
# of expected passes 1812
# of expected failures 7
# of unsupported tests 24
/home/cuiwd/gcc/build/gcc/xgcc version 4.3.0 20080202 (experimental) [trunk revision 132068] (GCC)
=== libffi tests ===
Running target unix
=== libffi Summary ===
# of expected passes 1389
# of unsupported tests 10
=== libgomp tests ===
Running target unix
=== libgomp Summary ===
# of expected passes 1693
=== libjava tests ===
Running target unix
=== libjava Summary ===
# of expected passes 2550
=== libmudflap tests ===
Running target unix
FAIL: libmudflap.c++/pass41-frag.cxx execution test
FAIL: libmudflap.c++/pass41-frag.cxx (-static) execution test
FAIL: libmudflap.c++/pass41-frag.cxx ( -O) execution test
FAIL: libmudflap.c++/pass41-frag.cxx (-O2) execution test
FAIL: libmudflap.c++/pass41-frag.cxx (-O3) execution test
=== libmudflap Summary ===
# of expected passes 1844
# of unexpected failures 5
=== libstdc++ tests ===
Running target unix
FAIL: abi_check
XPASS: 26_numerics/headers/cmath/c99_classification_macros_c.cc (test for excess errors)
XPASS: 27_io/fpos/14320-1.cc execution test
=== libstdc++ Summary ===
# of expected passes 4962
# of unexpected failures 1
# of unexpected successes 2
# of expected failures 60
# of unsupported tests 326
Compiler version: 4.3.0 20080202 (experimental) [trunk revision 132068] (GCC)
Platform: x86_64-unknown-linux-gnu
configure flags: --prefix=/home/cuiwd/gcc/ins --with-gnu-as --with-as=/home/cuiwd/gcc/binutils/bin/as --with-gnu-ld --with-ld=/home/cuiwd/gcc/binutils/bin/ld --with-mpfr=/home/cuiwd/gcc/mpfr --with-gmp=/home/cuiwd/gcc/gmp --enable-clocale=gnu --with-system-zlib --enable-shared --enable-threads=posix --enable-nls --enable-checking=assert --enable-__cxa_atexit --enable-languages=c,c++,fortran,java,objc --no-create --no-recursion