This is the mail archive of the gcc-testresults@gcc.gnu.org mailing list for the GCC project.


Index Nav: [Date Index] [Subject Index] [Author Index] [Thread Index]
Message Nav: [Date Prev] [Date Next] [Thread Prev] [Thread Next]
Other format: [Raw text]

Results for 4.2.3 gcc testsuite on mips-unknown-elf


Debian 4 on x86_64
cross tool versions:
GNU assembler (GNU Binutils) 2.18.50.20080128
GNU gdb 6.7.50.20080127-cvs
GNU ld (GNU Binutils) 2.18.50.20080128

GNU Make 3.81
expect version 5.43.0
host gcc version: gcc (GCC) 4.3.0 20080201 (experimental) [trunk revision 132053]
LAST_UPDATED: Fri Feb  1 23:04:01 UTC 2008 (revision 132053)

Target is mips-unknown-elf
Host   is x86_64-unknown-linux-gnu

		=== gcc tests ===


Running target mips-sim
WARNING: program timed out.
FAIL: gcc.c-torture/compile/20001226-1.c  -O3 -fomit-frame-pointer  (test for excess errors)
WARNING: program timed out.
FAIL: gcc.c-torture/compile/20001226-1.c  -O3 -g  (test for excess errors)
WARNING: program timed out.
FAIL: gcc.c-torture/compile/20001226-1.c  -Os  (test for excess errors)
UNRESOLVED: gcc.c-torture/execute/mayalias-2.c execution,  -O3 -g 
XPASS: gcc.dg/tree-ssa/20040204-1.c scan-tree-dump-times link_error 0

		=== gcc Summary ===

# of expected passes		40840
# of unexpected failures	3
# of unexpected successes	1
# of expected failures		78
# of unresolved testcases	1
# of untested testcases		28
# of unsupported tests		376
/home/mstein/sim/gcc-4_2-branch/mips-elf/build/gcc/xgcc  version 4.2.3


Compiler version: 4.2.3 gcc 
Platform: mips-unknown-elf
configure flags: --target=mips-elf --prefix=/n/11/mstein/cross-local/mips-elf --disable-nls --disable-build-warnings --with-ld=/n/11/mstein/cross-local/mips-elf/bin/mips-elf-ld --with-as=/n/11/mstein/cross-local/mips-elf/bin/mips-elf-as --disable-libssp --enable-languages=c


Index Nav: [Date Index] [Subject Index] [Author Index] [Thread Index]
Message Nav: [Date Prev] [Date Next] [Thread Prev] [Thread Next]