This is the mail archive of the gcc-testresults@gcc.gnu.org mailing list for the GCC project.


Index Nav: [Date Index] [Subject Index] [Author Index] [Thread Index]
Message Nav: [Date Prev] [Date Next] [Thread Prev] [Thread Next]
Other format: [Raw text]

Results for 4.2.3 gcc testsuite on avr-unknown-none


Debian 4 on x86_64
cross tool versions:
GNU assembler (GNU Binutils) 2.18.50.20080130
GNU gdb 6.7.50-20071006-cvs
GNU ld (GNU Binutils) 2.18.50.20080130

GNU Make 3.81
expect version 5.43.0
host gcc version: gcc (GCC) 4.3.0 20080201 (experimental) [trunk revision 132053]
LAST_UPDATED: Fri Feb  1 23:04:01 UTC 2008 (revision 132053)

Target is avr-unknown-none
Host   is x86_64-unknown-linux-gnu

		=== gcc tests ===


Running target atmega128-sim
WARNING: program timed out.
FAIL: gcc.c-torture/compile/20001226-1.c  -O2  (test for excess errors)
WARNING: program timed out.
FAIL: gcc.c-torture/compile/20001226-1.c  -O3 -fomit-frame-pointer  (test for excess errors)
WARNING: program timed out.
FAIL: gcc.c-torture/compile/20001226-1.c  -O3 -g  (test for excess errors)
WARNING: program timed out.
FAIL: gcc.c-torture/compile/20001226-1.c  -Os  (test for excess errors)
FAIL: gcc.c-torture/compile/20010226-1.c  -O0  (internal compiler error)
FAIL: gcc.c-torture/compile/20010226-1.c  -O0  (test for excess errors)
FAIL: gcc.c-torture/compile/20010226-1.c  -O1  (internal compiler error)
FAIL: gcc.c-torture/compile/20010226-1.c  -O1  (test for excess errors)
FAIL: gcc.c-torture/compile/20010226-1.c  -O2  (internal compiler error)
FAIL: gcc.c-torture/compile/20010226-1.c  -O2  (test for excess errors)
FAIL: gcc.c-torture/compile/20010226-1.c  -O3 -fomit-frame-pointer  (internal compiler error)
FAIL: gcc.c-torture/compile/20010226-1.c  -O3 -fomit-frame-pointer  (test for excess errors)
FAIL: gcc.c-torture/compile/20010226-1.c  -O3 -g  (internal compiler error)
FAIL: gcc.c-torture/compile/20010226-1.c  -O3 -g  (test for excess errors)
FAIL: gcc.c-torture/compile/20010226-1.c  -Os  (internal compiler error)
FAIL: gcc.c-torture/compile/20010226-1.c  -Os  (test for excess errors)
FAIL: gcc.c-torture/compile/20010327-1.c  -O0  (test for excess errors)
FAIL: gcc.c-torture/compile/20010327-1.c  -O1  (test for excess errors)
FAIL: gcc.c-torture/compile/20010327-1.c  -O2  (test for excess errors)
FAIL: gcc.c-torture/compile/20010327-1.c  -O3 -fomit-frame-pointer  (test for excess errors)
FAIL: gcc.c-torture/compile/20010327-1.c  -O3 -g  (test for excess errors)
FAIL: gcc.c-torture/compile/20010327-1.c  -Os  (test for excess errors)
FAIL: gcc.c-torture/compile/20020604-1.c  -O0  (test for excess errors)
FAIL: gcc.c-torture/compile/20020604-1.c  -O1  (test for excess errors)
FAIL: gcc.c-torture/compile/20020604-1.c  -O2  (test for excess errors)
FAIL: gcc.c-torture/compile/20020604-1.c  -O3 -fomit-frame-pointer  (test for excess errors)
FAIL: gcc.c-torture/compile/20020604-1.c  -O3 -fomit-frame-pointer -funroll-loops  (test for excess errors)
FAIL: gcc.c-torture/compile/20020604-1.c  -O3 -fomit-frame-pointer -funroll-all-loops -finline-functions  (test for excess errors)
FAIL: gcc.c-torture/compile/20020604-1.c  -O3 -g  (test for excess errors)
FAIL: gcc.c-torture/compile/20020604-1.c  -Os  (test for excess errors)
FAIL: gcc.c-torture/compile/20050122-2.c  -O0  (internal compiler error)
FAIL: gcc.c-torture/compile/20050122-2.c  -O0  (test for excess errors)
FAIL: gcc.c-torture/compile/20050122-2.c  -O1  (internal compiler error)
FAIL: gcc.c-torture/compile/20050122-2.c  -O1  (test for excess errors)
FAIL: gcc.c-torture/compile/20050122-2.c  -O2  (internal compiler error)
FAIL: gcc.c-torture/compile/20050122-2.c  -O2  (test for excess errors)
FAIL: gcc.c-torture/compile/20050122-2.c  -O3 -fomit-frame-pointer  (internal compiler error)
FAIL: gcc.c-torture/compile/20050122-2.c  -O3 -fomit-frame-pointer  (test for excess errors)
FAIL: gcc.c-torture/compile/20050122-2.c  -O3 -g  (internal compiler error)
FAIL: gcc.c-torture/compile/20050122-2.c  -O3 -g  (test for excess errors)
FAIL: gcc.c-torture/compile/20050122-2.c  -Os  (internal compiler error)
FAIL: gcc.c-torture/compile/20050122-2.c  -Os  (test for excess errors)
FAIL: gcc.c-torture/compile/nested-1.c  -O0  (internal compiler error)
FAIL: gcc.c-torture/compile/nested-1.c  -O0  (test for excess errors)
FAIL: gcc.c-torture/compile/nested-1.c  -O1  (internal compiler error)
FAIL: gcc.c-torture/compile/nested-1.c  -O1  (test for excess errors)
FAIL: gcc.c-torture/compile/nested-1.c  -O2  (internal compiler error)
FAIL: gcc.c-torture/compile/nested-1.c  -O2  (test for excess errors)
FAIL: gcc.c-torture/compile/nested-1.c  -O3 -fomit-frame-pointer  (internal compiler error)
FAIL: gcc.c-torture/compile/nested-1.c  -O3 -fomit-frame-pointer  (test for excess errors)
FAIL: gcc.c-torture/compile/nested-1.c  -O3 -g  (internal compiler error)
FAIL: gcc.c-torture/compile/nested-1.c  -O3 -g  (test for excess errors)
FAIL: gcc.c-torture/compile/nested-1.c  -Os  (internal compiler error)
FAIL: gcc.c-torture/compile/nested-1.c  -Os  (test for excess errors)
FAIL: gcc.c-torture/compile/pr27889.c  -O0  (internal compiler error)
FAIL: gcc.c-torture/compile/pr27889.c  -O0  (test for excess errors)
FAIL: gcc.c-torture/compile/pr27889.c  -O1  (internal compiler error)
FAIL: gcc.c-torture/compile/pr27889.c  -O1  (test for excess errors)
FAIL: gcc.c-torture/compile/pr27889.c  -O2  (internal compiler error)
FAIL: gcc.c-torture/compile/pr27889.c  -O2  (test for excess errors)
FAIL: gcc.c-torture/compile/pr27889.c  -O3 -fomit-frame-pointer  (internal compiler error)
FAIL: gcc.c-torture/compile/pr27889.c  -O3 -fomit-frame-pointer  (test for excess errors)
FAIL: gcc.c-torture/compile/pr27889.c  -O3 -g  (internal compiler error)
FAIL: gcc.c-torture/compile/pr27889.c  -O3 -g  (test for excess errors)
FAIL: gcc.c-torture/compile/pr27889.c  -Os  (internal compiler error)
FAIL: gcc.c-torture/compile/pr27889.c  -Os  (test for excess errors)
ERROR: tcl error sourcing /n/11/mstein/svn/gcc-4_2-branch/gcc/testsuite/gcc.c-torture/execute/builtins/builtins.exp.
ERROR: simulate binary /home/mstein/sim/gcc-4_2-branch/avr/build/gcc/testsuite/gcc/snprintf-chk.x1 with atmega128 configuration
ERROR: tcl error sourcing /n/11/mstein/svn/gcc-4_2-branch/gcc/testsuite/gcc.c-torture/execute/execute.exp.
ERROR: simulate binary /home/mstein/sim/gcc-4_2-branch/avr/build/gcc/testsuite/gcc/20000112-1.x0 with atmega128 configuration
ERROR: tcl error sourcing /n/11/mstein/svn/gcc-4_2-branch/gcc/testsuite/gcc.c-torture/execute/ieee/ieee.exp.
ERROR: simulate binary /home/mstein/sim/gcc-4_2-branch/avr/build/gcc/testsuite/gcc/20001122-1.x0 with atmega128 configuration
FAIL: gcc.c-torture/unsorted/dump-noaddr.c.001t.tu,  -O1  comparison
FAIL: gcc.c-torture/unsorted/dump-noaddr.c.001t.tu,  -O2  comparison
FAIL: gcc.c-torture/unsorted/dump-noaddr.c.001t.tu,  -O3 -fomit-frame-pointer  comparison
FAIL: gcc.c-torture/unsorted/dump-noaddr.c.001t.tu,  -O3 -fomit-frame-pointer -funroll-loops  comparison
FAIL: gcc.c-torture/unsorted/dump-noaddr.c.001t.tu,  -O3 -fomit-frame-pointer -funroll-all-loops -finline-functions  comparison
FAIL: gcc.c-torture/unsorted/dump-noaddr.c.001t.tu,  -O3 -g  comparison
FAIL: gcc.c-torture/unsorted/dump-noaddr.c.001t.tu,  -Os  comparison
FAIL: gcc.dg/compat/scalar-by-value-1 c_compat_x_tst.o-c_compat_y_tst.o execute 
FAIL: gcc.dg/compat/scalar-by-value-3 c_compat_x_tst.o-c_compat_y_tst.o link
UNRESOLVED: gcc.dg/compat/scalar-by-value-3 c_compat_x_tst.o-c_compat_y_tst.o execute 
FAIL: gcc.dg/compat/scalar-by-value-5 c_compat_x_tst.o-c_compat_y_tst.o execute 
FAIL: gcc.dg/compat/scalar-return-1 c_compat_x_tst.o-c_compat_y_tst.o execute 
FAIL: gcc.dg/compat/scalar-return-3 c_compat_x_tst.o-c_compat_y_tst.o execute 
FAIL: gcc.dg/compat/struct-by-value-10 c_compat_x_tst.o-c_compat_y_tst.o link
UNRESOLVED: gcc.dg/compat/struct-by-value-10 c_compat_x_tst.o-c_compat_y_tst.o execute 
FAIL: gcc.dg/compat/struct-by-value-11 c_compat_x_tst.o-c_compat_y_tst.o link
UNRESOLVED: gcc.dg/compat/struct-by-value-11 c_compat_x_tst.o-c_compat_y_tst.o execute 
FAIL: gcc.dg/compat/struct-by-value-12 c_compat_x_tst.o-c_compat_y_tst.o link
UNRESOLVED: gcc.dg/compat/struct-by-value-12 c_compat_x_tst.o-c_compat_y_tst.o execute 
FAIL: gcc.dg/compat/struct-by-value-13 c_compat_x_tst.o-c_compat_y_tst.o link
UNRESOLVED: gcc.dg/compat/struct-by-value-13 c_compat_x_tst.o-c_compat_y_tst.o execute 
FAIL: gcc.dg/compat/struct-by-value-14 c_compat_x_tst.o-c_compat_y_tst.o link
UNRESOLVED: gcc.dg/compat/struct-by-value-14 c_compat_x_tst.o-c_compat_y_tst.o execute 
FAIL: gcc.dg/compat/struct-by-value-15 c_compat_x_tst.o-c_compat_y_tst.o link
UNRESOLVED: gcc.dg/compat/struct-by-value-15 c_compat_x_tst.o-c_compat_y_tst.o execute 
FAIL: gcc.dg/compat/struct-by-value-16 c_compat_x_tst.o-c_compat_y_tst.o link
UNRESOLVED: gcc.dg/compat/struct-by-value-16 c_compat_x_tst.o-c_compat_y_tst.o execute 
FAIL: gcc.dg/compat/struct-by-value-17 c_compat_x_tst.o-c_compat_y_tst.o link
UNRESOLVED: gcc.dg/compat/struct-by-value-17 c_compat_x_tst.o-c_compat_y_tst.o execute 
FAIL: gcc.dg/compat/struct-by-value-18 c_compat_x_tst.o-c_compat_y_tst.o link
UNRESOLVED: gcc.dg/compat/struct-by-value-18 c_compat_x_tst.o-c_compat_y_tst.o execute 
FAIL: gcc.dg/compat/struct-by-value-19 c_compat_x_tst.o-c_compat_y_tst.o link
UNRESOLVED: gcc.dg/compat/struct-by-value-19 c_compat_x_tst.o-c_compat_y_tst.o execute 
ERROR: tcl error sourcing /n/11/mstein/svn/gcc-4_2-branch/gcc/testsuite/gcc.dg/compat/compat.exp.
ERROR: simulate binary ./gcc-dg-compat-struct-by-value-1-01 with atmega128 configuration
FAIL: tmpdir-gcc.dg-struct-layout-1/t001 c_compat_main_tst.o compile
FAIL: tmpdir-gcc.dg-struct-layout-1/t001 c_compat_x_tst.o compile
FAIL: tmpdir-gcc.dg-struct-layout-1/t001 c_compat_y_tst.o compile
ERROR: tcl error sourcing /n/11/mstein/svn/gcc-4_2-branch/gcc/testsuite/gcc.dg/compat/struct-layout-1.exp.
ERROR: simulate binary ./tmpdir-gcc-dg-struct-layout-1-t001-01 with atmega128 configuration
ERROR: tcl error sourcing /n/11/mstein/svn/gcc-4_2-branch/gcc/testsuite/gcc.dg/cpp/cpp.exp.
ERROR: simulate binary ./19990407-1.exe with atmega128 configuration
ERROR: tcl error sourcing /n/11/mstein/svn/gcc-4_2-branch/gcc/testsuite/gcc.dg/cpp/trad/trad.exp.
ERROR: simulate binary ./builtins.exe with atmega128 configuration
ERROR: tcl error sourcing /n/11/mstein/svn/gcc-4_2-branch/gcc/testsuite/gcc.dg/debug/debug.exp.
ERROR: simulate binary ./20020220-1.exe with atmega128 configuration
ERROR: tcl error sourcing /n/11/mstein/svn/gcc-4_2-branch/gcc/testsuite/gcc.dg/dg.exp.
ERROR: simulate binary ./20000108-1.exe with atmega128 configuration
FAIL: gcc.dg/noncompile/pr16876.c  -O0   (test for errors, line 10)
FAIL: gcc.dg/noncompile/pr16876.c  -O0  (test for excess errors)
FAIL: gcc.dg/noncompile/pr16876.c  -O1   (test for errors, line 10)
FAIL: gcc.dg/noncompile/pr16876.c  -O1  (test for excess errors)
FAIL: gcc.dg/noncompile/pr16876.c  -O2   (test for errors, line 10)
FAIL: gcc.dg/noncompile/pr16876.c  -O2  (test for excess errors)
FAIL: gcc.dg/noncompile/pr16876.c  -O3 -fomit-frame-pointer   (test for errors, line 10)
FAIL: gcc.dg/noncompile/pr16876.c  -O3 -fomit-frame-pointer  (test for excess errors)
FAIL: gcc.dg/noncompile/pr16876.c  -O3 -g   (test for errors, line 10)
FAIL: gcc.dg/noncompile/pr16876.c  -O3 -g  (test for excess errors)
FAIL: gcc.dg/noncompile/pr16876.c  -Os   (test for errors, line 10)
FAIL: gcc.dg/noncompile/pr16876.c  -Os  (test for excess errors)
FAIL: gcc.dg/pch/save-temps-1.c -O0 -g assembly comparison
FAIL: gcc.dg/pch/save-temps-1.c  -O0  assembly comparison
FAIL: gcc.dg/pch/static-1.c -O0 -g assembly comparison
FAIL: gcc.dg/pch/static-1.c  -O0  assembly comparison
FAIL: gcc.dg/pch/static-2.c -O0 -g assembly comparison
FAIL: gcc.dg/pch/static-2.c  -O0  assembly comparison
FAIL: gcc.dg/pch/static-3.c -O0 -g assembly comparison
FAIL: gcc.dg/pch/static-3.c  -O0  assembly comparison
ERROR: tcl error sourcing /n/11/mstein/svn/gcc-4_2-branch/gcc/testsuite/gcc.dg/special/special.exp.
ERROR: simulate binary ./alias-2.exe with atmega128 configuration
ERROR: tcl error sourcing /n/11/mstein/svn/gcc-4_2-branch/gcc/testsuite/gcc.dg/torture/dg-torture.exp.
ERROR: simulate binary ./badshift.exe with atmega128 configuration
FAIL: gcc.dg/tree-prof/inliner-1.c compilation,  -fprofile-generate
UNRESOLVED: gcc.dg/tree-prof/inliner-1.c execution,    -fprofile-generate
UNRESOLVED: gcc.dg/tree-prof/inliner-1.c compilation,  -fprofile-use
UNRESOLVED: gcc.dg/tree-prof/inliner-1.c execution,    -fprofile-use
ERROR: tcl error sourcing /n/11/mstein/svn/gcc-4_2-branch/gcc/testsuite/gcc.dg/tree-prof/tree-prof.exp.
ERROR: simulate binary /home/mstein/sim/gcc-4_2-branch/avr/build/gcc/testsuite/gcc/update-cunroll-2.x01 with atmega128 configuration
FAIL: gcc.dg/tree-ssa/20030730-1.c scan-tree-dump-times if  0
FAIL: gcc.dg/tree-ssa/20030730-2.c scan-tree-dump-times if  0
ERROR: tcl error sourcing /n/11/mstein/svn/gcc-4_2-branch/gcc/testsuite/gcc.dg/tree-ssa/tree-ssa.exp.
ERROR: simulate binary ./20040121-1.exe with atmega128 configuration
ERROR: tcl error sourcing /n/11/mstein/svn/gcc-4_2-branch/gcc/testsuite/gcc.dg/weak/weak.exp.
ERROR: simulate binary ./weak-14.exe with atmega128 configuration
FAIL: gcc.misc-tests/bprob-1.c compilation,  -fprofile-arcs
UNRESOLVED: gcc.misc-tests/bprob-1.c execution,    -fprofile-arcs
UNRESOLVED: gcc.misc-tests/bprob-1.c compilation,  -fbranch-probabilities
UNRESOLVED: gcc.misc-tests/bprob-1.c execution,    -fbranch-probabilities
ERROR: tcl error sourcing /n/11/mstein/svn/gcc-4_2-branch/gcc/testsuite/gcc.misc-tests/bprob.exp.
ERROR: simulate binary /home/mstein/sim/gcc-4_2-branch/avr/build/gcc/testsuite/gcc/bprob-2.x01 with atmega128 configuration
FAIL: compiler driver --coverage option(s) (linker options)

		=== gcc Summary ===

# of expected passes		13755
# of unexpected failures	116
# of expected failures		15
# of unresolved testcases	17
# of untested testcases		42
# of unsupported tests		215
/home/mstein/sim/gcc-4_2-branch/avr/build/gcc/xgcc  version 4.2.3


Compiler version: 4.2.3 gcc 
Platform: avr-unknown-none
configure flags: --target=avr --prefix=/n/11/mstein/cross-local/avr --disable-nls --disable-build-warnings --with-ld=/n/11/mstein/cross-local/avr/bin/avr-ld --with-as=/n/11/mstein/cross-local/avr/bin/avr-as --disable-libssp --enable-languages=c


Index Nav: [Date Index] [Subject Index] [Author Index] [Thread Index]
Message Nav: [Date Prev] [Date Next] [Thread Prev] [Thread Next]