This is the mail archive of the gcc-testresults@gcc.gnu.org mailing list for the GCC project.


Index Nav: [Date Index] [Subject Index] [Author Index] [Thread Index]
Message Nav: [Date Prev] [Date Next] [Thread Prev] [Thread Next]
Other format: [Raw text]

Results for 4.3.0 20080201 (experimental) (GCC) testsuite on powerpc-unknown-linux-gnu


LAST_UPDATED: 
Target is powerpc-unknown-linux-gnu
Host   is x86_64-unknown-linux-gnu

		=== g++ tests ===


Running target reg_e300c3_ssh
ERROR: g++.dg/other/spu2vmx-1.C: syntax error in target selector "target target powerpc-*-*spe*" for " dg-skip-if 3 "" { target powerpc-*-*spe* } { "*" } { } "
UNRESOLVED: g++.dg/other/spu2vmx-1.C: syntax error in target selector "target target powerpc-*-*spe*" for " dg-skip-if 3 "" { target powerpc-*-*spe* } { "*" } { } "

		=== g++ Summary ===

# of expected passes		17413
# of expected failures		82
# of unresolved testcases	1
# of unsupported tests		126
/tmp/edmar/build_cde/job_30/obj_gcc/gcc/testsuite/g++/../../g++  version 4.3.0 20080201 (experimental) (GCC) 

Host   is x86_64-unknown-linux-gnu

		=== gcc tests ===


Running target reg_e300c3_ssh
FAIL: gcc.c-torture/compile/20071117-1.c  -O0  (internal compiler error)
FAIL: gcc.c-torture/compile/20071117-1.c  -O0  (test for excess errors)
FAIL: gcc.dg/memcpy-1.c scan-tree-dump-times optimized "nasty_local" 0
FAIL: gcc.dg/pr34856.c (test for excess errors)
FAIL: gcc.dg/vect/costmodel/ppc/costmodel-vect-31d.c scan-tree-dump-times vect "vectorization not profitable" 1
FAIL: gcc.dg/vect/costmodel/ppc/costmodel-vect-31d.c scan-tree-dump-times vect "vectorized 1 loops" 0
FAIL: gcc.dg/vect/costmodel/ppc/costmodel-vect-68d.c scan-tree-dump-times vect "vectorization not profitable" 1
FAIL: gcc.dg/vect/costmodel/ppc/costmodel-vect-68d.c scan-tree-dump-times vect "vectorized 1 loops" 0
FAIL: gcc.dg/vect/pr33953.c scan-tree-dump-times vect "vectorized 1 loops" 1
FAIL: gcc.dg/vect/pr33953.c scan-tree-dump-times vect "vectorizing stmts using SLP" 1
FAIL: gcc.dg/vect/vect-64.c (internal compiler error)
FAIL: gcc.dg/vect/vect-64.c (test for excess errors)
UNRESOLVED: gcc.dg/vect/vect-64.c compilation failed to produce executable
FAIL: gcc.dg/vect/no-scevccp-outer-10.c execution test
FAIL: gcc.dg/vect/no-scevccp-outer-10a.c execution test
FAIL: gcc.dg/vect/no-scevccp-outer-10b.c execution test
FAIL: gcc.dg/vect/no-scevccp-outer-11.c execution test
FAIL: gcc.dg/vect/no-scevccp-outer-12.c execution test
FAIL: gcc.dg/vect/no-scevccp-outer-15.c execution test
FAIL: gcc.dg/vect/no-scevccp-outer-22.c execution test
FAIL: gcc.dg/vect/no-scevccp-outer-8.c execution test
FAIL: gcc.dg/vect/no-scevccp-noreassoc-outer-3.c execution test
ERROR: gcc.target/powerpc/ppu-intrinsics.c: unknown dg option: dg-fail-if 2 {} { "powerpc-*-*spe*" } { "*" } { "" } for " dg-fail-if 2 "" { "powerpc-*-*spe*" } { "*" } { "" } "
UNRESOLVED: gcc.target/powerpc/ppu-intrinsics.c: unknown dg option: dg-fail-if 2 {} { "powerpc-*-*spe*" } { "*" } { "" } for " dg-fail-if 2 "" { "powerpc-*-*spe*" } { "*" } { "" } "

		=== gcc Summary ===

# of expected passes		48264
# of unexpected failures	21
# of expected failures		169
# of unresolved testcases	2
# of untested testcases		35
# of unsupported tests		392
/tmp/edmar/build_cde/job_30/obj_gcc/gcc/xgcc  version 4.3.0 20080201 (experimental) (GCC) 

Host   is x86_64-unknown-linux-gnu

		=== gfortran tests ===


Running target reg_e300c3_ssh
FAIL: gfortran.dg/fmt_l.f90  -O0  output pattern test, is At line 14 of file /tmp/edmar/build_cde/job_30/gcc/gcc/testsuite/gfortran.dg/fmt_l.f90
FAIL: gfortran.dg/fmt_l.f90  -O1  output pattern test, is At line 14 of file /tmp/edmar/build_cde/job_30/gcc/gcc/testsuite/gfortran.dg/fmt_l.f90
FAIL: gfortran.dg/fmt_l.f90  -O2  output pattern test, is At line 14 of file /tmp/edmar/build_cde/job_30/gcc/gcc/testsuite/gfortran.dg/fmt_l.f90
FAIL: gfortran.dg/fmt_l.f90  -O3 -fomit-frame-pointer  output pattern test, is At line 14 of file /tmp/edmar/build_cde/job_30/gcc/gcc/testsuite/gfortran.dg/fmt_l.f90
FAIL: gfortran.dg/fmt_l.f90  -O3 -fomit-frame-pointer -funroll-loops  output pattern test, is At line 14 of file /tmp/edmar/build_cde/job_30/gcc/gcc/testsuite/gfortran.dg/fmt_l.f90
FAIL: gfortran.dg/fmt_l.f90  -O3 -fomit-frame-pointer -funroll-all-loops -finline-functions  output pattern test, is At line 14 of file /tmp/edmar/build_cde/job_30/gcc/gcc/testsuite/gfortran.dg/fmt_l.f90
FAIL: gfortran.dg/fmt_l.f90  -O3 -g  output pattern test, is At line 14 of file /tmp/edmar/build_cde/job_30/gcc/gcc/testsuite/gfortran.dg/fmt_l.f90
FAIL: gfortran.dg/fmt_l.f90  -Os  output pattern test, is At line 14 of file /tmp/edmar/build_cde/job_30/gcc/gcc/testsuite/gfortran.dg/fmt_l.f90
XPASS: gfortran.dg/nint_2.f90  -O1  execution test
XPASS: gfortran.dg/nint_2.f90  -O2  execution test
XPASS: gfortran.dg/nint_2.f90  -O3 -fomit-frame-pointer  execution test
XPASS: gfortran.dg/nint_2.f90  -O3 -fomit-frame-pointer -funroll-loops  execution test
XPASS: gfortran.dg/nint_2.f90  -O3 -fomit-frame-pointer -funroll-all-loops -finline-functions  execution test
XPASS: gfortran.dg/nint_2.f90  -O3 -g  execution test
XPASS: gfortran.dg/nint_2.f90  -Os  execution test

		=== gfortran Summary ===

# of expected passes		23604
# of unexpected failures	8
# of unexpected successes	7
# of expected failures		28
# of unsupported tests		37
/tmp/edmar/build_cde/job_30/obj_gcc/gcc/testsuite/gfortran/../../gfortran  version 4.3.0 20080201 (experimental) (GCC) 


Compiler version: 4.3.0 20080201 (experimental) (GCC) 
Platform: powerpc-unknown-linux-gnu
configure flags: --target=powerpc-unknown-linux-gnu --prefix=/_TOOLS_/dist/gnu_toolchain/regression-gcc-trunk-e300c3/i686-pc-linux2.4 --with-sysroot=/_TOOLS_/dist/gnu_toolchain/regression-gcc-trunk-e300c3/i686-pc-linux2.4/sysroot --disable-libssp --disable-libmudflap --enable-languages=c,c++ --with-gmp=/_TOOLS_/dist/gnu_toolchain/build_support-x86_64-unknown-linux-gnu/install_gmp-4.1.4 --with-mpfr=/_TOOLS_/dist/gnu_toolchain/build_support-x86_64-unknown-linux-gnu/install_mpfr-2.3.0 --with-cpu=e300c3 --disable-decimal-float --enable-languages=c,c++,fortran


Index Nav: [Date Index] [Subject Index] [Author Index] [Thread Index]
Message Nav: [Date Prev] [Date Next] [Thread Prev] [Thread Next]