This is the mail archive of the
gcc-testresults@gcc.gnu.org
mailing list for the GCC project.
Results for 4.3.0 20080130 (experimental) (GCC) testsuite on i686-pc-linux-gnu
- From: "John Pavel" <jrp at dial dot pipex dot com>
- To: <gcc-testresults at gcc dot gnu dot org>
- Date: Wed, 30 Jan 2008 19:27:27 -0000
- Subject: Results for 4.3.0 20080130 (experimental) (GCC) testsuite on i686-pc-linux-gnu
LAST_UPDATED:
Native configuration is i686-pc-linux-gnu
=== gcc tests ===
Running target unix
FAIL: gcc.c-torture/execute/20050316-2.c execution, -O0
FAIL: gcc.c-torture/execute/20050316-2.c execution, -O1
FAIL: gcc.c-torture/execute/pr34982.c execution, -O0
FAIL: gcc.c-torture/execute/pr34982.c execution, -O1
FAIL: gcc.dg/compat/vector-2 c_compat_x_tst.o-c_compat_y_tst.o execute
XPASS: gcc.dg/cpp/cmdlne-dI-M.c scan-file
(^|\\\\n)cmdlne-dI-M.*:[^\\\\n]*cmdlne-dI-M.c
XPASS: gcc.dg/cpp/cmdlne-dM-M.c scan-file
(^|\\\\n)cmdlne-dM-M[^\\\\n]*:[^\\\\n]*cmdlne-dM-M.c
FAIL: gcc.dg/builtin-apply4.c execution test
FAIL: gcc.dg/tree-ssa/gen-vect-11.c scan-tree-dump-times vect "vectorized 1
loops" 1
FAIL: gcc.dg/tree-ssa/gen-vect-11c.c scan-tree-dump-times vect "vectorized 0
loops" 1
FAIL: gcc.dg/tree-ssa/gen-vect-2.c scan-tree-dump-times vect "Vectorizing an
unaligned access" 0
FAIL: gcc.dg/tree-ssa/gen-vect-32.c scan-tree-dump-times vect "vectorized 1
loops" 1
FAIL: gcc.dg/vect/vect-iv-9.c scan-tree-dump-times vect "vectorized 1 loops"
2
FAIL: gcc.target/i386/pr17390.c scan-assembler-times fnstsw 1
=== gcc Summary ===
# of expected passes 48722
# of unexpected failures 12
# of unexpected successes 2
# of expected failures 165
# of untested testcases 35
# of unsupported tests 269
/home/jrp/build/gcc/xgcc version 4.3.0 20080130 (experimental) (GCC)
=== gfortran tests ===
Running target unix
=== gfortran Summary ===
# of expected passes 23684
# of expected failures 3
# of unsupported tests 16
/home/jrp/build/gcc/testsuite/gfortran/../../gfortran version 4.3.0
20080130 (experimental) (GCC)
=== g++ tests ===
Running target unix
XPASS: g++.dg/tree-ssa/ivopts-1.C scan-tree-dump-not ivopts "offset:
(4294967292|0x0f+fc)"
=== g++ Summary ===
# of expected passes 17416
# of unexpected successes 1
# of expected failures 82
# of unsupported tests 88
/home/jrp/build/gcc/testsuite/g++/../../g++ version 4.3.0 20080130
(experimental) (GCC)
=== libgomp tests ===
Running target unix
=== libgomp Summary ===
# of expected passes 1693
=== libmudflap tests ===
Running target unix
FAIL: libmudflap.c++/pass41-frag.cxx execution test
FAIL: libmudflap.c++/pass41-frag.cxx (-static) execution test
FAIL: libmudflap.c++/pass41-frag.cxx ( -O) execution test
FAIL: libmudflap.c++/pass41-frag.cxx (-O2) execution test
FAIL: libmudflap.c++/pass41-frag.cxx (-O3) execution test
=== libmudflap Summary ===
# of expected passes 1844
# of unexpected failures 5
=== libstdc++ tests ===
Running target unix
XPASS: 26_numerics/headers/cmath/c99_classification_macros_c.cc (test for
excess errors)
=== libstdc++ Summary ===
# of expected passes 4963
# of unexpected successes 1
# of expected failures 61
# of unsupported tests 326
Compiler version: 4.3.020080130(experimental)(GCC)
Platform: i686-pc-linux-gnu
configure flags: -v --enable-shared --with-system-zlib
--without-included-gettext --enable-threads=posix --enable-nls
--enable-__cxa_atexit --enable-clocale=gnu --enable-libstdcxx-debug
--enable-mpfr --enable-checking=release --with-arch=core2
--enable-languages=c,c++,fortran --no-create --no-recursion