This is the mail archive of the
gcc-testresults@gcc.gnu.org
mailing list for the GCC project.
Results for 4.1.3 20080124 (prerelease) testsuite on x86_64-unknown-linux-gnu (enable-checking=yes,rtl,fold)
- From: ghazi at gcc11 dot fsffrance dot org
- To: gcc-testresults at gcc dot gnu dot org
- Date: Fri, 25 Jan 2008 20:53:05 +0100
- Subject: Results for 4.1.3 20080124 (prerelease) testsuite on x86_64-unknown-linux-gnu (enable-checking=yes,rtl,fold)
LAST_UPDATED:
Native configuration is x86_64-unknown-linux-gnu
=== g++ tests ===
Running target unix/-fPIC
XPASS: g++.dg/tree-ssa/pr14814.C scan-tree-dump-times &this 0
=== g++ Summary for unix/-fPIC ===
# of expected passes 12400
# of unexpected successes 1
# of expected failures 67
# of unsupported tests 99
Running target unix/-fpic
XPASS: g++.dg/tree-ssa/pr14814.C scan-tree-dump-times &this 0
=== g++ Summary for unix/-fpic ===
# of expected passes 12400
# of unexpected successes 1
# of expected failures 67
# of unsupported tests 99
Running target unix
XPASS: g++.dg/tree-ssa/pr14814.C scan-tree-dump-times &this 0
=== g++ Summary for unix ===
# of expected passes 12402
# of unexpected successes 1
# of expected failures 67
# of unsupported tests 98
=== g++ Summary ===
# of expected passes 37202
# of unexpected successes 3
# of expected failures 201
# of unsupported tests 296
/home/ghazi/gcc-testing/41/build-check/gcc/testsuite/g++/../../g++ version 4.1.3 20080124 (prerelease)
=== gcc tests ===
Running target unix/-fPIC
FAIL: gcc.c-torture/compile/20021108-1.c -O0 (internal compiler error)
FAIL: gcc.c-torture/compile/20021108-1.c -O0 (test for excess errors)
FAIL: gcc.c-torture/compile/20021108-1.c -O1 (internal compiler error)
FAIL: gcc.c-torture/compile/20021108-1.c -O1 (test for excess errors)
FAIL: gcc.c-torture/compile/20021108-1.c -O2 (internal compiler error)
FAIL: gcc.c-torture/compile/20021108-1.c -O2 (test for excess errors)
FAIL: gcc.c-torture/compile/20021108-1.c -O3 -fomit-frame-pointer (internal compiler error)
FAIL: gcc.c-torture/compile/20021108-1.c -O3 -fomit-frame-pointer (test for excess errors)
FAIL: gcc.c-torture/compile/20021108-1.c -O3 -g (internal compiler error)
FAIL: gcc.c-torture/compile/20021108-1.c -O3 -g (test for excess errors)
FAIL: gcc.c-torture/compile/20021108-1.c -Os (internal compiler error)
FAIL: gcc.c-torture/compile/20021108-1.c -Os (test for excess errors)
FAIL: gcc.c-torture/compile/920501-7.c -O0 (internal compiler error)
FAIL: gcc.c-torture/compile/920501-7.c -O0 (test for excess errors)
FAIL: gcc.c-torture/compile/920501-7.c -O1 (internal compiler error)
FAIL: gcc.c-torture/compile/920501-7.c -O1 (test for excess errors)
FAIL: gcc.c-torture/compile/920501-7.c -O2 (internal compiler error)
FAIL: gcc.c-torture/compile/920501-7.c -O2 (test for excess errors)
FAIL: gcc.c-torture/compile/920501-7.c -O3 -fomit-frame-pointer (internal compiler error)
FAIL: gcc.c-torture/compile/920501-7.c -O3 -fomit-frame-pointer (test for excess errors)
FAIL: gcc.c-torture/compile/920501-7.c -O3 -g (internal compiler error)
FAIL: gcc.c-torture/compile/920501-7.c -O3 -g (test for excess errors)
FAIL: gcc.c-torture/compile/920501-7.c -Os (internal compiler error)
FAIL: gcc.c-torture/compile/920501-7.c -Os (test for excess errors)
FAIL: gcc.c-torture/compile/labels-1.c -O0 (internal compiler error)
FAIL: gcc.c-torture/compile/labels-1.c -O0 (test for excess errors)
FAIL: gcc.c-torture/compile/labels-1.c -O1 (internal compiler error)
FAIL: gcc.c-torture/compile/labels-1.c -O1 (test for excess errors)
FAIL: gcc.c-torture/compile/labels-1.c -O2 (internal compiler error)
FAIL: gcc.c-torture/compile/labels-1.c -O2 (test for excess errors)
FAIL: gcc.c-torture/compile/labels-1.c -O3 -fomit-frame-pointer (internal compiler error)
FAIL: gcc.c-torture/compile/labels-1.c -O3 -fomit-frame-pointer (test for excess errors)
FAIL: gcc.c-torture/compile/labels-1.c -O3 -g (internal compiler error)
FAIL: gcc.c-torture/compile/labels-1.c -O3 -g (test for excess errors)
FAIL: gcc.c-torture/compile/labels-1.c -Os (internal compiler error)
FAIL: gcc.c-torture/compile/labels-1.c -Os (test for excess errors)
FAIL: gcc.c-torture/compile/labels-2.c -O0 (internal compiler error)
FAIL: gcc.c-torture/compile/labels-2.c -O0 (test for excess errors)
FAIL: gcc.c-torture/compile/labels-2.c -O1 (internal compiler error)
FAIL: gcc.c-torture/compile/labels-2.c -O1 (test for excess errors)
FAIL: gcc.c-torture/compile/labels-2.c -O2 (internal compiler error)
FAIL: gcc.c-torture/compile/labels-2.c -O2 (test for excess errors)
FAIL: gcc.c-torture/compile/labels-2.c -O3 -fomit-frame-pointer (internal compiler error)
FAIL: gcc.c-torture/compile/labels-2.c -O3 -fomit-frame-pointer (test for excess errors)
FAIL: gcc.c-torture/compile/labels-2.c -O3 -g (internal compiler error)
FAIL: gcc.c-torture/compile/labels-2.c -O3 -g (test for excess errors)
FAIL: gcc.c-torture/compile/labels-2.c -Os (internal compiler error)
FAIL: gcc.c-torture/compile/labels-2.c -Os (test for excess errors)
FAIL: gcc.c-torture/compile/labels-3.c -O0 (internal compiler error)
FAIL: gcc.c-torture/compile/labels-3.c -O0 (test for excess errors)
FAIL: gcc.c-torture/compile/labels-3.c -O1 (internal compiler error)
FAIL: gcc.c-torture/compile/labels-3.c -O1 (test for excess errors)
FAIL: gcc.c-torture/compile/labels-3.c -O2 (internal compiler error)
FAIL: gcc.c-torture/compile/labels-3.c -O2 (test for excess errors)
FAIL: gcc.c-torture/compile/labels-3.c -O3 -fomit-frame-pointer (internal compiler error)
FAIL: gcc.c-torture/compile/labels-3.c -O3 -fomit-frame-pointer (test for excess errors)
FAIL: gcc.c-torture/compile/labels-3.c -O3 -g (internal compiler error)
FAIL: gcc.c-torture/compile/labels-3.c -O3 -g (test for excess errors)
FAIL: gcc.c-torture/compile/labels-3.c -Os (internal compiler error)
FAIL: gcc.c-torture/compile/labels-3.c -Os (test for excess errors)
FAIL: gcc.dg/20021029-1.c (internal compiler error)
FAIL: gcc.dg/20021029-1.c (test for excess errors)
ERROR: gcc.dg/20021029-1.c: error executing dg-final: couldn't open "20021029-1.s": no such file or directory
UNRESOLVED: gcc.dg/20021029-1.c: error executing dg-final: couldn't open "20021029-1.s": no such file or directory
FAIL: gcc.dg/pr16973.c (internal compiler error)
FAIL: gcc.dg/pr16973.c (test for excess errors)
FAIL: gcc.dg/tree-ssa/wholeprogram-1.c scan-tree-dump-not large_function
=== gcc Summary for unix/-fPIC ===
# of expected passes 39085
# of unexpected failures 65
# of expected failures 100
# of unresolved testcases 1
# of untested testcases 28
# of unsupported tests 367
Running target unix/-fpic
FAIL: gcc.c-torture/compile/20021108-1.c -O0 (internal compiler error)
FAIL: gcc.c-torture/compile/20021108-1.c -O0 (test for excess errors)
FAIL: gcc.c-torture/compile/20021108-1.c -O1 (internal compiler error)
FAIL: gcc.c-torture/compile/20021108-1.c -O1 (test for excess errors)
FAIL: gcc.c-torture/compile/20021108-1.c -O2 (internal compiler error)
FAIL: gcc.c-torture/compile/20021108-1.c -O2 (test for excess errors)
FAIL: gcc.c-torture/compile/20021108-1.c -O3 -fomit-frame-pointer (internal compiler error)
FAIL: gcc.c-torture/compile/20021108-1.c -O3 -fomit-frame-pointer (test for excess errors)
FAIL: gcc.c-torture/compile/20021108-1.c -O3 -g (internal compiler error)
FAIL: gcc.c-torture/compile/20021108-1.c -O3 -g (test for excess errors)
FAIL: gcc.c-torture/compile/20021108-1.c -Os (internal compiler error)
FAIL: gcc.c-torture/compile/20021108-1.c -Os (test for excess errors)
FAIL: gcc.c-torture/compile/920501-7.c -O0 (internal compiler error)
FAIL: gcc.c-torture/compile/920501-7.c -O0 (test for excess errors)
FAIL: gcc.c-torture/compile/920501-7.c -O1 (internal compiler error)
FAIL: gcc.c-torture/compile/920501-7.c -O1 (test for excess errors)
FAIL: gcc.c-torture/compile/920501-7.c -O2 (internal compiler error)
FAIL: gcc.c-torture/compile/920501-7.c -O2 (test for excess errors)
FAIL: gcc.c-torture/compile/920501-7.c -O3 -fomit-frame-pointer (internal compiler error)
FAIL: gcc.c-torture/compile/920501-7.c -O3 -fomit-frame-pointer (test for excess errors)
FAIL: gcc.c-torture/compile/920501-7.c -O3 -g (internal compiler error)
FAIL: gcc.c-torture/compile/920501-7.c -O3 -g (test for excess errors)
FAIL: gcc.c-torture/compile/920501-7.c -Os (internal compiler error)
FAIL: gcc.c-torture/compile/920501-7.c -Os (test for excess errors)
FAIL: gcc.c-torture/compile/labels-1.c -O0 (internal compiler error)
FAIL: gcc.c-torture/compile/labels-1.c -O0 (test for excess errors)
FAIL: gcc.c-torture/compile/labels-1.c -O1 (internal compiler error)
FAIL: gcc.c-torture/compile/labels-1.c -O1 (test for excess errors)
FAIL: gcc.c-torture/compile/labels-1.c -O2 (internal compiler error)
FAIL: gcc.c-torture/compile/labels-1.c -O2 (test for excess errors)
FAIL: gcc.c-torture/compile/labels-1.c -O3 -fomit-frame-pointer (internal compiler error)
FAIL: gcc.c-torture/compile/labels-1.c -O3 -fomit-frame-pointer (test for excess errors)
FAIL: gcc.c-torture/compile/labels-1.c -O3 -g (internal compiler error)
FAIL: gcc.c-torture/compile/labels-1.c -O3 -g (test for excess errors)
FAIL: gcc.c-torture/compile/labels-1.c -Os (internal compiler error)
FAIL: gcc.c-torture/compile/labels-1.c -Os (test for excess errors)
FAIL: gcc.c-torture/compile/labels-2.c -O0 (internal compiler error)
FAIL: gcc.c-torture/compile/labels-2.c -O0 (test for excess errors)
FAIL: gcc.c-torture/compile/labels-2.c -O1 (internal compiler error)
FAIL: gcc.c-torture/compile/labels-2.c -O1 (test for excess errors)
FAIL: gcc.c-torture/compile/labels-2.c -O2 (internal compiler error)
FAIL: gcc.c-torture/compile/labels-2.c -O2 (test for excess errors)
FAIL: gcc.c-torture/compile/labels-2.c -O3 -fomit-frame-pointer (internal compiler error)
FAIL: gcc.c-torture/compile/labels-2.c -O3 -fomit-frame-pointer (test for excess errors)
FAIL: gcc.c-torture/compile/labels-2.c -O3 -g (internal compiler error)
FAIL: gcc.c-torture/compile/labels-2.c -O3 -g (test for excess errors)
FAIL: gcc.c-torture/compile/labels-2.c -Os (internal compiler error)
FAIL: gcc.c-torture/compile/labels-2.c -Os (test for excess errors)
FAIL: gcc.c-torture/compile/labels-3.c -O0 (internal compiler error)
FAIL: gcc.c-torture/compile/labels-3.c -O0 (test for excess errors)
FAIL: gcc.c-torture/compile/labels-3.c -O1 (internal compiler error)
FAIL: gcc.c-torture/compile/labels-3.c -O1 (test for excess errors)
FAIL: gcc.c-torture/compile/labels-3.c -O2 (internal compiler error)
FAIL: gcc.c-torture/compile/labels-3.c -O2 (test for excess errors)
FAIL: gcc.c-torture/compile/labels-3.c -O3 -fomit-frame-pointer (internal compiler error)
FAIL: gcc.c-torture/compile/labels-3.c -O3 -fomit-frame-pointer (test for excess errors)
FAIL: gcc.c-torture/compile/labels-3.c -O3 -g (internal compiler error)
FAIL: gcc.c-torture/compile/labels-3.c -O3 -g (test for excess errors)
FAIL: gcc.c-torture/compile/labels-3.c -Os (internal compiler error)
FAIL: gcc.c-torture/compile/labels-3.c -Os (test for excess errors)
FAIL: gcc.dg/20021029-1.c (internal compiler error)
FAIL: gcc.dg/20021029-1.c (test for excess errors)
ERROR: gcc.dg/20021029-1.c: error executing dg-final: couldn't open "20021029-1.s": no such file or directory
UNRESOLVED: gcc.dg/20021029-1.c: error executing dg-final: couldn't open "20021029-1.s": no such file or directory
FAIL: gcc.dg/pr16973.c (internal compiler error)
FAIL: gcc.dg/pr16973.c (test for excess errors)
FAIL: gcc.dg/tree-ssa/wholeprogram-1.c scan-tree-dump-not large_function
=== gcc Summary for unix/-fpic ===
# of expected passes 39085
# of unexpected failures 65
# of expected failures 100
# of unresolved testcases 1
# of untested testcases 28
# of unsupported tests 367
Running target unix
FAIL: gcc.c-torture/compile/20021108-1.c -O0 (internal compiler error)
FAIL: gcc.c-torture/compile/20021108-1.c -O0 (test for excess errors)
FAIL: gcc.c-torture/compile/20021108-1.c -O1 (internal compiler error)
FAIL: gcc.c-torture/compile/20021108-1.c -O1 (test for excess errors)
FAIL: gcc.c-torture/compile/20021108-1.c -O2 (internal compiler error)
FAIL: gcc.c-torture/compile/20021108-1.c -O2 (test for excess errors)
FAIL: gcc.c-torture/compile/20021108-1.c -O3 -fomit-frame-pointer (internal compiler error)
FAIL: gcc.c-torture/compile/20021108-1.c -O3 -fomit-frame-pointer (test for excess errors)
FAIL: gcc.c-torture/compile/20021108-1.c -O3 -g (internal compiler error)
FAIL: gcc.c-torture/compile/20021108-1.c -O3 -g (test for excess errors)
FAIL: gcc.c-torture/compile/20021108-1.c -Os (internal compiler error)
FAIL: gcc.c-torture/compile/20021108-1.c -Os (test for excess errors)
FAIL: gcc.c-torture/compile/920501-7.c -O0 (internal compiler error)
FAIL: gcc.c-torture/compile/920501-7.c -O0 (test for excess errors)
FAIL: gcc.c-torture/compile/920501-7.c -O1 (internal compiler error)
FAIL: gcc.c-torture/compile/920501-7.c -O1 (test for excess errors)
FAIL: gcc.c-torture/compile/920501-7.c -O2 (internal compiler error)
FAIL: gcc.c-torture/compile/920501-7.c -O2 (test for excess errors)
FAIL: gcc.c-torture/compile/920501-7.c -O3 -fomit-frame-pointer (internal compiler error)
FAIL: gcc.c-torture/compile/920501-7.c -O3 -fomit-frame-pointer (test for excess errors)
FAIL: gcc.c-torture/compile/920501-7.c -O3 -g (internal compiler error)
FAIL: gcc.c-torture/compile/920501-7.c -O3 -g (test for excess errors)
FAIL: gcc.c-torture/compile/920501-7.c -Os (internal compiler error)
FAIL: gcc.c-torture/compile/920501-7.c -Os (test for excess errors)
FAIL: gcc.c-torture/compile/labels-1.c -O0 (internal compiler error)
FAIL: gcc.c-torture/compile/labels-1.c -O0 (test for excess errors)
FAIL: gcc.c-torture/compile/labels-1.c -O1 (internal compiler error)
FAIL: gcc.c-torture/compile/labels-1.c -O1 (test for excess errors)
FAIL: gcc.c-torture/compile/labels-1.c -O2 (internal compiler error)
FAIL: gcc.c-torture/compile/labels-1.c -O2 (test for excess errors)
FAIL: gcc.c-torture/compile/labels-1.c -O3 -fomit-frame-pointer (internal compiler error)
FAIL: gcc.c-torture/compile/labels-1.c -O3 -fomit-frame-pointer (test for excess errors)
FAIL: gcc.c-torture/compile/labels-1.c -O3 -g (internal compiler error)
FAIL: gcc.c-torture/compile/labels-1.c -O3 -g (test for excess errors)
FAIL: gcc.c-torture/compile/labels-1.c -Os (internal compiler error)
FAIL: gcc.c-torture/compile/labels-1.c -Os (test for excess errors)
FAIL: gcc.c-torture/compile/labels-2.c -O0 (internal compiler error)
FAIL: gcc.c-torture/compile/labels-2.c -O0 (test for excess errors)
FAIL: gcc.c-torture/compile/labels-2.c -O1 (internal compiler error)
FAIL: gcc.c-torture/compile/labels-2.c -O1 (test for excess errors)
FAIL: gcc.c-torture/compile/labels-2.c -O2 (internal compiler error)
FAIL: gcc.c-torture/compile/labels-2.c -O2 (test for excess errors)
FAIL: gcc.c-torture/compile/labels-2.c -O3 -fomit-frame-pointer (internal compiler error)
FAIL: gcc.c-torture/compile/labels-2.c -O3 -fomit-frame-pointer (test for excess errors)
FAIL: gcc.c-torture/compile/labels-2.c -O3 -g (internal compiler error)
FAIL: gcc.c-torture/compile/labels-2.c -O3 -g (test for excess errors)
FAIL: gcc.c-torture/compile/labels-2.c -Os (internal compiler error)
FAIL: gcc.c-torture/compile/labels-2.c -Os (test for excess errors)
FAIL: gcc.c-torture/compile/labels-3.c -O0 (internal compiler error)
FAIL: gcc.c-torture/compile/labels-3.c -O0 (test for excess errors)
FAIL: gcc.c-torture/compile/labels-3.c -O1 (internal compiler error)
FAIL: gcc.c-torture/compile/labels-3.c -O1 (test for excess errors)
FAIL: gcc.c-torture/compile/labels-3.c -O2 (internal compiler error)
FAIL: gcc.c-torture/compile/labels-3.c -O2 (test for excess errors)
FAIL: gcc.c-torture/compile/labels-3.c -O3 -fomit-frame-pointer (internal compiler error)
FAIL: gcc.c-torture/compile/labels-3.c -O3 -fomit-frame-pointer (test for excess errors)
FAIL: gcc.c-torture/compile/labels-3.c -O3 -g (internal compiler error)
FAIL: gcc.c-torture/compile/labels-3.c -O3 -g (test for excess errors)
FAIL: gcc.c-torture/compile/labels-3.c -Os (internal compiler error)
FAIL: gcc.c-torture/compile/labels-3.c -Os (test for excess errors)
FAIL: gcc.dg/20021029-1.c (internal compiler error)
FAIL: gcc.dg/20021029-1.c (test for excess errors)
ERROR: gcc.dg/20021029-1.c: error executing dg-final: couldn't open "20021029-1.s": no such file or directory
UNRESOLVED: gcc.dg/20021029-1.c: error executing dg-final: couldn't open "20021029-1.s": no such file or directory
FAIL: gcc.dg/pr16973.c (internal compiler error)
FAIL: gcc.dg/pr16973.c (test for excess errors)
=== gcc Summary for unix ===
# of expected passes 39114
# of unexpected failures 64
# of expected failures 100
# of unresolved testcases 1
# of untested testcases 28
# of unsupported tests 360
=== gcc Summary ===
# of expected passes 117284
# of unexpected failures 194
# of expected failures 300
# of unresolved testcases 3
# of untested testcases 84
# of unsupported tests 1094
/home/ghazi/gcc-testing/41/build-check/gcc/xgcc version 4.1.3 20080124 (prerelease)
=== gfortran tests ===
Running target unix/-fPIC
XPASS: gfortran.dg/csqrt_2.f -O0 execution test
XPASS: gfortran.dg/csqrt_2.f -O1 execution test
XPASS: gfortran.dg/csqrt_2.f -O2 execution test
XPASS: gfortran.dg/csqrt_2.f -O3 -fomit-frame-pointer execution test
XPASS: gfortran.dg/csqrt_2.f -O3 -fomit-frame-pointer -funroll-loops execution test
XPASS: gfortran.dg/csqrt_2.f -O3 -fomit-frame-pointer -funroll-all-loops -finline-functions execution test
XPASS: gfortran.dg/csqrt_2.f -O3 -g execution test
XPASS: gfortran.dg/csqrt_2.f -Os execution test
XPASS: gfortran.dg/vect/vect-5.f90 -O scan-tree-dump-times vectorized 2 loops 1
XPASS: gfortran.dg/vect/vect-5.f90 -O scan-tree-dump-times Alignment of access forced using peeling 1
XPASS: gfortran.dg/vect/vect-5.f90 -O scan-tree-dump-times Vectorizing an unaligned access 2
=== gfortran Summary for unix/-fPIC ===
# of expected passes 13707
# of unexpected successes 11
# of expected failures 6
# of unsupported tests 16
Running target unix/-fpic
XPASS: gfortran.dg/csqrt_2.f -O0 execution test
XPASS: gfortran.dg/csqrt_2.f -O1 execution test
XPASS: gfortran.dg/csqrt_2.f -O2 execution test
XPASS: gfortran.dg/csqrt_2.f -O3 -fomit-frame-pointer execution test
XPASS: gfortran.dg/csqrt_2.f -O3 -fomit-frame-pointer -funroll-loops execution test
XPASS: gfortran.dg/csqrt_2.f -O3 -fomit-frame-pointer -funroll-all-loops -finline-functions execution test
XPASS: gfortran.dg/csqrt_2.f -O3 -g execution test
XPASS: gfortran.dg/csqrt_2.f -Os execution test
XPASS: gfortran.dg/vect/vect-5.f90 -O scan-tree-dump-times vectorized 2 loops 1
XPASS: gfortran.dg/vect/vect-5.f90 -O scan-tree-dump-times Alignment of access forced using peeling 1
XPASS: gfortran.dg/vect/vect-5.f90 -O scan-tree-dump-times Vectorizing an unaligned access 2
=== gfortran Summary for unix/-fpic ===
# of expected passes 13707
# of unexpected successes 11
# of expected failures 6
# of unsupported tests 16
Running target unix
XPASS: gfortran.dg/csqrt_2.f -O0 execution test
XPASS: gfortran.dg/csqrt_2.f -O1 execution test
XPASS: gfortran.dg/csqrt_2.f -O2 execution test
XPASS: gfortran.dg/csqrt_2.f -O3 -fomit-frame-pointer execution test
XPASS: gfortran.dg/csqrt_2.f -O3 -fomit-frame-pointer -funroll-loops execution test
XPASS: gfortran.dg/csqrt_2.f -O3 -fomit-frame-pointer -funroll-all-loops -finline-functions execution test
XPASS: gfortran.dg/csqrt_2.f -O3 -g execution test
XPASS: gfortran.dg/csqrt_2.f -Os execution test
XPASS: gfortran.dg/vect/vect-5.f90 -O scan-tree-dump-times vectorized 2 loops 1
XPASS: gfortran.dg/vect/vect-5.f90 -O scan-tree-dump-times Alignment of access forced using peeling 1
XPASS: gfortran.dg/vect/vect-5.f90 -O scan-tree-dump-times Vectorizing an unaligned access 2
=== gfortran Summary for unix ===
# of expected passes 13707
# of unexpected successes 11
# of expected failures 6
# of unsupported tests 16
=== gfortran Summary ===
# of expected passes 41121
# of unexpected successes 33
# of expected failures 18
# of unsupported tests 48
/home/ghazi/gcc-testing/41/build-check/gcc/testsuite/gfortran/../../gfortran version 4.1.3 20080124 (prerelease)
=== obj-c++ tests ===
Running target unix/-fPIC
FAIL: obj-c++.dg/bitfield-1.mm (test for excess errors)
FAIL: obj-c++.dg/bitfield-4.mm (test for excess errors)
FAIL: obj-c++.dg/comp-types-10.mm (internal compiler error)
FAIL: obj-c++.dg/comp-types-10.mm (test for excess errors)
FAIL: obj-c++.dg/cxx-ivars-2.mm execution test
FAIL: obj-c++.dg/encode-3.mm execution test
FAIL: obj-c++.dg/encode-8.mm execution test
FAIL: obj-c++.dg/isa-field-1.mm (test for excess errors)
FAIL: obj-c++.dg/layout-1.mm (test for excess errors)
FAIL: obj-c++.dg/lookup-2.mm (test for excess errors)
UNRESOLVED: obj-c++.dg/lookup-2.mm compilation failed to produce executable
FAIL: obj-c++.dg/try-catch-2.mm (test for excess errors)
UNRESOLVED: obj-c++.dg/try-catch-2.mm compilation failed to produce executable
FAIL: obj-c++.dg/try-catch-9.mm (internal compiler error)
FAIL: obj-c++.dg/try-catch-9.mm (test for excess errors)
UNRESOLVED: obj-c++.dg/try-catch-9.mm compilation failed to produce executable
=== obj-c++ Summary for unix/-fPIC ===
# of expected passes 418
# of unexpected failures 13
# of unresolved testcases 3
# of unsupported tests 13
Running target unix/-fpic
FAIL: obj-c++.dg/bitfield-1.mm (test for excess errors)
FAIL: obj-c++.dg/bitfield-4.mm (test for excess errors)
FAIL: obj-c++.dg/comp-types-10.mm (internal compiler error)
FAIL: obj-c++.dg/comp-types-10.mm (test for excess errors)
FAIL: obj-c++.dg/cxx-ivars-2.mm execution test
FAIL: obj-c++.dg/encode-3.mm execution test
FAIL: obj-c++.dg/encode-8.mm execution test
FAIL: obj-c++.dg/isa-field-1.mm (test for excess errors)
FAIL: obj-c++.dg/layout-1.mm (test for excess errors)
FAIL: obj-c++.dg/lookup-2.mm (test for excess errors)
UNRESOLVED: obj-c++.dg/lookup-2.mm compilation failed to produce executable
FAIL: obj-c++.dg/try-catch-2.mm (test for excess errors)
UNRESOLVED: obj-c++.dg/try-catch-2.mm compilation failed to produce executable
FAIL: obj-c++.dg/try-catch-9.mm (internal compiler error)
FAIL: obj-c++.dg/try-catch-9.mm (test for excess errors)
UNRESOLVED: obj-c++.dg/try-catch-9.mm compilation failed to produce executable
=== obj-c++ Summary for unix/-fpic ===
# of expected passes 418
# of unexpected failures 13
# of unresolved testcases 3
# of unsupported tests 13
Running target unix
FAIL: obj-c++.dg/bitfield-1.mm (test for excess errors)
FAIL: obj-c++.dg/bitfield-4.mm (test for excess errors)
FAIL: obj-c++.dg/comp-types-10.mm (internal compiler error)
FAIL: obj-c++.dg/comp-types-10.mm (test for excess errors)
FAIL: obj-c++.dg/cxx-ivars-2.mm execution test
FAIL: obj-c++.dg/encode-3.mm execution test
FAIL: obj-c++.dg/encode-8.mm execution test
FAIL: obj-c++.dg/isa-field-1.mm (test for excess errors)
FAIL: obj-c++.dg/layout-1.mm (test for excess errors)
FAIL: obj-c++.dg/lookup-2.mm (test for excess errors)
UNRESOLVED: obj-c++.dg/lookup-2.mm compilation failed to produce executable
FAIL: obj-c++.dg/try-catch-2.mm (test for excess errors)
UNRESOLVED: obj-c++.dg/try-catch-2.mm compilation failed to produce executable
FAIL: obj-c++.dg/try-catch-9.mm (internal compiler error)
FAIL: obj-c++.dg/try-catch-9.mm (test for excess errors)
UNRESOLVED: obj-c++.dg/try-catch-9.mm compilation failed to produce executable
=== obj-c++ Summary for unix ===
# of expected passes 418
# of unexpected failures 13
# of unresolved testcases 3
# of unsupported tests 13
=== obj-c++ Summary ===
# of expected passes 1254
# of unexpected failures 39
# of unresolved testcases 9
# of unsupported tests 39
/home/ghazi/gcc-testing/41/build-check/gcc/testsuite/obj-c++/../../g++ version 4.1.3 20080124 (prerelease)
=== objc tests ===
Running target unix/-fPIC
=== objc Summary for unix/-fPIC ===
# of expected passes 1722
# of unsupported tests 22
Running target unix/-fpic
=== objc Summary for unix/-fpic ===
# of expected passes 1722
# of unsupported tests 22
Running target unix
=== objc Summary for unix ===
# of expected passes 1722
# of unsupported tests 22
=== objc Summary ===
# of expected passes 5166
# of unsupported tests 66
/home/ghazi/gcc-testing/41/build-check/gcc/xgcc version 4.1.3 20080124 (prerelease)
=== treelang tests ===
Running target unix/-fPIC
=== treelang Summary for unix/-fPIC ===
# of expected passes 50
Running target unix/-fpic
=== treelang Summary for unix/-fpic ===
# of expected passes 50
Running target unix
=== treelang Summary for unix ===
# of expected passes 50
=== treelang Summary ===
# of expected passes 150
=== libffi tests ===
Running target unix/-fPIC
=== libffi Summary for unix/-fPIC ===
# of expected passes 228
# of unsupported tests 2
Running target unix/-fpic
=== libffi Summary for unix/-fpic ===
# of expected passes 228
# of unsupported tests 2
Running target unix
=== libffi Summary for unix ===
# of expected passes 228
# of unsupported tests 2
=== libffi Summary ===
# of expected passes 684
# of unsupported tests 6
=== libjava tests ===
Running target unix/-fPIC
=== libjava Summary for unix/-fPIC ===
# of expected passes 4060
# of expected failures 10
# of untested testcases 8
Running target unix/-fpic
=== libjava Summary for unix/-fpic ===
# of expected passes 4060
# of expected failures 10
# of untested testcases 8
Running target unix
FAIL: PR18699 execution - gij test
FAIL: PR18699 execution - gij test
=== libjava Summary for unix ===
# of expected passes 4056
# of unexpected failures 2
# of expected failures 10
# of untested testcases 10
=== libjava Summary ===
# of expected passes 12176
# of unexpected failures 2
# of expected failures 30
# of untested testcases 26
=== libmudflap tests ===
Running target unix/-fPIC
=== libmudflap Summary for unix/-fPIC ===
# of expected passes 1799
Running target unix/-fpic
=== libmudflap Summary for unix/-fpic ===
# of expected passes 1799
Running target unix
=== libmudflap Summary for unix ===
# of expected passes 1799
=== libmudflap Summary ===
# of expected passes 5397
=== libstdc++ tests ===
Running target unix/-fPIC
FAIL: abi_check
XPASS: 27_io/fpos/14320-1.cc execution test
=== libstdc++ Summary for unix/-fPIC ===
# of expected passes 3389
# of unexpected failures 1
# of unexpected successes 1
# of expected failures 12
# of unsupported tests 328
Running target unix/-fpic
FAIL: abi_check
XPASS: 27_io/fpos/14320-1.cc execution test
=== libstdc++ Summary for unix/-fpic ===
# of expected passes 3389
# of unexpected failures 1
# of unexpected successes 1
# of expected failures 12
# of unsupported tests 328
Running target unix
FAIL: abi_check
XPASS: 26_numerics/cmath/c99_classification_macros_c.cc (test for excess errors)
XPASS: 27_io/fpos/14320-1.cc execution test
=== libstdc++ Summary for unix ===
# of expected passes 3389
# of unexpected failures 1
# of unexpected successes 2
# of expected failures 11
# of unsupported tests 328
=== libstdc++ Summary ===
# of expected passes 10167
# of unexpected failures 3
# of unexpected successes 4
# of expected failures 35
# of unsupported tests 984
Compiler version: 4.1.3 20080124 (prerelease)
Platform: x86_64-unknown-linux-gnu
configure flags: --verbose --enable-checking=yes,rtl,fold --enable-multilib=no --with-mpfr=/home/ghazi/gcc-testing/lib/422-230 --enable-languages=c,c++,fortran,java,objc,obj-c++,treelang