This is the mail archive of the
gcc-testresults@gcc.gnu.org
mailing list for the GCC project.
Results for 4.3.0 20080117 (experimental) (GCC) testsuite on i686-pc-linux-gnu
- From: GCC regression tester <regress at geoffk dot org>
- To: gcc-testresults at gcc dot gnu dot org
- Date: Thu, 17 Jan 2008 14:28:26 GMT
- Subject: Results for 4.3.0 20080117 (experimental) (GCC) testsuite on i686-pc-linux-gnu
This build run by an automatic regression tester.
See <http://glutton.geoffk.org/HEAD/> for more information.
Date: 2008-01-17T13:24:36Z
Revision: 131599
URL: svn://gcc.gnu.org/svn/gcc/trunk
Status: regress-1
Prev-Endtime: 2008-01-17T13:23:04Z
LAST_UPDATED:
Native configuration is i686-pc-linux-gnu
=== g++ tests ===
Running target unix
FAIL: g++.dg/cpp0x/vt-34103.C (internal compiler error)
FAIL: g++.dg/cpp0x/vt-34103.C (test for excess errors)
=== g++ Summary ===
# of expected passes 17238
# of unexpected failures 2
# of expected failures 84
# of unsupported tests 88
/home/regress/tbox/native/build/gcc/testsuite/g++/../../g++ version 4.3.0 20080117 (experimental) (GCC)
=== gcc tests ===
Running target unix
FAIL: gcc.dg/Warray-bounds.c (test for warnings, line 59)
FAIL: gcc.dg/Warray-bounds.c (test for warnings, line 65)
FAIL: gcc.dg/Warray-bounds.c (test for warnings, line 66)
FAIL: gcc.dg/torture/builtin-math-4.c -O0 (test for excess errors)
FAIL: gcc.dg/torture/builtin-math-4.c -O1 (test for excess errors)
FAIL: gcc.dg/torture/builtin-math-4.c -O2 (test for excess errors)
FAIL: gcc.dg/torture/builtin-math-4.c -O3 -fomit-frame-pointer (test for excess errors)
FAIL: gcc.dg/torture/builtin-math-4.c -O3 -fomit-frame-pointer -funroll-loops (test for excess errors)
FAIL: gcc.dg/torture/builtin-math-4.c -O3 -fomit-frame-pointer -funroll-all-loops -finline-functions (test for excess errors)
FAIL: gcc.dg/torture/builtin-math-4.c -O3 -g (test for excess errors)
FAIL: gcc.dg/torture/builtin-math-4.c -Os (test for excess errors)
=== gcc Summary ===
# of expected passes 48424
# of unexpected failures 11
# of expected failures 165
# of untested testcases 35
# of unsupported tests 344
/home/regress/tbox/native/build/gcc/xgcc version 4.3.0 20080117 (experimental) (GCC)
=== gfortran tests ===
Running target unix
=== gfortran Summary ===
# of expected passes 23497
# of expected failures 9
# of unsupported tests 16
/home/regress/tbox/native/build/gcc/testsuite/gfortran/../../gfortran version 4.3.0 20080117 (experimental) (GCC)
=== objc tests ===
Running target unix
=== objc Summary ===
# of expected passes 1812
# of expected failures 7
# of unsupported tests 24
/home/regress/tbox/native/build/gcc/xgcc version 4.3.0 20080117 (experimental) (GCC)
=== libffi tests ===
Running target unix
=== libffi Summary ===
# of expected passes 1116
# of unsupported tests 8
=== libgomp tests ===
Running target unix
=== libgomp Summary ===
# of expected passes 1675
=== libjava tests ===
Running target unix
=== libjava Summary ===
# of expected passes 2550
=== libmudflap tests ===
Running target unix
FAIL: libmudflap.c++/pass41-frag.cxx execution test
FAIL: libmudflap.c++/pass41-frag.cxx (-static) execution test
FAIL: libmudflap.c++/pass41-frag.cxx ( -O) execution test
FAIL: libmudflap.c++/pass41-frag.cxx (-O2) execution test
FAIL: libmudflap.c++/pass41-frag.cxx (-O3) execution test
=== libmudflap Summary ===
# of expected passes 1844
# of unexpected failures 5
=== libstdc++ tests ===
Running target unix
XPASS: 26_numerics/headers/cmath/c99_classification_macros_c.cc (test for excess errors)
=== libstdc++ Summary ===
# of expected passes 5595
# of unexpected successes 1
# of expected failures 61
# of unsupported tests 10
Compiler version: 4.3.0 20080117 (experimental) (GCC)
Platform: i686-pc-linux-gnu
configure flags: --prefix=/home/regress/tbox/objs --target=i686-pc-linux-gnu