This is the mail archive of the
gcc-testresults@gcc.gnu.org
mailing list for the GCC project.
Results for 4.3.0 20080115 (experimental) [trunk revision 131542] (GCC) testsuite on x86_64-unknown-linux-gnu
- From: Weidong Cui <mason dot cui at gmail dot com>
- To: gcc-testresults at gcc dot gnu dot org
- Date: Tue, 15 Jan 2008 05:50:43 -0800 (PST)
- Subject: Results for 4.3.0 20080115 (experimental) [trunk revision 131542] (GCC) testsuite on x86_64-unknown-linux-gnu
LAST_UPDATED: Tue Jan 15 19:15:09 UTC 2008 (revision 131542)
Native configuration is x86_64-unknown-linux-gnu
=== g++ tests ===
Running target unix
=== g++ Summary ===
# of expected passes 17097
# of expected failures 84
# of unsupported tests 118
/home/cuiwd/gcc4/build/gcc/testsuite/g++/../../g++ version 4.3.0 20080115 (experimental) [trunk revision 131542] (GCC)
=== gcc tests ===
Running target unix
FAIL: gcc.dg/Warray-bounds.c (test for warnings, line 59)
FAIL: gcc.dg/Warray-bounds.c (test for warnings, line 65)
FAIL: gcc.dg/Warray-bounds.c (test for warnings, line 66)
FAIL: gcc.dg/struct/wo_prof_malloc_size_var.c (internal compiler error)
FAIL: gcc.dg/struct/wo_prof_malloc_size_var.c (test for excess errors)
UNRESOLVED: gcc.dg/struct/wo_prof_malloc_size_var.c compilation failed to produce executable
FAIL: gcc.dg/torture/builtin-math-4.c -O0 (test for excess errors)
FAIL: gcc.dg/torture/builtin-math-4.c -O1 (test for excess errors)
FAIL: gcc.dg/torture/builtin-math-4.c -O2 (test for excess errors)
FAIL: gcc.dg/torture/builtin-math-4.c -O3 -fomit-frame-pointer (test for excess errors)
FAIL: gcc.dg/torture/builtin-math-4.c -O3 -fomit-frame-pointer -funroll-loops (test for excess errors)
FAIL: gcc.dg/torture/builtin-math-4.c -O3 -fomit-frame-pointer -funroll-all-loops -finline-functions (test for excess errors)
FAIL: gcc.dg/torture/builtin-math-4.c -O3 -g (test for excess errors)
FAIL: gcc.dg/torture/builtin-math-4.c -Os (test for excess errors)
FAIL: gcc.dg/tree-prof/bb-reorg.c compilation, -fprofile-use -D_PROFILE_USE
UNRESOLVED: gcc.dg/tree-prof/bb-reorg.c execution, -fprofile-use -D_PROFILE_USE
=== gcc Summary ===
# of expected passes 48231
# of unexpected failures 14
# of expected failures 163
# of unresolved testcases 2
# of untested testcases 35
# of unsupported tests 464
/home/cuiwd/gcc4/build/gcc/xgcc version 4.3.0 20080115 (experimental) [trunk revision 131542] (GCC)
=== gfortran tests ===
Running target unix
FAIL: gfortran.dg/all_bounds_1.f90 -O0 execution test
FAIL: gfortran.dg/all_bounds_1.f90 -O1 execution test
FAIL: gfortran.dg/all_bounds_1.f90 -O2 execution test
FAIL: gfortran.dg/all_bounds_1.f90 -O3 -fomit-frame-pointer execution test
FAIL: gfortran.dg/all_bounds_1.f90 -O3 -fomit-frame-pointer -funroll-loops execution test
FAIL: gfortran.dg/all_bounds_1.f90 -O3 -fomit-frame-pointer -funroll-all-loops -finline-functions execution test
FAIL: gfortran.dg/all_bounds_1.f90 -O3 -g execution test
FAIL: gfortran.dg/all_bounds_1.f90 -Os execution test
FAIL: gfortran.dg/maxloc_bounds_1.f90 -O0 execution test
FAIL: gfortran.dg/maxloc_bounds_1.f90 -O1 execution test
FAIL: gfortran.dg/maxloc_bounds_1.f90 -O2 execution test
FAIL: gfortran.dg/maxloc_bounds_1.f90 -O3 -fomit-frame-pointer execution test
FAIL: gfortran.dg/maxloc_bounds_1.f90 -O3 -fomit-frame-pointer -funroll-loops execution test
FAIL: gfortran.dg/maxloc_bounds_1.f90 -O3 -fomit-frame-pointer -funroll-all-loops -finline-functions execution test
FAIL: gfortran.dg/maxloc_bounds_1.f90 -O3 -g execution test
FAIL: gfortran.dg/maxloc_bounds_1.f90 -Os execution test
FAIL: gfortran.dg/maxloc_bounds_2.f90 -O0 execution test
FAIL: gfortran.dg/maxloc_bounds_2.f90 -O1 execution test
FAIL: gfortran.dg/maxloc_bounds_2.f90 -O2 execution test
FAIL: gfortran.dg/maxloc_bounds_2.f90 -O3 -fomit-frame-pointer execution test
FAIL: gfortran.dg/maxloc_bounds_2.f90 -O3 -fomit-frame-pointer -funroll-loops execution test
FAIL: gfortran.dg/maxloc_bounds_2.f90 -O3 -fomit-frame-pointer -funroll-all-loops -finline-functions execution test
FAIL: gfortran.dg/maxloc_bounds_2.f90 -O3 -g execution test
FAIL: gfortran.dg/maxloc_bounds_2.f90 -Os execution test
FAIL: gfortran.dg/maxloc_bounds_3.f90 -O0 execution test
FAIL: gfortran.dg/maxloc_bounds_3.f90 -O1 execution test
FAIL: gfortran.dg/maxloc_bounds_3.f90 -O2 execution test
FAIL: gfortran.dg/maxloc_bounds_3.f90 -O3 -fomit-frame-pointer execution test
FAIL: gfortran.dg/maxloc_bounds_3.f90 -O3 -fomit-frame-pointer -funroll-loops execution test
FAIL: gfortran.dg/maxloc_bounds_3.f90 -O3 -fomit-frame-pointer -funroll-all-loops -finline-functions execution test
FAIL: gfortran.dg/maxloc_bounds_3.f90 -O3 -g execution test
FAIL: gfortran.dg/maxloc_bounds_3.f90 -Os execution test
FAIL: gfortran.dg/maxloc_bounds_4.f90 -O0 output pattern test, is Fortran runtime error: dimension of return array incorrect
FAIL: gfortran.dg/maxloc_bounds_4.f90 -O1 output pattern test, is Fortran runtime error: dimension of return array incorrect
FAIL: gfortran.dg/maxloc_bounds_4.f90 -O2 output pattern test, is Fortran runtime error: dimension of return array incorrect
FAIL: gfortran.dg/maxloc_bounds_4.f90 -O3 -fomit-frame-pointer output pattern test, is Fortran runtime error: dimension of return array incorrect
FAIL: gfortran.dg/maxloc_bounds_4.f90 -O3 -fomit-frame-pointer -funroll-loops output pattern test, is Fortran runtime error: dimension of return array incorrect
FAIL: gfortran.dg/maxloc_bounds_4.f90 -O3 -fomit-frame-pointer -funroll-all-loops -finline-functions output pattern test, is Fortran runtime error: dimension of return array incorrect
FAIL: gfortran.dg/maxloc_bounds_4.f90 -O3 -g output pattern test, is Fortran runtime error: dimension of return array incorrect
FAIL: gfortran.dg/maxloc_bounds_4.f90 -Os output pattern test, is Fortran runtime error: dimension of return array incorrect
FAIL: gfortran.dg/maxloc_bounds_5.f90 -O0 output pattern test, is Fortran runtime error: dimension of return array incorrect
FAIL: gfortran.dg/maxloc_bounds_5.f90 -O1 output pattern test, is Fortran runtime error: dimension of return array incorrect
FAIL: gfortran.dg/maxloc_bounds_5.f90 -O2 output pattern test, is Fortran runtime error: dimension of return array incorrect
FAIL: gfortran.dg/maxloc_bounds_5.f90 -O3 -fomit-frame-pointer output pattern test, is Fortran runtime error: dimension of return array incorrect
FAIL: gfortran.dg/maxloc_bounds_5.f90 -O3 -fomit-frame-pointer -funroll-loops output pattern test, is Fortran runtime error: dimension of return array incorrect
FAIL: gfortran.dg/maxloc_bounds_5.f90 -O3 -fomit-frame-pointer -funroll-all-loops -finline-functions output pattern test, is Fortran runtime error: dimension of return array incorrect
FAIL: gfortran.dg/maxloc_bounds_5.f90 -O3 -g output pattern test, is Fortran runtime error: dimension of return array incorrect
FAIL: gfortran.dg/maxloc_bounds_5.f90 -Os output pattern test, is Fortran runtime error: dimension of return array incorrect
FAIL: gfortran.dg/maxloc_bounds_6.f90 -O0 execution test
FAIL: gfortran.dg/maxloc_bounds_6.f90 -O1 execution test
FAIL: gfortran.dg/maxloc_bounds_6.f90 -O2 execution test
FAIL: gfortran.dg/maxloc_bounds_6.f90 -O3 -fomit-frame-pointer execution test
FAIL: gfortran.dg/maxloc_bounds_6.f90 -O3 -fomit-frame-pointer -funroll-loops execution test
FAIL: gfortran.dg/maxloc_bounds_6.f90 -O3 -fomit-frame-pointer -funroll-all-loops -finline-functions execution test
FAIL: gfortran.dg/maxloc_bounds_6.f90 -O3 -g execution test
FAIL: gfortran.dg/maxloc_bounds_6.f90 -Os execution test
FAIL: gfortran.dg/maxloc_bounds_7.f90 -O0 output pattern test, is Fortran runtime error: dimension of return array incorrect
FAIL: gfortran.dg/maxloc_bounds_7.f90 -O1 output pattern test, is Fortran runtime error: dimension of return array incorrect
FAIL: gfortran.dg/maxloc_bounds_7.f90 -O2 output pattern test, is Fortran runtime error: dimension of return array incorrect
FAIL: gfortran.dg/maxloc_bounds_7.f90 -O3 -fomit-frame-pointer output pattern test, is Fortran runtime error: dimension of return array incorrect
FAIL: gfortran.dg/maxloc_bounds_7.f90 -O3 -fomit-frame-pointer -funroll-loops output pattern test, is Fortran runtime error: dimension of return array incorrect
FAIL: gfortran.dg/maxloc_bounds_7.f90 -O3 -fomit-frame-pointer -funroll-all-loops -finline-functions output pattern test, is Fortran runtime error: dimension of return array incorrect
FAIL: gfortran.dg/maxloc_bounds_7.f90 -O3 -g output pattern test, is Fortran runtime error: dimension of return array incorrect
FAIL: gfortran.dg/maxloc_bounds_7.f90 -Os output pattern test, is Fortran runtime error: dimension of return array incorrect
FAIL: gfortran.dg/maxloc_bounds_8.f90 -O0 execution test
FAIL: gfortran.dg/maxloc_bounds_8.f90 -O1 execution test
FAIL: gfortran.dg/maxloc_bounds_8.f90 -O2 execution test
FAIL: gfortran.dg/maxloc_bounds_8.f90 -O3 -fomit-frame-pointer execution test
FAIL: gfortran.dg/maxloc_bounds_8.f90 -O3 -fomit-frame-pointer -funroll-loops execution test
FAIL: gfortran.dg/maxloc_bounds_8.f90 -O3 -fomit-frame-pointer -funroll-all-loops -finline-functions execution test
FAIL: gfortran.dg/maxloc_bounds_8.f90 -O3 -g execution test
FAIL: gfortran.dg/maxloc_bounds_8.f90 -Os execution test
=== gfortran Summary ===
# of expected passes 23312
# of unexpected failures 72
# of expected failures 9
# of unsupported tests 18
/home/cuiwd/gcc4/build/gcc/testsuite/gfortran/../../gfortran version 4.3.0 20080115 (experimental) [trunk revision 131542] (GCC)
=== objc tests ===
Running target unix
=== objc Summary ===
# of expected passes 1812
# of expected failures 7
# of unsupported tests 24
/home/cuiwd/gcc4/build/gcc/xgcc version 4.3.0 20080115 (experimental) [trunk revision 131542] (GCC)
=== libffi tests ===
Running target unix
=== libffi Summary ===
# of expected passes 1116
# of unsupported tests 8
=== libgomp tests ===
Running target unix
=== libgomp Summary ===
# of expected passes 1675
=== libjava tests ===
Running target unix
=== libjava Summary ===
# of expected passes 2550
=== libmudflap tests ===
Running target unix
FAIL: libmudflap.c++/pass41-frag.cxx execution test
FAIL: libmudflap.c++/pass41-frag.cxx (-static) execution test
FAIL: libmudflap.c++/pass41-frag.cxx ( -O) execution test
FAIL: libmudflap.c++/pass41-frag.cxx (-O2) execution test
FAIL: libmudflap.c++/pass41-frag.cxx (-O3) execution test
=== libmudflap Summary ===
# of expected passes 1844
# of unexpected failures 5
=== libstdc++ tests ===
Running target unix
FAIL: abi_check
XPASS: 26_numerics/headers/cmath/c99_classification_macros_c.cc (test for excess errors)
XPASS: 27_io/fpos/14320-1.cc execution test
=== libstdc++ Summary ===
# of expected passes 4962
# of unexpected failures 1
# of unexpected successes 2
# of expected failures 60
# of unsupported tests 326
Compiler version: 4.3.0 20080115 (experimental) [trunk revision 131542] (GCC)
Platform: x86_64-unknown-linux-gnu
configure flags: --enable-clocale=gnu --with-system-zlib --with-demangler-in-ld --enable-shared --enable-threads-osix --enable-haifa --enable-checking=assert --prefix=/home/cuiwd/gcc4/ins --with-gmp=/home/cuiwd/gmp --with-mpfr=/home/cuiwd/mpfr