This is the mail archive of the
gcc-testresults@gcc.gnu.org
mailing list for the GCC project.
Results for 3.4.4 (cygming special, gdc 0.12, using dmd 0.125) testsuite on i686-pc-cygwin
- From: "Timothy C Prince" <tprince at myrealbox dot com>
- To: gcc-testresults at gcc dot gnu dot org
- Date: Mon, 07 Jan 2008 17:02:11 +0000
- Subject: Results for 3.4.4 (cygming special, gdc 0.12, using dmd 0.125) testsuite on i686-pc-cygwin
- Reply-to: tprince at computer dot org
LAST_UPDATED: Obtained from SVN: trunk revision 131328
Native configuration is i686-pc-cygwin
=== g++ tests ===
Running target unix
FAIL: tmpdir-g++.dg-struct-layout-1/t024 cp_compat_x_tst.o-cp_compat_y_tst.o execute
FAIL: tmpdir-g++.dg-struct-layout-1/t026 cp_compat_x_tst.o-cp_compat_y_tst.o execute
FAIL: tmpdir-g++.dg-struct-layout-1/t027 cp_compat_x_tst.o-cp_compat_y_tst.o execute
FAIL: tmpdir-g++.dg-struct-layout-1/t028 cp_compat_x_tst.o-cp_compat_y_tst.o execute
FAIL: tmpdir-g++.dg-struct-layout-1/t029 cp_compat_x_tst.o-cp_compat_y_tst.o execute
FAIL: tmpdir-g++.dg-struct-layout-1/t030 cp_compat_x_tst.o-cp_compat_y_tst.o execute
FAIL: g++.dg/abi/local1.C execution test
FAIL: g++.dg/abi/rtti3.C scan-assembler .weak[ \\t]_?_ZTSPP1A
FAIL: g++.dg/abi/thunk4.C scan-assembler .weak[ \\t]_?_ZThn._N7Derived3FooEv
FAIL: g++.dg/eh/weak1.C execution test
FAIL: g++.dg/ext/dllimport7.C C++ specific error (test for errors, line 24)
FAIL: g++.dg/ext/selectany1.C scan-assembler-dem
FAIL: g++.dg/init/cleanup3.C scan-assembler-not _tcf
FAIL: g++.dg/opt/vt1.C scan-assembler-not section[^\\n\\r]*_ZTV1S[^\\n\\r]*"[^w"\\n\\r]*"
FAIL: g++.dg/template/spec35.C scan-assembler .glob(a|)l[\\t ]*_Z2f2IfEvT_
FAIL: g++.dg/template/spec35.C scan-assembler .weak[\\t ]*_Z2f2IiEvT_
FAIL: g++.old-deja/g++.eh/badalloc1.C execution test
XPASS: g++.old-deja/g++.ext/attrib5.C execution test
FAIL: g++.old-deja/g++.other/init18.C execution test
FAIL: g++.old-deja/g++.other/init19.C execution test
FAIL: g++.old-deja/g++.other/init5.C execution test
=== g++ Summary ===
# of expected passes 17732
# of unexpected failures 20
# of unexpected successes 1
# of expected failures 85
# of unsupported tests 199
/cygdrive/e/gnu/gcc-4.3-20080104/xp/gcc/testsuite/g++/../../g++ version 4.3.0 20080104 (experimental) (GCC)
=== gcc tests ===
Running target unix
FAIL: gcc.c-torture/compile/20001226-1.c (internal compiler error)
FAIL: gcc.c-torture/compile/20001226-1.c (test for excess errors)
FAIL: gcc.c-torture/compile/20001226-1.c (internal compiler error)
FAIL: gcc.c-torture/compile/20001226-1.c (test for excess errors)
FAIL: gcc.c-torture/compile/20001226-1.c (internal compiler error)
FAIL: gcc.c-torture/compile/20001226-1.c (test for excess errors)
FAIL: gcc.c-torture/compile/20001226-1.c (internal compiler error)
FAIL: gcc.c-torture/compile/20001226-1.c (test for excess errors)
FAIL: gcc.c-torture/compile/limits-declparen.c (internal compiler error)
FAIL: gcc.c-torture/compile/limits-declparen.c (test for excess errors)
FAIL: gcc.c-torture/compile/limits-exprparen.c (internal compiler error)
FAIL: gcc.c-torture/compile/limits-exprparen.c (test for excess errors)
FAIL: gcc.c-torture/compile/limits-exprparen.c (internal compiler error)
FAIL: gcc.c-torture/compile/limits-exprparen.c (test for excess errors)
FAIL: gcc.c-torture/compile/limits-exprparen.c (internal compiler error)
FAIL: gcc.c-torture/compile/limits-exprparen.c (test for excess errors)
FAIL: gcc.c-torture/compile/limits-exprparen.c (internal compiler error)
FAIL: gcc.c-torture/compile/limits-exprparen.c (test for excess errors)
FAIL: gcc.c-torture/compile/limits-exprparen.c (internal compiler error)
FAIL: gcc.c-torture/compile/limits-exprparen.c (test for excess errors)
FAIL: gcc.c-torture/compile/limits-exprparen.c (internal compiler error)
FAIL: gcc.c-torture/compile/limits-exprparen.c (test for excess errors)
FAIL: gcc.c-torture/compile/limits-pointer.c (internal compiler error)
FAIL: gcc.c-torture/compile/limits-pointer.c (test for excess errors)
FAIL: gcc.c-torture/execute/990127-2.c execution, -O2
FAIL: gcc.c-torture/execute/990127-2.c execution, -Os
FAIL: tmpdir-gcc.dg-struct-layout-1/t025 c_compat_x_tst.o-c_compat_y_tst.o execute
FAIL: tmpdir-gcc.dg-struct-layout-1/t027 c_compat_x_tst.o-c_compat_y_tst.o execute
FAIL: tmpdir-gcc.dg-struct-layout-1/t028 c_compat_x_tst.o-c_compat_y_tst.o execute
FAIL: gcc.dg/debug/dwarf2/aranges-fnsec-1.c (test for excess errors)
FAIL: gcc.dg/debug/dwarf2/aranges-fnsec-1.c (test for excess errors)
FAIL: gcc.dg/20020425-1.c (internal compiler error)
FAIL: gcc.dg/20020425-1.c (test for excess errors)
FAIL: gcc.dg/20021014-1.c (test for excess errors)
WARNING: gcc.dg/20021014-1.c compilation failed to produce executable
FAIL: gcc.dg/attr-invalid.c (test for warnings, line 88)
FAIL: gcc.dg/attr-invalid.c (test for warnings, line 90)
FAIL: gcc.dg/ssp-2.c (test for excess errors)
WARNING: gcc.dg/ssp-2.c compilation failed to produce executable
FAIL: largefile.c (test for excess errors)
FAIL: gcc.dg/pch/largefile.c -O0 -g assembly comparison
FAIL: largefile.c (test for excess errors)
FAIL: gcc.dg/pch/largefile.c -O0 assembly comparison
FAIL: largefile.c (test for excess errors)
FAIL: gcc.dg/pch/largefile.c -O1 assembly comparison
FAIL: largefile.c (test for excess errors)
FAIL: gcc.dg/pch/largefile.c -O2 assembly comparison
FAIL: largefile.c (test for excess errors)
FAIL: gcc.dg/pch/largefile.c -O3 -fomit-frame-pointer assembly comparison
FAIL: largefile.c (test for excess errors)
FAIL: gcc.dg/pch/largefile.c -O3 -g assembly comparison
FAIL: largefile.c (test for excess errors)
FAIL: gcc.dg/pch/largefile.c -Os assembly comparison
FAIL: gcc.dg/struct/wo_prof_two_strs.c (internal compiler error)
FAIL: gcc.dg/struct/wo_prof_two_strs.c (test for excess errors)
WARNING: gcc.dg/struct/wo_prof_two_strs.c compilation failed to produce executable
FAIL: gcc.dg/struct/wo_prof_two_strs.c scan-ipa-dump ipa_struct_reorg "Number of structures to transform is 2"
FAIL: gcc.dg/struct/w_prof_two_strs.c compilation, -O3 -fwhole-program -combine -fipa-type-escape -fprofile-use -fipa-struct-reorg -fdump-ipa-all (internal compiler error)
UNRESOLVED: gcc.dg/struct/w_prof_two_strs.c execution, -O3 -fwhole-program -combine -fipa-type-escape -fprofile-use -fipa-struct-reorg -fdump-ipa-all
FAIL: gcc.dg/tree-ssa/loop-1.c scan-assembler-times foo 5
FAIL: gcc.dg/tree-ssa/pr27781.c scan-tree-dump optimized "func \\(\\);"
FAIL: gcc.dg/vect/pr25413.c scan-tree-dump-times vect "vectorized 1 loops" 0
FAIL: gcc.dg/vect/pr25413.c scan-tree-dump-times vect "vector alignment may not be reachable" 1
FAIL: gcc.dg/vect/pr25413.c scan-tree-dump-times vect "not vectorized: unsupported unaligned store" 1
FAIL: gcc.dg/vect/pr31041.c (test for excess errors)
FAIL: gcc.target/i386/fastcall-1.c (test for excess errors)
FAIL: gcc.target/i386/pic-1.c (test for errors, line 11)
FAIL: gcc.target/i386/pr25993.c (test for excess errors)
=== gcc Summary ===
# of expected passes 49491
# of unexpected failures 64
# of expected failures 163
# of unresolved testcases 1
# of untested testcases 35
# of unsupported tests 410
/cygdrive/e/gnu/gcc-4.3-20080104/xp/gcc/xgcc version 4.3.0 20080104 (experimental) (GCC)
=== gfortran tests ===
Running target unix
FAIL: gfortran.dg/default_format_denormal_1.f90 execution test
FAIL: gfortran.dg/default_format_denormal_1.f90 execution test
FAIL: gfortran.dg/default_format_denormal_1.f90 execution test
FAIL: gfortran.dg/default_format_denormal_1.f90 execution test
FAIL: gfortran.dg/default_format_denormal_1.f90 execution test
FAIL: gfortran.dg/default_format_denormal_1.f90 execution test
FAIL: gfortran.dg/default_format_denormal_1.f90 execution test
FAIL: gfortran.dg/default_format_denormal_1.f90 execution test
FAIL: gfortran.dg/edit_real_1.f90 (internal compiler error)
FAIL: gfortran.dg/edit_real_1.f90 (test for excess errors)
WARNING: gfortran.dg/edit_real_1.f90 compilation failed to produce executable
FAIL: gfortran.dg/nint_2.f90 execution test
FAIL: gfortran.dg/streamio_12.f90 (internal compiler error)
FAIL: gfortran.dg/streamio_12.f90 (test for excess errors)
WARNING: gfortran.dg/streamio_12.f90 compilation failed to produce executable
FAIL: gfortran.fortran-torture/execute/intrinsic_integer.f90 execution, -O0
FAIL: gfortran.fortran-torture/execute/intrinsic_integer.f90 execution, -O1
FAIL: gfortran.fortran-torture/execute/intrinsic_integer.f90 execution, -O2
FAIL: gfortran.fortran-torture/execute/intrinsic_integer.f90 execution, -Os
=== gfortran Summary ===
# of expected passes 22773
# of unexpected failures 17
# of expected failures 8
# of unsupported tests 110
/cygdrive/e/gnu/gcc-4.3-20080104/xp/gcc/testsuite/gfortran/../../gfortran version 4.3.0 20080104 (experimental) (GCC)
=== objc tests ===
Running target unix
=== objc Summary ===
# of expected passes 1892
# of expected failures 7
# of unsupported tests 24
/cygdrive/e/gnu/gcc-4.3-20080104/xp/gcc/xgcc version 4.3.0 20080104 (experimental) (GCC)
=== libstdc++ tests ===
Running target unix
FAIL: 20_util/shared_ptr/thread/default_weaktoshared.cc execution test
FAIL: 20_util/shared_ptr/thread/mutex_weaktoshared.cc execution test
FAIL: 22_locale/locale/cons/unicode.cc (test for excess errors)
WARNING: 22_locale/locale/cons/unicode.cc compilation failed to produce executable
FAIL: 22_locale/locale/cons/unicode.cc (test for excess errors)
WARNING: 22_locale/locale/cons/unicode.cc compilation failed to produce executable
XPASS: 26_numerics/headers/cmath/c99_classification_macros_c.cc (test for excess errors)
XPASS: 26_numerics/headers/cmath/c99_classification_macros_c.cc (test for excess errors)
FAIL: 27_io/basic_filebuf/seekoff/char/1-io.cc execution test
FAIL: 27_io/basic_filebuf/seekoff/char/1-io.cc execution test
FAIL: 27_io/basic_filebuf/seekoff/char/2-io.cc execution test
FAIL: 27_io/basic_filebuf/seekoff/char/2-io.cc execution test
FAIL: 27_io/basic_filebuf/seekpos/char/1-io.cc execution test
FAIL: 27_io/basic_filebuf/seekpos/char/1-io.cc execution test
FAIL: 27_io/basic_filebuf/seekpos/char/2-io.cc execution test
FAIL: 27_io/basic_filebuf/seekpos/char/2-io.cc execution test
FAIL: 27_io/basic_filebuf/sgetn/char/1-in.cc execution test
FAIL: 27_io/basic_filebuf/sgetn/char/1-in.cc execution test
FAIL: 27_io/basic_filebuf/sgetn/char/1-in.cc execution test
FAIL: 27_io/basic_filebuf/sgetn/char/1-io.cc execution test
FAIL: 27_io/basic_filebuf/sgetn/char/1-io.cc execution test
FAIL: 27_io/basic_filebuf/sgetn/char/1-io.cc execution test
FAIL: 27_io/basic_filebuf/sgetn/char/2-in.cc execution test
FAIL: 27_io/basic_filebuf/sgetn/char/2-in.cc execution test
FAIL: 27_io/basic_filebuf/sgetn/char/2-in.cc execution test
FAIL: 27_io/basic_filebuf/sgetn/char/2-io.cc execution test
FAIL: 27_io/basic_filebuf/sgetn/char/2-io.cc execution test
FAIL: 27_io/basic_filebuf/sgetn/char/2-io.cc execution test
FAIL: 27_io/basic_istream/readsome/char/6746-2.cc execution test
FAIL: 27_io/basic_istream/readsome/char/6746-2.cc execution test
FAIL: 27_io/basic_istream/readsome/char/6746-2.cc execution test
FAIL: ext/bitmap_allocator/variadic_construct.cc execution test
FAIL: ext/codecvt/1.cc (test for excess errors)
WARNING: ext/codecvt/1.cc compilation failed to produce executable
FAIL: ext/codecvt/char-1.cc (test for excess errors)
WARNING: ext/codecvt/char-1.cc compilation failed to produce executable
FAIL: ext/codecvt/char-2.cc (test for excess errors)
WARNING: ext/codecvt/char-2.cc compilation failed to produce executable
FAIL: ext/enc_filebuf/char/13189.cc (test for excess errors)
WARNING: ext/enc_filebuf/char/13189.cc compilation failed to produce executable
FAIL: ext/enc_filebuf/char/13189.cc (test for excess errors)
WARNING: ext/enc_filebuf/char/13189.cc compilation failed to produce executable
FAIL: ext/enc_filebuf/char/13598.cc (test for excess errors)
WARNING: ext/enc_filebuf/char/13598.cc compilation failed to produce executable
FAIL: ext/enc_filebuf/char/13598.cc (test for excess errors)
WARNING: ext/enc_filebuf/char/13598.cc compilation failed to produce executable
FAIL: ext/mt_allocator/deallocate_local_thread-5.cc execution test
FAIL: ext/mt_allocator/deallocate_local_thread-7.cc execution test
FAIL: tr1/2_general_utilities/shared_ptr/thread/default_weaktoshared.cc execution test
FAIL: tr1/2_general_utilities/shared_ptr/thread/mutex_weaktoshared.cc execution test
=== libstdc++ Summary ===
# of expected passes 9295
# of unexpected failures 39
# of unexpected successes 2
# of expected failures 122
# of unsupported tests 556
=== gcc tests ===
Running target unix
=== gcc Summary ===
# of expected passes 54
/usr/bin/gcc version 3.4.4 (cygming special, gdc 0.12, using dmd 0.125)
Compiler version: 3.4.4 (cygming special, gdc 0.12, using dmd 0.125)
Platform: i686-pc-cygwin
configure flags: --prefix=/usr/local/gcc43 --enable-languages='c c++ fortran objc' --enable-threads=posix --enable-sjlj-exceptions --enable-maintainer-mode --disable-shared --disable-libmudflap
BOOT_CFLAGS=-O2 -march=pentium-m -pipe
Tim Prince