This is the mail archive of the gcc-testresults@gcc.gnu.org mailing list for the GCC project.


Index Nav: [Date Index] [Subject Index] [Author Index] [Thread Index]
Message Nav: [Date Prev] [Date Next] [Thread Prev] [Thread Next]
Other format: [Raw text]

Results for 4.2.3 20071228 (prerelease) testsuite on hppa2.0w-hp-hpux11.11


LAST_UPDATED: Fri Dec 28 01:49:29 UTC 2007 (revision 131211M)

		=== acats tests ===
FAIL:	c380004

		=== acats Summary ===
# of expected passes		2314
# of unexpected failures	1
Native configuration is hppa2.0w-hp-hpux11.11

		=== g++ tests ===


Running target unix
XPASS: g++.dg/tree-ssa/ivopts-1.C scan-tree-dump-not offset: -4B
XPASS: g++.dg/tree-ssa/ivopts-1.C scan-tree-dump-not &x\\[5\\]

		=== g++ Summary ===

# of expected passes		12939
# of unexpected successes	2
# of expected failures		70
# of unsupported tests		188
/mnt/gnu/gcc/objdir/gcc/testsuite/g++/../../g++  version 4.2.3 20071228 (prerelease)

		=== gcc tests ===


Running target unix
WARNING: program timed out.
FAIL: gcc.c-torture/compile/20001226-1.c  -O3 -fomit-frame-pointer  (test for excess errors)
WARNING: program timed out.
FAIL: gcc.c-torture/compile/20001226-1.c  -O3 -g  (test for excess errors)
WARNING: program timed out.
FAIL: gcc.c-torture/compile/20001226-1.c  -Os  (test for excess errors)
XPASS: gcc.c-torture/execute/mayalias-2.c compilation,  -O3 -g 
XPASS: gcc.dg/cpp/cmdlne-dI-M.c scan-file (^|\\\\n)cmdlne-dI-M.*:[^\\\\n]*cmdlne-dI-M.c
XPASS: gcc.dg/cpp/cmdlne-dM-M.c scan-file (^|\\\\n)cmdlne-dM-M[^\\\\n]*:[^\\\\n]*cmdlne-dM-M.c

		=== gcc Summary ===

# of expected passes		40225
# of unexpected failures	3
# of unexpected successes	3
# of expected failures		82
# of untested testcases		28
# of unsupported tests		500
/mnt/gnu/gcc/objdir/gcc/xgcc  version 4.2.3 20071228 (prerelease)

		=== gfortran tests ===


Running target unix

		=== gfortran Summary ===

# of expected passes		16039
# of expected failures		6
# of unsupported tests		105
/mnt/gnu/gcc/objdir/gcc/testsuite/gfortran/../../gfortran  version 4.2.3 20071228 (prerelease)

		=== gnat tests ===


Running target unix

		=== gnat Summary ===

# of expected passes		42
		=== obj-c++ tests ===


Running target unix
FAIL: obj-c++.dg/cxx-ivars-2.mm execution test
FAIL: obj-c++.dg/encode-8.mm execution test
FAIL: obj-c++.dg/isa-field-1.mm (test for excess errors)
FAIL: obj-c++.dg/lookup-2.mm (test for excess errors)
WARNING: obj-c++.dg/lookup-2.mm compilation failed to produce executable
FAIL: obj-c++.dg/try-catch-2.mm (test for excess errors)
WARNING: obj-c++.dg/try-catch-2.mm compilation failed to produce executable
FAIL: obj-c++.dg/try-catch-9.mm (test for excess errors)
WARNING: obj-c++.dg/try-catch-9.mm compilation failed to produce executable

		=== obj-c++ Summary ===

# of expected passes		427
# of unexpected failures	6
# of unsupported tests		14
/mnt/gnu/gcc/objdir/gcc/testsuite/obj-c++/../../g++  version 4.2.3 20071228 (prerelease)

		=== objc tests ===


Running target unix

		=== objc Summary ===

# of expected passes		1800
# of expected failures		7
# of unsupported tests		27
/mnt/gnu/gcc/objdir/gcc/xgcc  version 4.2.3 20071228 (prerelease)

		=== libgomp tests ===


Running target unix
FAIL: libgomp.fortran/vla6.f90  -O1  execution test
FAIL: libgomp.fortran/vla6.f90  -O3 -g  execution test

		=== libgomp Summary ===

# of expected passes		1338
# of unexpected failures	2
# of unsupported tests		118
		=== libstdc++ tests ===


Running target unix

		=== libstdc++ Summary ===

# of expected passes		3824
# of expected failures		15
# of unsupported tests		332

Compiler version: 4.2.3 20071228 (prerelease) 
Platform: hppa2.0w-hp-hpux11.11
configure flags: --with-gnu-as --with-as=/opt/gnu/bin/as --enable-shared --with-local-prefix=/opt/gnu --prefix=/opt/gnu/gcc/gcc-4.2.3 --with-gmp=/opt/gnu/gcc/gcc-4.2.3 --enable-threads=posix --enable-debug=no --disable-nls --enable-languages=c,ada,c++,fortran,objc,obj-c++


Index Nav: [Date Index] [Subject Index] [Author Index] [Thread Index]
Message Nav: [Date Prev] [Date Next] [Thread Prev] [Thread Next]