This is the mail archive of the
gcc-testresults@gcc.gnu.org
mailing list for the GCC project.
Results for 4.3.0 20071214 (experimental) [trunk revision 130927] (GCC) testsuite on i586-suse-linux-gnu
- From: ebotcazou at libertysurf dot fr (Eric Botcazou)
- To: gcc-testresults at gcc dot gnu dot org
- Date: Fri, 14 Dec 2007 16:21:32 +0100
- Subject: Results for 4.3.0 20071214 (experimental) [trunk revision 130927] (GCC) testsuite on i586-suse-linux-gnu
LAST_UPDATED: Fri Dec 14 07:23:09 UTC 2007 (revision 130927)
=== acats tests ===
=== acats Summary ===
# of expected passes 2315
# of unexpected failures 0
Native configuration is i586-suse-linux-gnu
=== gcc tests ===
Running target unix
XPASS: gcc.dg/cpp/cmdlne-dI-M.c scan-file (^|\\\\n)cmdlne-dI-M.*:[^\\\\n]*cmdlne-dI-M.c
XPASS: gcc.dg/cpp/cmdlne-dM-M.c scan-file (^|\\\\n)cmdlne-dM-M[^\\\\n]*:[^\\\\n]*cmdlne-dM-M.c
FAIL: gcc.misc-tests/linkage.c link
FAIL: compiler driver --coverage option(s) (assembler options)
=== gcc Summary ===
# of expected passes 48132
# of unexpected failures 2
# of unexpected successes 2
# of expected failures 170
# of untested testcases 35
# of unsupported tests 348
/home/eric/build/gcc/native32/gcc/xgcc version 4.3.0 20071214 (experimental) [trunk revision 130927] (GCC)
=== g++ tests ===
Running target unix
=== g++ Summary ===
# of expected passes 17118
# of expected failures 84
# of unsupported tests 88
/home/eric/build/gcc/native32/gcc/testsuite/g++/../../g++ version 4.3.0 20071214 (experimental) [trunk revision 130927] (GCC)
=== gnat tests ===
Running target unix
=== gnat Summary ===
# of expected passes 332
=== libgomp tests ===
Running target unix
=== libgomp Summary ===
# of expected passes 514
=== libstdc++ tests ===
Running target unix
XPASS: 26_numerics/headers/cmath/c99_classification_macros_c.cc (test for excess errors)
=== libstdc++ Summary ===
# of expected passes 5481
# of unexpected successes 1
# of expected failures 57
# of unsupported tests 10
Compiler version: 4.3.0 20071214 (experimental) [trunk revision 130927] (GCC)
Platform: i586-suse-linux-gnu
configure flags: i586-suse-linux --prefix=/home/eric/install/gcc --with-as=/home/eric/build/binutils-2_17-branch/native32/gas/as-new --with-ld=/home/eric/build/binutils-2_17-branch/native32/ld/ld-new --enable-languages=c,c++,ada --enable-checking=yes,rtl --enable-__cxa_atexit --disable-nls --disable-libmudflap
BOOT_CFLAGS=-g -O2 -fomit-frame-pointer