This is the mail archive of the
gcc-testresults@gcc.gnu.org
mailing list for the GCC project.
Results for 4.3.0 20071210 (experimental) [trunk revision 130748] (GCC) testsuite on x86_64-apple-darwin9
- From: Andreas Tobler <andreast-list at fgznet dot ch>
- To: gcc-testresults at gcc dot gnu dot org
- Date: Tue, 11 Dec 2007 21:18:12 +0100
- Subject: Results for 4.3.0 20071210 (experimental) [trunk revision 130748] (GCC) testsuite on x86_64-apple-darwin9
LAST_UPDATED: Mon Dec 10 20:12:31 UTC 2007 (revision 130748)
Native configuration is x86_64-apple-darwin9
=== g++ tests ===
Running target unix
FAIL: g++.dg/ext/visibility/anon6.C scan-assembler 1BIiE1cE
FAIL: g++.dg/ext/visibility/class1.C scan-assembler InitEv@PLT|indirect_symbol.*InitEv
FAIL: g++.dg/pubtypes.C scan-assembler long+[ \\t]+0x24+[ \\t]+[#;]+[ \\t]+Length of Public Type Names Info
FAIL: g++.dg/template/spec35.C scan-assembler .glob(a|)l[\\t ]*_Z2f2IfEvT_
FAIL: g++.dg/template/spec35.C scan-assembler .weak[\\t ]*_Z2f2IiEvT_
FAIL: g++.dg/special/conpr-3.C execution test
FAIL: g++.dg/special/initpri1.C execution test
FAIL: g++.old-deja/g++.pt/const2.C (test for excess errors)
=== g++ Summary ===
# of expected passes 16886
# of unexpected failures 8
# of expected failures 83
# of unsupported tests 152
/Volumes/development/devel/gcc/head/objdir-x86_64/gcc/testsuite/g++/../../g++ version 4.3.0 20071210 (experimental) [trunk revision 130748] (GCC)
=== gcc tests ===
Running target unix
WARNING: program timed out.
FAIL: gcc.c-torture/compile/20070520-1.c -O2 (test for excess errors)
FAIL: gcc.c-torture/execute/20000801-4.c execution, -O1
FAIL: gcc.c-torture/execute/20000801-4.c execution, -O2
FAIL: gcc.c-torture/execute/20000801-4.c execution, -O3 -fomit-frame-pointer
FAIL: gcc.c-torture/execute/20000801-4.c execution, -O3 -g
FAIL: gcc.c-torture/execute/20000801-4.c execution, -Os
WARNING: program timed out.
FAIL: gcc.dg/debug/pr16676.c -gdwarf-21 (test for excess errors)
FAIL: gcc.dg/initpri1.c execution test
WARNING: program timed out.
XPASS: gcc.dg/torture/builtin-math-4.c -O0 (test for excess errors)
XPASS: gcc.dg/torture/builtin-math-4.c -O1 (test for excess errors)
XPASS: gcc.dg/torture/builtin-math-4.c -O2 (test for excess errors)
XPASS: gcc.dg/torture/builtin-math-4.c -O3 -fomit-frame-pointer (test for excess errors)
XPASS: gcc.dg/torture/builtin-math-4.c -O3 -fomit-frame-pointer -funroll-loops (test for excess errors)
XPASS: gcc.dg/torture/builtin-math-4.c -O3 -fomit-frame-pointer -funroll-all-loops -finline-functions (test for excess errors)
XPASS: gcc.dg/torture/builtin-math-4.c -O3 -g (test for excess errors)
XPASS: gcc.dg/torture/builtin-math-4.c -Os (test for excess errors)
FAIL: gcc.dg/tree-ssa/loop-19.c scan-tree-dump-times final_cleanup "MEM.(base: &|symbol: )a," 2
FAIL: gcc.dg/tree-ssa/loop-19.c scan-tree-dump-times final_cleanup "MEM.(base: &|symbol: )c," 2
FAIL: gcc.dg/tree-ssa/loop-3.c scan-tree-dump-times optimized "step:" 1
FAIL: gcc.target/i386/pr32661-1.c scan-assembler-times mov 2
FAIL: gcc.target/i386/sse4_1-blendvpd.c (test for excess errors)
WARNING: gcc.target/i386/sse4_1-blendvpd.c compilation failed to produce executable
FAIL: gcc.target/i386/sse4_1-blendvps.c (test for excess errors)
WARNING: gcc.target/i386/sse4_1-blendvps.c compilation failed to produce executable
FAIL: gcc.target/i386/sse4_1-insertps-1.c (test for excess errors)
WARNING: gcc.target/i386/sse4_1-insertps-1.c compilation failed to produce executable
FAIL: gcc.target/i386/sse4_1-insertps-2.c (test for excess errors)
WARNING: gcc.target/i386/sse4_1-insertps-2.c compilation failed to produce executable
FAIL: gcc.target/i386/sse4_1-pblendvb.c (test for excess errors)
WARNING: gcc.target/i386/sse4_1-pblendvb.c compilation failed to produce executable
FAIL: gcc.target/i386/sse4_2-popcntl.c (test for excess errors)
WARNING: gcc.target/i386/sse4_2-popcntl.c compilation failed to produce executable
FAIL: gcc.target/i386/sse4_2-popcntq.c (test for excess errors)
WARNING: gcc.target/i386/sse4_2-popcntq.c compilation failed to produce executable
=== gcc Summary ===
# of expected passes 46969
# of unexpected failures 19
# of unexpected successes 8
# of expected failures 158
# of untested testcases 35
# of unsupported tests 467
/Volumes/development/devel/gcc/head/objdir-x86_64/gcc/xgcc version 4.3.0 20071210 (experimental) [trunk revision 130748] (GCC)
=== gfortran tests ===
Running target unix
FAIL: gfortran.dg/ltrans-7.f90 -O scan-tree-dump-times ltrans "transformed loop" 1
FAIL: gfortran.dg/stat_1.f90 -O0 execution test
FAIL: gfortran.dg/stat_1.f90 -O1 execution test
FAIL: gfortran.dg/stat_1.f90 -O2 execution test
FAIL: gfortran.dg/stat_1.f90 -O3 -fomit-frame-pointer execution test
FAIL: gfortran.dg/stat_1.f90 -O3 -fomit-frame-pointer -funroll-loops execution test
FAIL: gfortran.dg/stat_1.f90 -O3 -fomit-frame-pointer -funroll-all-loops -finline-functions execution test
FAIL: gfortran.dg/stat_1.f90 -O3 -g execution test
FAIL: gfortran.dg/stat_1.f90 -Os execution test
FAIL: gfortran.dg/stat_2.f90 -O0 execution test
FAIL: gfortran.dg/stat_2.f90 -O1 execution test
FAIL: gfortran.dg/stat_2.f90 -O2 execution test
FAIL: gfortran.dg/stat_2.f90 -O3 -fomit-frame-pointer execution test
FAIL: gfortran.dg/stat_2.f90 -O3 -fomit-frame-pointer -funroll-loops execution test
FAIL: gfortran.dg/stat_2.f90 -O3 -fomit-frame-pointer -funroll-all-loops -finline-functions execution test
FAIL: gfortran.dg/stat_2.f90 -O3 -g execution test
FAIL: gfortran.dg/stat_2.f90 -Os execution test
FAIL: gfortran.fortran-torture/execute/intrinsic_set_exponent.f90 execution, -O0
FAIL: gfortran.fortran-torture/execute/intrinsic_set_exponent.f90 execution, -O1
FAIL: gfortran.fortran-torture/execute/intrinsic_set_exponent.f90 execution, -O2
FAIL: gfortran.fortran-torture/execute/intrinsic_set_exponent.f90 execution, -O3 -fomit-frame-pointer
FAIL: gfortran.fortran-torture/execute/intrinsic_set_exponent.f90 execution, -O3 -fomit-frame-pointer -funroll-loops
FAIL: gfortran.fortran-torture/execute/intrinsic_set_exponent.f90 execution, -O3 -fomit-frame-pointer -funroll-all-loops -finline-functions
FAIL: gfortran.fortran-torture/execute/intrinsic_set_exponent.f90 execution, -O3 -g
FAIL: gfortran.fortran-torture/execute/intrinsic_set_exponent.f90 execution, -Os
=== gfortran Summary ===
# of expected passes 22550
# of unexpected failures 25
# of expected failures 16
# of unsupported tests 40
/Volumes/development/devel/gcc/head/objdir-x86_64/gcc/testsuite/gfortran/../../gfortran version 4.3.0 20071210 (experimental) [trunk revision 130748] (GCC)
=== libffi tests ===
Running target unix
=== libffi Summary ===
# of expected passes 1116
# of unsupported tests 8
=== libgomp tests ===
Running target unix
FAIL: libgomp.fortran/crayptr2.f90 -O0 (test for excess errors)
WARNING: libgomp.fortran/crayptr2.f90 -O0 compilation failed to produce executable
FAIL: libgomp.fortran/crayptr2.f90 -O1 (test for excess errors)
WARNING: libgomp.fortran/crayptr2.f90 -O1 compilation failed to produce executable
FAIL: libgomp.fortran/crayptr2.f90 -O2 (test for excess errors)
WARNING: libgomp.fortran/crayptr2.f90 -O2 compilation failed to produce executable
FAIL: libgomp.fortran/crayptr2.f90 -O3 -fomit-frame-pointer (test for excess errors)
WARNING: libgomp.fortran/crayptr2.f90 -O3 -fomit-frame-pointer compilation failed to produce executable
FAIL: libgomp.fortran/crayptr2.f90 -O3 -fomit-frame-pointer -funroll-loops (test for excess errors)
WARNING: libgomp.fortran/crayptr2.f90 -O3 -fomit-frame-pointer -funroll-loops compilation failed to produce executable
FAIL: libgomp.fortran/crayptr2.f90 -O3 -fomit-frame-pointer -funroll-all-loops -finline-functions (test for excess errors)
WARNING: libgomp.fortran/crayptr2.f90 -O3 -fomit-frame-pointer -funroll-all-loops -finline-functions compilation failed to produce executable
FAIL: libgomp.fortran/crayptr2.f90 -O3 -g (test for excess errors)
WARNING: libgomp.fortran/crayptr2.f90 -O3 -g compilation failed to produce executable
FAIL: libgomp.fortran/crayptr2.f90 -Os (test for excess errors)
WARNING: libgomp.fortran/crayptr2.f90 -Os compilation failed to produce executable
=== libgomp Summary ===
# of expected passes 1423
# of unexpected failures 8
# of unsupported tests 109
=== libjava tests ===
Running target unix
FAIL: PR16923 run
FAIL: events output
=== libjava Summary ===
# of expected passes 2548
# of unexpected failures 2
# of untested testcases 1
=== libstdc++ tests ===
Running target unix
XPASS: 21_strings/basic_string/element_access/char/21674.cc execution test
XPASS: 21_strings/basic_string/element_access/wchar_t/21674.cc execution test
XPASS: 26_numerics/headers/cmath/c99_classification_macros_c.cc (test for excess errors)
WARNING: program timed out.
FAIL: 27_io/ios_base/storage/2.cc execution test
FAIL: ext/mt_allocator/deallocate_local_thread-5.cc execution test
FAIL: ext/mt_allocator/deallocate_local_thread-7.cc execution test
=== libstdc++ Summary ===
# of expected passes 4841
# of unexpected failures 3
# of unexpected successes 3
# of expected failures 55
# of unsupported tests 328
Compiler version: 4.3.0 20071210 (experimental) [trunk revision 130748] (GCC)
Platform: x86_64-apple-darwin9
configure flags: --prefix=/Volumes/development/devel/gcc/head/testbin-x86_64 --build=x86_64-apple-darwin9 --target=x86_64-apple-darwin9 --disable-static --disable-multilib --with-gmp=/usr/local/x86_64 --with-mpfr=/usr/local/x86_64 --enable-languages=c,c++,fortran,java --enable-checking=release