This is the mail archive of the
gcc-testresults@gcc.gnu.org
mailing list for the GCC project.
Results for 4.3.0 20071211 (experimental) [trunk revision 130766] (GCC) testsuite on x86_64-unknown-linux-gnu
- From: Weidong Cui <mason dot cui at gmail dot com>
- To: gcc-testresults at gcc dot gnu dot org
- Date: Mon, 10 Dec 2007 21:19:51 -0800 (PST)
- Subject: Results for 4.3.0 20071211 (experimental) [trunk revision 130766] (GCC) testsuite on x86_64-unknown-linux-gnu
LAST_UPDATED: Tue Dec 11 11:31:10 UTC 2007 (revision 130766)
Native configuration is x86_64-unknown-linux-gnu
=== gcc tests ===
Running target unix
FAIL: gcc.dg/tree-prof/bb-reorg.c compilation, -fprofile-use -D_PROFILE_USE
UNRESOLVED: gcc.dg/tree-prof/bb-reorg.c execution, -fprofile-use -D_PROFILE_USE
=== gcc Summary ===
# of expected passes 47894
# of unexpected failures 1
# of expected failures 168
# of unresolved testcases 1
# of untested testcases 35
# of unsupported tests 464
/home/cuiwd/gcc4/build/gcc/xgcc version 4.3.0 20071211 (experimental) [trunk revision 130766] (GCC)
=== gfortran tests ===
Running target unix
FAIL: gfortran.dg/ltrans-7.f90 -O scan-tree-dump-times ltrans "transformed loop" 1
=== gfortran Summary ===
# of expected passes 22669
# of unexpected failures 1
# of expected failures 8
# of unsupported tests 18
/home/cuiwd/gcc4/build/gcc/testsuite/gfortran/../../gfortran version 4.3.0 20071211 (experimental) [trunk revision 130766] (GCC)
=== g++ tests ===
Running target unix
=== g++ Summary ===
# of expected passes 17026
# of expected failures 83
# of unsupported tests 118
/home/cuiwd/gcc4/build/gcc/testsuite/g++/../../g++ version 4.3.0 20071211 (experimental) [trunk revision 130766] (GCC)
=== objc tests ===
Running target unix
=== objc Summary ===
# of expected passes 1812
# of expected failures 7
# of unsupported tests 24
/home/cuiwd/gcc4/build/gcc/xgcc version 4.3.0 20071211 (experimental) [trunk revision 130766] (GCC)
=== libffi tests ===
Running target unix
=== libffi Summary ===
# of expected passes 1116
# of unsupported tests 8
=== libgomp tests ===
Running target unix
=== libgomp Summary ===
# of expected passes 1657
=== libjava tests ===
Running target unix
=== libjava Summary ===
# of expected passes 2550
=== libmudflap tests ===
Running target unix
FAIL: libmudflap.c++/pass41-frag.cxx execution test
FAIL: libmudflap.c++/pass41-frag.cxx (-static) execution test
FAIL: libmudflap.c++/pass41-frag.cxx ( -O) execution test
FAIL: libmudflap.c++/pass41-frag.cxx (-O2) execution test
FAIL: libmudflap.c++/pass41-frag.cxx (-O3) execution test
=== libmudflap Summary ===
# of expected passes 1821
# of unexpected failures 5
=== libstdc++ tests ===
Running target unix
FAIL: abi_check
FAIL: 22_locale/num_put/put/char/12.cc execution test
FAIL: 22_locale/num_put/put/wchar_t/12.cc execution test
XPASS: 26_numerics/headers/cmath/c99_classification_macros_c.cc (test for excess errors)
XPASS: 27_io/fpos/14320-1.cc execution test
=== libstdc++ Summary ===
# of expected passes 4846
# of unexpected failures 3
# of unexpected successes 2
# of expected failures 56
# of unsupported tests 326
Compiler version: 4.3.0 20071211 (experimental) [trunk revision 130766] (GCC)
Platform: x86_64-unknown-linux-gnu
configure flags: --enable-clocale=gnu --with-system-zlib --with-demangler-in-ld --enable-shared --enable-threads-osix --enable-haifa --enable-checking=assert --prefix=/home/cuiwd/gcc4/ins --with-gmp=/home/cuiwd/gmp --with-mpfr=/home/cuiwd/mpfr --enable-languages=c,c++,fortran,java,objc --no-create --no-recursion