This is the mail archive of the
gcc-testresults@gcc.gnu.org
mailing list for the GCC project.
Results for 4.3.0 20071127 (experimental) [trunk revision 130462] (GCC) testsuite on i586-suse-linux-gnu
- From: ebotcazou at libertysurf dot fr (Eric Botcazou)
- To: gcc-testresults at gcc dot gnu dot org
- Date: Tue, 27 Nov 2007 11:33:10 +0100
- Subject: Results for 4.3.0 20071127 (experimental) [trunk revision 130462] (GCC) testsuite on i586-suse-linux-gnu
LAST_UPDATED: Tue Nov 27 06:53:17 UTC 2007 (revision 130462)
=== acats tests ===
=== acats Summary ===
# of expected passes 2315
# of unexpected failures 0
Native configuration is i586-suse-linux-gnu
=== gcc tests ===
Running target unix
XPASS: gcc.dg/cpp/cmdlne-dI-M.c scan-file (^|\\\\n)cmdlne-dI-M.*:[^\\\\n]*cmdlne-dI-M.c
XPASS: gcc.dg/cpp/cmdlne-dM-M.c scan-file (^|\\\\n)cmdlne-dM-M[^\\\\n]*:[^\\\\n]*cmdlne-dM-M.c
FAIL: gcc.misc-tests/linkage.c link
FAIL: compiler driver --coverage option(s) (assembler options)
=== gcc Summary ===
# of expected passes 47929
# of unexpected failures 2
# of unexpected successes 2
# of expected failures 167
# of untested testcases 35
# of unsupported tests 348
/home/eric/build/gcc/native32/gcc/xgcc version 4.3.0 20071127 (experimental) [trunk revision 130462] (GCC)
=== g++ tests ===
Running target unix
XPASS: g++.old-deja/g++.mike/empty.C suggest (test for bogus messages, line 19)
XPASS: g++.old-deja/g++.mike/empty.C suggest (test for bogus messages, line 20)
=== g++ Summary ===
# of expected passes 17049
# of unexpected successes 2
# of expected failures 83
# of unsupported tests 88
/home/eric/build/gcc/native32/gcc/testsuite/g++/../../g++ version 4.3.0 20071127 (experimental) [trunk revision 130462] (GCC)
=== gnat tests ===
Running target unix
=== gnat Summary ===
# of expected passes 309
Compiler version: 4.3.0 20071127 (experimental) [trunk revision 130462] (GCC)
Platform: i586-suse-linux-gnu
configure flags: i586-suse-linux --prefix=/home/eric/install/gcc --with-as=/home/eric/build/binutils-2_17-branch/native32/gas/as-new --with-ld=/home/eric/build/binutils-2_17-branch/native32/ld/ld-new --enable-languages=c,c++,ada --enable-checking=yes,rtl --enable-__cxa_atexit --disable-nls --disable-libmudflap
BOOT_CFLAGS=-g -O2 -fomit-frame-pointer