This is the mail archive of the
gcc-testresults@gcc.gnu.org
mailing list for the GCC project.
Results for 4.3.0 20071125 (experimental) [trunk revision 130408] (GCC) testsuite on x86_64-unknown-linux-gnu
- From: Joey Ye <jye2 at shgcc-2 dot sh dot intel dot com>
- To: gcc-testresults at gcc dot gnu dot org
- Date: Mon, 26 Nov 2007 07:20:28 +0800
- Subject: Results for 4.3.0 20071125 (experimental) [trunk revision 130408] (GCC) testsuite on x86_64-unknown-linux-gnu
LAST_UPDATED: Sun Nov 25 17:01:40 UTC 2007 (revision 130408)
Native configuration is x86_64-unknown-linux-gnu
=== g++ tests ===
Running target unix/-m32
XPASS: g++.old-deja/g++.mike/empty.C suggest (test for bogus messages, line 19)
XPASS: g++.old-deja/g++.mike/empty.C suggest (test for bogus messages, line 20)
=== g++ Summary for unix/-m32 ===
# of expected passes 17046
# of unexpected successes 2
# of expected failures 83
# of unsupported tests 89
Running target unix
XPASS: g++.old-deja/g++.mike/empty.C suggest (test for bogus messages, line 19)
XPASS: g++.old-deja/g++.mike/empty.C suggest (test for bogus messages, line 20)
=== g++ Summary for unix ===
# of expected passes 16961
# of unexpected successes 2
# of expected failures 83
# of unsupported tests 118
=== g++ Summary ===
# of expected passes 34007
# of unexpected successes 4
# of expected failures 166
# of unsupported tests 207
/home/jye2/gcc/build-daily/gcc/testsuite/g++/../../g++ version 4.3.0 20071125 (experimental) [trunk revision 130408] (GCC)
=== gcc tests ===
Running target unix/-m32
=== gcc Summary for unix/-m32 ===
# of expected passes 48069
# of expected failures 169
# of untested testcases 35
# of unsupported tests 266
Running target unix
=== gcc Summary for unix ===
# of expected passes 47936
# of expected failures 168
# of untested testcases 35
# of unsupported tests 376
=== gcc Summary ===
# of expected passes 96005
# of expected failures 337
# of untested testcases 70
# of unsupported tests 642
/home/jye2/gcc/build-daily/gcc/xgcc version 4.3.0 20071125 (experimental) [trunk revision 130408] (GCC)
=== gfortran tests ===
Running target unix/-m32
=== gfortran Summary for unix/-m32 ===
# of expected passes 22273
# of expected failures 8
# of unsupported tests 16
Running target unix
=== gfortran Summary for unix ===
# of expected passes 22271
# of expected failures 8
# of unsupported tests 18
=== gfortran Summary ===
# of expected passes 44544
# of expected failures 16
# of unsupported tests 34
/home/jye2/gcc/build-daily/gcc/testsuite/gfortran/../../gfortran version 4.3.0 20071125 (experimental) [trunk revision 130408] (GCC)
=== objc tests ===
Running target unix/-m32
=== objc Summary for unix/-m32 ===
# of expected passes 1812
# of expected failures 7
# of unsupported tests 24
Running target unix
=== objc Summary for unix ===
# of expected passes 1812
# of expected failures 7
# of unsupported tests 24
=== objc Summary ===
# of expected passes 3624
# of expected failures 14
# of unsupported tests 48
/home/jye2/gcc/build-daily/gcc/xgcc version 4.3.0 20071125 (experimental) [trunk revision 130408] (GCC)
=== libffi tests ===
Running target unix/-m32
=== libffi Summary for unix/-m32 ===
# of expected passes 1116
# of unsupported tests 8
Running target unix
=== libffi Summary for unix ===
# of expected passes 1116
# of unsupported tests 8
=== libffi Summary ===
# of expected passes 2232
# of unsupported tests 16
=== libgomp tests ===
Running target unix/-m32
FAIL: libgomp.fortran/character1.f90 -O0 (internal compiler error)
FAIL: libgomp.fortran/character1.f90 -O0 (test for excess errors)
WARNING: libgomp.fortran/character1.f90 -O0 compilation failed to produce executable
FAIL: libgomp.fortran/character1.f90 -O1 (internal compiler error)
FAIL: libgomp.fortran/character1.f90 -O1 (test for excess errors)
WARNING: libgomp.fortran/character1.f90 -O1 compilation failed to produce executable
FAIL: libgomp.fortran/character1.f90 -O2 (internal compiler error)
FAIL: libgomp.fortran/character1.f90 -O2 (test for excess errors)
WARNING: libgomp.fortran/character1.f90 -O2 compilation failed to produce executable
FAIL: libgomp.fortran/character1.f90 -O3 -fomit-frame-pointer (internal compiler error)
FAIL: libgomp.fortran/character1.f90 -O3 -fomit-frame-pointer (test for excess errors)
WARNING: libgomp.fortran/character1.f90 -O3 -fomit-frame-pointer compilation failed to produce executable
FAIL: libgomp.fortran/character1.f90 -O3 -fomit-frame-pointer -funroll-loops (internal compiler error)
FAIL: libgomp.fortran/character1.f90 -O3 -fomit-frame-pointer -funroll-loops (test for excess errors)
WARNING: libgomp.fortran/character1.f90 -O3 -fomit-frame-pointer -funroll-loops compilation failed to produce executable
FAIL: libgomp.fortran/character1.f90 -O3 -fomit-frame-pointer -funroll-all-loops -finline-functions (internal compiler error)
FAIL: libgomp.fortran/character1.f90 -O3 -fomit-frame-pointer -funroll-all-loops -finline-functions (test for excess errors)
WARNING: libgomp.fortran/character1.f90 -O3 -fomit-frame-pointer -funroll-all-loops -finline-functions compilation failed to produce executable
FAIL: libgomp.fortran/character1.f90 -O3 -g (internal compiler error)
FAIL: libgomp.fortran/character1.f90 -O3 -g (test for excess errors)
WARNING: libgomp.fortran/character1.f90 -O3 -g compilation failed to produce executable
FAIL: libgomp.fortran/character1.f90 -Os (internal compiler error)
FAIL: libgomp.fortran/character1.f90 -Os (test for excess errors)
WARNING: libgomp.fortran/character1.f90 -Os compilation failed to produce executable
FAIL: libgomp.fortran/character2.f90 -O0 (internal compiler error)
FAIL: libgomp.fortran/character2.f90 -O0 (test for excess errors)
WARNING: libgomp.fortran/character2.f90 -O0 compilation failed to produce executable
FAIL: libgomp.fortran/character2.f90 -O1 (internal compiler error)
FAIL: libgomp.fortran/character2.f90 -O1 (test for excess errors)
WARNING: libgomp.fortran/character2.f90 -O1 compilation failed to produce executable
FAIL: libgomp.fortran/character2.f90 -O2 (internal compiler error)
FAIL: libgomp.fortran/character2.f90 -O2 (test for excess errors)
WARNING: libgomp.fortran/character2.f90 -O2 compilation failed to produce executable
FAIL: libgomp.fortran/character2.f90 -O3 -fomit-frame-pointer (internal compiler error)
FAIL: libgomp.fortran/character2.f90 -O3 -fomit-frame-pointer (test for excess errors)
WARNING: libgomp.fortran/character2.f90 -O3 -fomit-frame-pointer compilation failed to produce executable
FAIL: libgomp.fortran/character2.f90 -O3 -fomit-frame-pointer -funroll-loops (internal compiler error)
FAIL: libgomp.fortran/character2.f90 -O3 -fomit-frame-pointer -funroll-loops (test for excess errors)
WARNING: libgomp.fortran/character2.f90 -O3 -fomit-frame-pointer -funroll-loops compilation failed to produce executable
FAIL: libgomp.fortran/character2.f90 -O3 -fomit-frame-pointer -funroll-all-loops -finline-functions (internal compiler error)
FAIL: libgomp.fortran/character2.f90 -O3 -fomit-frame-pointer -funroll-all-loops -finline-functions (test for excess errors)
WARNING: libgomp.fortran/character2.f90 -O3 -fomit-frame-pointer -funroll-all-loops -finline-functions compilation failed to produce executable
FAIL: libgomp.fortran/character2.f90 -O3 -g (internal compiler error)
FAIL: libgomp.fortran/character2.f90 -O3 -g (test for excess errors)
WARNING: libgomp.fortran/character2.f90 -O3 -g compilation failed to produce executable
FAIL: libgomp.fortran/character2.f90 -Os (internal compiler error)
FAIL: libgomp.fortran/character2.f90 -Os (test for excess errors)
WARNING: libgomp.fortran/character2.f90 -Os compilation failed to produce executable
FAIL: libgomp.fortran/vla1.f90 -O0 (internal compiler error)
FAIL: libgomp.fortran/vla1.f90 -O0 (test for excess errors)
WARNING: libgomp.fortran/vla1.f90 -O0 compilation failed to produce executable
FAIL: libgomp.fortran/vla1.f90 -O1 (internal compiler error)
FAIL: libgomp.fortran/vla1.f90 -O1 (test for excess errors)
WARNING: libgomp.fortran/vla1.f90 -O1 compilation failed to produce executable
FAIL: libgomp.fortran/vla1.f90 -O2 (internal compiler error)
FAIL: libgomp.fortran/vla1.f90 -O2 (test for excess errors)
WARNING: libgomp.fortran/vla1.f90 -O2 compilation failed to produce executable
FAIL: libgomp.fortran/vla1.f90 -O3 -fomit-frame-pointer (internal compiler error)
FAIL: libgomp.fortran/vla1.f90 -O3 -fomit-frame-pointer (test for excess errors)
WARNING: libgomp.fortran/vla1.f90 -O3 -fomit-frame-pointer compilation failed to produce executable
FAIL: libgomp.fortran/vla1.f90 -O3 -fomit-frame-pointer -funroll-loops (internal compiler error)
FAIL: libgomp.fortran/vla1.f90 -O3 -fomit-frame-pointer -funroll-loops (test for excess errors)
WARNING: libgomp.fortran/vla1.f90 -O3 -fomit-frame-pointer -funroll-loops compilation failed to produce executable
FAIL: libgomp.fortran/vla1.f90 -O3 -fomit-frame-pointer -funroll-all-loops -finline-functions (internal compiler error)
FAIL: libgomp.fortran/vla1.f90 -O3 -fomit-frame-pointer -funroll-all-loops -finline-functions (test for excess errors)
WARNING: libgomp.fortran/vla1.f90 -O3 -fomit-frame-pointer -funroll-all-loops -finline-functions compilation failed to produce executable
FAIL: libgomp.fortran/vla1.f90 -O3 -g (internal compiler error)
FAIL: libgomp.fortran/vla1.f90 -O3 -g (test for excess errors)
WARNING: libgomp.fortran/vla1.f90 -O3 -g compilation failed to produce executable
FAIL: libgomp.fortran/vla1.f90 -Os (internal compiler error)
FAIL: libgomp.fortran/vla1.f90 -Os (test for excess errors)
WARNING: libgomp.fortran/vla1.f90 -Os compilation failed to produce executable
FAIL: libgomp.fortran/vla2.f90 -O0 (internal compiler error)
FAIL: libgomp.fortran/vla2.f90 -O0 (test for excess errors)
WARNING: libgomp.fortran/vla2.f90 -O0 compilation failed to produce executable
FAIL: libgomp.fortran/vla2.f90 -O1 (internal compiler error)
FAIL: libgomp.fortran/vla2.f90 -O1 (test for excess errors)
WARNING: libgomp.fortran/vla2.f90 -O1 compilation failed to produce executable
FAIL: libgomp.fortran/vla2.f90 -O2 (internal compiler error)
FAIL: libgomp.fortran/vla2.f90 -O2 (test for excess errors)
WARNING: libgomp.fortran/vla2.f90 -O2 compilation failed to produce executable
FAIL: libgomp.fortran/vla2.f90 -O3 -fomit-frame-pointer (internal compiler error)
FAIL: libgomp.fortran/vla2.f90 -O3 -fomit-frame-pointer (test for excess errors)
WARNING: libgomp.fortran/vla2.f90 -O3 -fomit-frame-pointer compilation failed to produce executable
FAIL: libgomp.fortran/vla2.f90 -O3 -fomit-frame-pointer -funroll-loops (internal compiler error)
FAIL: libgomp.fortran/vla2.f90 -O3 -fomit-frame-pointer -funroll-loops (test for excess errors)
WARNING: libgomp.fortran/vla2.f90 -O3 -fomit-frame-pointer -funroll-loops compilation failed to produce executable
FAIL: libgomp.fortran/vla2.f90 -O3 -fomit-frame-pointer -funroll-all-loops -finline-functions (internal compiler error)
FAIL: libgomp.fortran/vla2.f90 -O3 -fomit-frame-pointer -funroll-all-loops -finline-functions (test for excess errors)
WARNING: libgomp.fortran/vla2.f90 -O3 -fomit-frame-pointer -funroll-all-loops -finline-functions compilation failed to produce executable
FAIL: libgomp.fortran/vla2.f90 -O3 -g (internal compiler error)
FAIL: libgomp.fortran/vla2.f90 -O3 -g (test for excess errors)
WARNING: libgomp.fortran/vla2.f90 -O3 -g compilation failed to produce executable
FAIL: libgomp.fortran/vla2.f90 -Os (internal compiler error)
FAIL: libgomp.fortran/vla2.f90 -Os (test for excess errors)
WARNING: libgomp.fortran/vla2.f90 -Os compilation failed to produce executable
FAIL: libgomp.fortran/vla3.f90 -O0 (internal compiler error)
FAIL: libgomp.fortran/vla3.f90 -O0 (test for excess errors)
WARNING: libgomp.fortran/vla3.f90 -O0 compilation failed to produce executable
FAIL: libgomp.fortran/vla3.f90 -O1 (internal compiler error)
FAIL: libgomp.fortran/vla3.f90 -O1 (test for excess errors)
WARNING: libgomp.fortran/vla3.f90 -O1 compilation failed to produce executable
FAIL: libgomp.fortran/vla3.f90 -O2 (internal compiler error)
FAIL: libgomp.fortran/vla3.f90 -O2 (test for excess errors)
WARNING: libgomp.fortran/vla3.f90 -O2 compilation failed to produce executable
FAIL: libgomp.fortran/vla3.f90 -O3 -fomit-frame-pointer (internal compiler error)
FAIL: libgomp.fortran/vla3.f90 -O3 -fomit-frame-pointer (test for excess errors)
WARNING: libgomp.fortran/vla3.f90 -O3 -fomit-frame-pointer compilation failed to produce executable
FAIL: libgomp.fortran/vla3.f90 -O3 -fomit-frame-pointer -funroll-loops (internal compiler error)
FAIL: libgomp.fortran/vla3.f90 -O3 -fomit-frame-pointer -funroll-loops (test for excess errors)
WARNING: libgomp.fortran/vla3.f90 -O3 -fomit-frame-pointer -funroll-loops compilation failed to produce executable
FAIL: libgomp.fortran/vla3.f90 -O3 -fomit-frame-pointer -funroll-all-loops -finline-functions (internal compiler error)
FAIL: libgomp.fortran/vla3.f90 -O3 -fomit-frame-pointer -funroll-all-loops -finline-functions (test for excess errors)
WARNING: libgomp.fortran/vla3.f90 -O3 -fomit-frame-pointer -funroll-all-loops -finline-functions compilation failed to produce executable
FAIL: libgomp.fortran/vla3.f90 -O3 -g (internal compiler error)
FAIL: libgomp.fortran/vla3.f90 -O3 -g (test for excess errors)
WARNING: libgomp.fortran/vla3.f90 -O3 -g compilation failed to produce executable
FAIL: libgomp.fortran/vla3.f90 -Os (internal compiler error)
FAIL: libgomp.fortran/vla3.f90 -Os (test for excess errors)
WARNING: libgomp.fortran/vla3.f90 -Os compilation failed to produce executable
FAIL: libgomp.fortran/vla4.f90 -O0 (internal compiler error)
FAIL: libgomp.fortran/vla4.f90 -O0 (test for excess errors)
WARNING: libgomp.fortran/vla4.f90 -O0 compilation failed to produce executable
FAIL: libgomp.fortran/vla4.f90 -O1 (internal compiler error)
FAIL: libgomp.fortran/vla4.f90 -O1 (test for excess errors)
WARNING: libgomp.fortran/vla4.f90 -O1 compilation failed to produce executable
FAIL: libgomp.fortran/vla4.f90 -O2 (internal compiler error)
FAIL: libgomp.fortran/vla4.f90 -O2 (test for excess errors)
WARNING: libgomp.fortran/vla4.f90 -O2 compilation failed to produce executable
FAIL: libgomp.fortran/vla4.f90 -O3 -fomit-frame-pointer (internal compiler error)
FAIL: libgomp.fortran/vla4.f90 -O3 -fomit-frame-pointer (test for excess errors)
WARNING: libgomp.fortran/vla4.f90 -O3 -fomit-frame-pointer compilation failed to produce executable
FAIL: libgomp.fortran/vla4.f90 -O3 -fomit-frame-pointer -funroll-loops (internal compiler error)
FAIL: libgomp.fortran/vla4.f90 -O3 -fomit-frame-pointer -funroll-loops (test for excess errors)
WARNING: libgomp.fortran/vla4.f90 -O3 -fomit-frame-pointer -funroll-loops compilation failed to produce executable
FAIL: libgomp.fortran/vla4.f90 -O3 -fomit-frame-pointer -funroll-all-loops -finline-functions (internal compiler error)
FAIL: libgomp.fortran/vla4.f90 -O3 -fomit-frame-pointer -funroll-all-loops -finline-functions (test for excess errors)
WARNING: libgomp.fortran/vla4.f90 -O3 -fomit-frame-pointer -funroll-all-loops -finline-functions compilation failed to produce executable
FAIL: libgomp.fortran/vla4.f90 -O3 -g (internal compiler error)
FAIL: libgomp.fortran/vla4.f90 -O3 -g (test for excess errors)
WARNING: libgomp.fortran/vla4.f90 -O3 -g compilation failed to produce executable
FAIL: libgomp.fortran/vla4.f90 -Os (internal compiler error)
FAIL: libgomp.fortran/vla4.f90 -Os (test for excess errors)
WARNING: libgomp.fortran/vla4.f90 -Os compilation failed to produce executable
FAIL: libgomp.fortran/vla5.f90 -O0 (internal compiler error)
FAIL: libgomp.fortran/vla5.f90 -O0 (test for excess errors)
WARNING: libgomp.fortran/vla5.f90 -O0 compilation failed to produce executable
FAIL: libgomp.fortran/vla5.f90 -O1 (internal compiler error)
FAIL: libgomp.fortran/vla5.f90 -O1 (test for excess errors)
WARNING: libgomp.fortran/vla5.f90 -O1 compilation failed to produce executable
FAIL: libgomp.fortran/vla5.f90 -O2 (internal compiler error)
FAIL: libgomp.fortran/vla5.f90 -O2 (test for excess errors)
WARNING: libgomp.fortran/vla5.f90 -O2 compilation failed to produce executable
FAIL: libgomp.fortran/vla5.f90 -O3 -fomit-frame-pointer (internal compiler error)
FAIL: libgomp.fortran/vla5.f90 -O3 -fomit-frame-pointer (test for excess errors)
WARNING: libgomp.fortran/vla5.f90 -O3 -fomit-frame-pointer compilation failed to produce executable
FAIL: libgomp.fortran/vla5.f90 -O3 -fomit-frame-pointer -funroll-loops (internal compiler error)
FAIL: libgomp.fortran/vla5.f90 -O3 -fomit-frame-pointer -funroll-loops (test for excess errors)
WARNING: libgomp.fortran/vla5.f90 -O3 -fomit-frame-pointer -funroll-loops compilation failed to produce executable
FAIL: libgomp.fortran/vla5.f90 -O3 -fomit-frame-pointer -funroll-all-loops -finline-functions (internal compiler error)
FAIL: libgomp.fortran/vla5.f90 -O3 -fomit-frame-pointer -funroll-all-loops -finline-functions (test for excess errors)
WARNING: libgomp.fortran/vla5.f90 -O3 -fomit-frame-pointer -funroll-all-loops -finline-functions compilation failed to produce executable
FAIL: libgomp.fortran/vla5.f90 -O3 -g (internal compiler error)
FAIL: libgomp.fortran/vla5.f90 -O3 -g (test for excess errors)
WARNING: libgomp.fortran/vla5.f90 -O3 -g compilation failed to produce executable
FAIL: libgomp.fortran/vla5.f90 -Os (internal compiler error)
FAIL: libgomp.fortran/vla5.f90 -Os (test for excess errors)
WARNING: libgomp.fortran/vla5.f90 -Os compilation failed to produce executable
FAIL: libgomp.fortran/vla6.f90 -O0 (internal compiler error)
FAIL: libgomp.fortran/vla6.f90 -O0 (test for excess errors)
WARNING: libgomp.fortran/vla6.f90 -O0 compilation failed to produce executable
FAIL: libgomp.fortran/vla6.f90 -O1 (internal compiler error)
FAIL: libgomp.fortran/vla6.f90 -O1 (test for excess errors)
WARNING: libgomp.fortran/vla6.f90 -O1 compilation failed to produce executable
FAIL: libgomp.fortran/vla6.f90 -O2 (internal compiler error)
FAIL: libgomp.fortran/vla6.f90 -O2 (test for excess errors)
WARNING: libgomp.fortran/vla6.f90 -O2 compilation failed to produce executable
FAIL: libgomp.fortran/vla6.f90 -O3 -fomit-frame-pointer (internal compiler error)
FAIL: libgomp.fortran/vla6.f90 -O3 -fomit-frame-pointer (test for excess errors)
WARNING: libgomp.fortran/vla6.f90 -O3 -fomit-frame-pointer compilation failed to produce executable
FAIL: libgomp.fortran/vla6.f90 -O3 -fomit-frame-pointer -funroll-loops (internal compiler error)
FAIL: libgomp.fortran/vla6.f90 -O3 -fomit-frame-pointer -funroll-loops (test for excess errors)
WARNING: libgomp.fortran/vla6.f90 -O3 -fomit-frame-pointer -funroll-loops compilation failed to produce executable
FAIL: libgomp.fortran/vla6.f90 -O3 -fomit-frame-pointer -funroll-all-loops -finline-functions (internal compiler error)
FAIL: libgomp.fortran/vla6.f90 -O3 -fomit-frame-pointer -funroll-all-loops -finline-functions (test for excess errors)
WARNING: libgomp.fortran/vla6.f90 -O3 -fomit-frame-pointer -funroll-all-loops -finline-functions compilation failed to produce executable
FAIL: libgomp.fortran/vla6.f90 -O3 -g (internal compiler error)
FAIL: libgomp.fortran/vla6.f90 -O3 -g (test for excess errors)
WARNING: libgomp.fortran/vla6.f90 -O3 -g compilation failed to produce executable
FAIL: libgomp.fortran/vla6.f90 -Os (internal compiler error)
FAIL: libgomp.fortran/vla6.f90 -Os (test for excess errors)
WARNING: libgomp.fortran/vla6.f90 -Os compilation failed to produce executable
FAIL: libgomp.fortran/vla7.f90 -O0 (internal compiler error)
FAIL: libgomp.fortran/vla7.f90 -O0 (test for excess errors)
WARNING: libgomp.fortran/vla7.f90 -O0 compilation failed to produce executable
FAIL: libgomp.fortran/vla7.f90 -O1 (internal compiler error)
FAIL: libgomp.fortran/vla7.f90 -O1 (test for excess errors)
WARNING: libgomp.fortran/vla7.f90 -O1 compilation failed to produce executable
FAIL: libgomp.fortran/vla7.f90 -O2 (internal compiler error)
FAIL: libgomp.fortran/vla7.f90 -O2 (test for excess errors)
WARNING: libgomp.fortran/vla7.f90 -O2 compilation failed to produce executable
FAIL: libgomp.fortran/vla7.f90 -O3 -fomit-frame-pointer (internal compiler error)
FAIL: libgomp.fortran/vla7.f90 -O3 -fomit-frame-pointer (test for excess errors)
WARNING: libgomp.fortran/vla7.f90 -O3 -fomit-frame-pointer compilation failed to produce executable
FAIL: libgomp.fortran/vla7.f90 -O3 -fomit-frame-pointer -funroll-loops (internal compiler error)
FAIL: libgomp.fortran/vla7.f90 -O3 -fomit-frame-pointer -funroll-loops (test for excess errors)
WARNING: libgomp.fortran/vla7.f90 -O3 -fomit-frame-pointer -funroll-loops compilation failed to produce executable
FAIL: libgomp.fortran/vla7.f90 -O3 -fomit-frame-pointer -funroll-all-loops -finline-functions (internal compiler error)
FAIL: libgomp.fortran/vla7.f90 -O3 -fomit-frame-pointer -funroll-all-loops -finline-functions (test for excess errors)
WARNING: libgomp.fortran/vla7.f90 -O3 -fomit-frame-pointer -funroll-all-loops -finline-functions compilation failed to produce executable
FAIL: libgomp.fortran/vla7.f90 -O3 -g (internal compiler error)
FAIL: libgomp.fortran/vla7.f90 -O3 -g (test for excess errors)
WARNING: libgomp.fortran/vla7.f90 -O3 -g compilation failed to produce executable
FAIL: libgomp.fortran/vla7.f90 -Os (internal compiler error)
FAIL: libgomp.fortran/vla7.f90 -Os (test for excess errors)
WARNING: libgomp.fortran/vla7.f90 -Os compilation failed to produce executable
=== libgomp Summary for unix/-m32 ===
# of expected passes 1511
# of unexpected failures 144
Running target unix
FAIL: libgomp.fortran/character1.f90 -O0 (internal compiler error)
FAIL: libgomp.fortran/character1.f90 -O0 (test for excess errors)
WARNING: libgomp.fortran/character1.f90 -O0 compilation failed to produce executable
FAIL: libgomp.fortran/character1.f90 -O1 (internal compiler error)
FAIL: libgomp.fortran/character1.f90 -O1 (test for excess errors)
WARNING: libgomp.fortran/character1.f90 -O1 compilation failed to produce executable
FAIL: libgomp.fortran/character1.f90 -O2 (internal compiler error)
FAIL: libgomp.fortran/character1.f90 -O2 (test for excess errors)
WARNING: libgomp.fortran/character1.f90 -O2 compilation failed to produce executable
FAIL: libgomp.fortran/character1.f90 -O3 -fomit-frame-pointer (internal compiler error)
FAIL: libgomp.fortran/character1.f90 -O3 -fomit-frame-pointer (test for excess errors)
WARNING: libgomp.fortran/character1.f90 -O3 -fomit-frame-pointer compilation failed to produce executable
FAIL: libgomp.fortran/character1.f90 -O3 -fomit-frame-pointer -funroll-loops (internal compiler error)
FAIL: libgomp.fortran/character1.f90 -O3 -fomit-frame-pointer -funroll-loops (test for excess errors)
WARNING: libgomp.fortran/character1.f90 -O3 -fomit-frame-pointer -funroll-loops compilation failed to produce executable
FAIL: libgomp.fortran/character1.f90 -O3 -fomit-frame-pointer -funroll-all-loops -finline-functions (internal compiler error)
FAIL: libgomp.fortran/character1.f90 -O3 -fomit-frame-pointer -funroll-all-loops -finline-functions (test for excess errors)
WARNING: libgomp.fortran/character1.f90 -O3 -fomit-frame-pointer -funroll-all-loops -finline-functions compilation failed to produce executable
FAIL: libgomp.fortran/character1.f90 -O3 -g (internal compiler error)
FAIL: libgomp.fortran/character1.f90 -O3 -g (test for excess errors)
WARNING: libgomp.fortran/character1.f90 -O3 -g compilation failed to produce executable
FAIL: libgomp.fortran/character1.f90 -Os (internal compiler error)
FAIL: libgomp.fortran/character1.f90 -Os (test for excess errors)
WARNING: libgomp.fortran/character1.f90 -Os compilation failed to produce executable
FAIL: libgomp.fortran/character2.f90 -O0 (internal compiler error)
FAIL: libgomp.fortran/character2.f90 -O0 (test for excess errors)
WARNING: libgomp.fortran/character2.f90 -O0 compilation failed to produce executable
FAIL: libgomp.fortran/character2.f90 -O1 (internal compiler error)
FAIL: libgomp.fortran/character2.f90 -O1 (test for excess errors)
WARNING: libgomp.fortran/character2.f90 -O1 compilation failed to produce executable
FAIL: libgomp.fortran/character2.f90 -O2 (internal compiler error)
FAIL: libgomp.fortran/character2.f90 -O2 (test for excess errors)
WARNING: libgomp.fortran/character2.f90 -O2 compilation failed to produce executable
FAIL: libgomp.fortran/character2.f90 -O3 -fomit-frame-pointer (internal compiler error)
FAIL: libgomp.fortran/character2.f90 -O3 -fomit-frame-pointer (test for excess errors)
WARNING: libgomp.fortran/character2.f90 -O3 -fomit-frame-pointer compilation failed to produce executable
FAIL: libgomp.fortran/character2.f90 -O3 -fomit-frame-pointer -funroll-loops (internal compiler error)
FAIL: libgomp.fortran/character2.f90 -O3 -fomit-frame-pointer -funroll-loops (test for excess errors)
WARNING: libgomp.fortran/character2.f90 -O3 -fomit-frame-pointer -funroll-loops compilation failed to produce executable
FAIL: libgomp.fortran/character2.f90 -O3 -fomit-frame-pointer -funroll-all-loops -finline-functions (internal compiler error)
FAIL: libgomp.fortran/character2.f90 -O3 -fomit-frame-pointer -funroll-all-loops -finline-functions (test for excess errors)
WARNING: libgomp.fortran/character2.f90 -O3 -fomit-frame-pointer -funroll-all-loops -finline-functions compilation failed to produce executable
FAIL: libgomp.fortran/character2.f90 -O3 -g (internal compiler error)
FAIL: libgomp.fortran/character2.f90 -O3 -g (test for excess errors)
WARNING: libgomp.fortran/character2.f90 -O3 -g compilation failed to produce executable
FAIL: libgomp.fortran/character2.f90 -Os (internal compiler error)
FAIL: libgomp.fortran/character2.f90 -Os (test for excess errors)
WARNING: libgomp.fortran/character2.f90 -Os compilation failed to produce executable
FAIL: libgomp.fortran/vla1.f90 -O0 (internal compiler error)
FAIL: libgomp.fortran/vla1.f90 -O0 (test for excess errors)
WARNING: libgomp.fortran/vla1.f90 -O0 compilation failed to produce executable
FAIL: libgomp.fortran/vla1.f90 -O1 (internal compiler error)
FAIL: libgomp.fortran/vla1.f90 -O1 (test for excess errors)
WARNING: libgomp.fortran/vla1.f90 -O1 compilation failed to produce executable
FAIL: libgomp.fortran/vla1.f90 -O2 (internal compiler error)
FAIL: libgomp.fortran/vla1.f90 -O2 (test for excess errors)
WARNING: libgomp.fortran/vla1.f90 -O2 compilation failed to produce executable
FAIL: libgomp.fortran/vla1.f90 -O3 -fomit-frame-pointer (internal compiler error)
FAIL: libgomp.fortran/vla1.f90 -O3 -fomit-frame-pointer (test for excess errors)
WARNING: libgomp.fortran/vla1.f90 -O3 -fomit-frame-pointer compilation failed to produce executable
FAIL: libgomp.fortran/vla1.f90 -O3 -fomit-frame-pointer -funroll-loops (internal compiler error)
FAIL: libgomp.fortran/vla1.f90 -O3 -fomit-frame-pointer -funroll-loops (test for excess errors)
WARNING: libgomp.fortran/vla1.f90 -O3 -fomit-frame-pointer -funroll-loops compilation failed to produce executable
FAIL: libgomp.fortran/vla1.f90 -O3 -fomit-frame-pointer -funroll-all-loops -finline-functions (internal compiler error)
FAIL: libgomp.fortran/vla1.f90 -O3 -fomit-frame-pointer -funroll-all-loops -finline-functions (test for excess errors)
WARNING: libgomp.fortran/vla1.f90 -O3 -fomit-frame-pointer -funroll-all-loops -finline-functions compilation failed to produce executable
FAIL: libgomp.fortran/vla1.f90 -O3 -g (internal compiler error)
FAIL: libgomp.fortran/vla1.f90 -O3 -g (test for excess errors)
WARNING: libgomp.fortran/vla1.f90 -O3 -g compilation failed to produce executable
FAIL: libgomp.fortran/vla1.f90 -Os (internal compiler error)
FAIL: libgomp.fortran/vla1.f90 -Os (test for excess errors)
WARNING: libgomp.fortran/vla1.f90 -Os compilation failed to produce executable
FAIL: libgomp.fortran/vla2.f90 -O0 (internal compiler error)
FAIL: libgomp.fortran/vla2.f90 -O0 (test for excess errors)
WARNING: libgomp.fortran/vla2.f90 -O0 compilation failed to produce executable
FAIL: libgomp.fortran/vla2.f90 -O1 (internal compiler error)
FAIL: libgomp.fortran/vla2.f90 -O1 (test for excess errors)
WARNING: libgomp.fortran/vla2.f90 -O1 compilation failed to produce executable
FAIL: libgomp.fortran/vla2.f90 -O2 (internal compiler error)
FAIL: libgomp.fortran/vla2.f90 -O2 (test for excess errors)
WARNING: libgomp.fortran/vla2.f90 -O2 compilation failed to produce executable
FAIL: libgomp.fortran/vla2.f90 -O3 -fomit-frame-pointer (internal compiler error)
FAIL: libgomp.fortran/vla2.f90 -O3 -fomit-frame-pointer (test for excess errors)
WARNING: libgomp.fortran/vla2.f90 -O3 -fomit-frame-pointer compilation failed to produce executable
FAIL: libgomp.fortran/vla2.f90 -O3 -fomit-frame-pointer -funroll-loops (internal compiler error)
FAIL: libgomp.fortran/vla2.f90 -O3 -fomit-frame-pointer -funroll-loops (test for excess errors)
WARNING: libgomp.fortran/vla2.f90 -O3 -fomit-frame-pointer -funroll-loops compilation failed to produce executable
FAIL: libgomp.fortran/vla2.f90 -O3 -fomit-frame-pointer -funroll-all-loops -finline-functions (internal compiler error)
FAIL: libgomp.fortran/vla2.f90 -O3 -fomit-frame-pointer -funroll-all-loops -finline-functions (test for excess errors)
WARNING: libgomp.fortran/vla2.f90 -O3 -fomit-frame-pointer -funroll-all-loops -finline-functions compilation failed to produce executable
FAIL: libgomp.fortran/vla2.f90 -O3 -g (internal compiler error)
FAIL: libgomp.fortran/vla2.f90 -O3 -g (test for excess errors)
WARNING: libgomp.fortran/vla2.f90 -O3 -g compilation failed to produce executable
FAIL: libgomp.fortran/vla2.f90 -Os (internal compiler error)
FAIL: libgomp.fortran/vla2.f90 -Os (test for excess errors)
WARNING: libgomp.fortran/vla2.f90 -Os compilation failed to produce executable
FAIL: libgomp.fortran/vla3.f90 -O0 (internal compiler error)
FAIL: libgomp.fortran/vla3.f90 -O0 (test for excess errors)
WARNING: libgomp.fortran/vla3.f90 -O0 compilation failed to produce executable
FAIL: libgomp.fortran/vla3.f90 -O1 (internal compiler error)
FAIL: libgomp.fortran/vla3.f90 -O1 (test for excess errors)
WARNING: libgomp.fortran/vla3.f90 -O1 compilation failed to produce executable
FAIL: libgomp.fortran/vla3.f90 -O2 (internal compiler error)
FAIL: libgomp.fortran/vla3.f90 -O2 (test for excess errors)
WARNING: libgomp.fortran/vla3.f90 -O2 compilation failed to produce executable
FAIL: libgomp.fortran/vla3.f90 -O3 -fomit-frame-pointer (internal compiler error)
FAIL: libgomp.fortran/vla3.f90 -O3 -fomit-frame-pointer (test for excess errors)
WARNING: libgomp.fortran/vla3.f90 -O3 -fomit-frame-pointer compilation failed to produce executable
FAIL: libgomp.fortran/vla3.f90 -O3 -fomit-frame-pointer -funroll-loops (internal compiler error)
FAIL: libgomp.fortran/vla3.f90 -O3 -fomit-frame-pointer -funroll-loops (test for excess errors)
WARNING: libgomp.fortran/vla3.f90 -O3 -fomit-frame-pointer -funroll-loops compilation failed to produce executable
FAIL: libgomp.fortran/vla3.f90 -O3 -fomit-frame-pointer -funroll-all-loops -finline-functions (internal compiler error)
FAIL: libgomp.fortran/vla3.f90 -O3 -fomit-frame-pointer -funroll-all-loops -finline-functions (test for excess errors)
WARNING: libgomp.fortran/vla3.f90 -O3 -fomit-frame-pointer -funroll-all-loops -finline-functions compilation failed to produce executable
FAIL: libgomp.fortran/vla3.f90 -O3 -g (internal compiler error)
FAIL: libgomp.fortran/vla3.f90 -O3 -g (test for excess errors)
WARNING: libgomp.fortran/vla3.f90 -O3 -g compilation failed to produce executable
FAIL: libgomp.fortran/vla3.f90 -Os (internal compiler error)
FAIL: libgomp.fortran/vla3.f90 -Os (test for excess errors)
WARNING: libgomp.fortran/vla3.f90 -Os compilation failed to produce executable
FAIL: libgomp.fortran/vla4.f90 -O0 (internal compiler error)
FAIL: libgomp.fortran/vla4.f90 -O0 (test for excess errors)
WARNING: libgomp.fortran/vla4.f90 -O0 compilation failed to produce executable
FAIL: libgomp.fortran/vla4.f90 -O1 (internal compiler error)
FAIL: libgomp.fortran/vla4.f90 -O1 (test for excess errors)
WARNING: libgomp.fortran/vla4.f90 -O1 compilation failed to produce executable
FAIL: libgomp.fortran/vla4.f90 -O2 (internal compiler error)
FAIL: libgomp.fortran/vla4.f90 -O2 (test for excess errors)
WARNING: libgomp.fortran/vla4.f90 -O2 compilation failed to produce executable
FAIL: libgomp.fortran/vla4.f90 -O3 -fomit-frame-pointer (internal compiler error)
FAIL: libgomp.fortran/vla4.f90 -O3 -fomit-frame-pointer (test for excess errors)
WARNING: libgomp.fortran/vla4.f90 -O3 -fomit-frame-pointer compilation failed to produce executable
FAIL: libgomp.fortran/vla4.f90 -O3 -fomit-frame-pointer -funroll-loops (internal compiler error)
FAIL: libgomp.fortran/vla4.f90 -O3 -fomit-frame-pointer -funroll-loops (test for excess errors)
WARNING: libgomp.fortran/vla4.f90 -O3 -fomit-frame-pointer -funroll-loops compilation failed to produce executable
FAIL: libgomp.fortran/vla4.f90 -O3 -fomit-frame-pointer -funroll-all-loops -finline-functions (internal compiler error)
FAIL: libgomp.fortran/vla4.f90 -O3 -fomit-frame-pointer -funroll-all-loops -finline-functions (test for excess errors)
WARNING: libgomp.fortran/vla4.f90 -O3 -fomit-frame-pointer -funroll-all-loops -finline-functions compilation failed to produce executable
FAIL: libgomp.fortran/vla4.f90 -O3 -g (internal compiler error)
FAIL: libgomp.fortran/vla4.f90 -O3 -g (test for excess errors)
WARNING: libgomp.fortran/vla4.f90 -O3 -g compilation failed to produce executable
FAIL: libgomp.fortran/vla4.f90 -Os (internal compiler error)
FAIL: libgomp.fortran/vla4.f90 -Os (test for excess errors)
WARNING: libgomp.fortran/vla4.f90 -Os compilation failed to produce executable
FAIL: libgomp.fortran/vla5.f90 -O0 (internal compiler error)
FAIL: libgomp.fortran/vla5.f90 -O0 (test for excess errors)
WARNING: libgomp.fortran/vla5.f90 -O0 compilation failed to produce executable
FAIL: libgomp.fortran/vla5.f90 -O1 (internal compiler error)
FAIL: libgomp.fortran/vla5.f90 -O1 (test for excess errors)
WARNING: libgomp.fortran/vla5.f90 -O1 compilation failed to produce executable
FAIL: libgomp.fortran/vla5.f90 -O2 (internal compiler error)
FAIL: libgomp.fortran/vla5.f90 -O2 (test for excess errors)
WARNING: libgomp.fortran/vla5.f90 -O2 compilation failed to produce executable
FAIL: libgomp.fortran/vla5.f90 -O3 -fomit-frame-pointer (internal compiler error)
FAIL: libgomp.fortran/vla5.f90 -O3 -fomit-frame-pointer (test for excess errors)
WARNING: libgomp.fortran/vla5.f90 -O3 -fomit-frame-pointer compilation failed to produce executable
FAIL: libgomp.fortran/vla5.f90 -O3 -fomit-frame-pointer -funroll-loops (internal compiler error)
FAIL: libgomp.fortran/vla5.f90 -O3 -fomit-frame-pointer -funroll-loops (test for excess errors)
WARNING: libgomp.fortran/vla5.f90 -O3 -fomit-frame-pointer -funroll-loops compilation failed to produce executable
FAIL: libgomp.fortran/vla5.f90 -O3 -fomit-frame-pointer -funroll-all-loops -finline-functions (internal compiler error)
FAIL: libgomp.fortran/vla5.f90 -O3 -fomit-frame-pointer -funroll-all-loops -finline-functions (test for excess errors)
WARNING: libgomp.fortran/vla5.f90 -O3 -fomit-frame-pointer -funroll-all-loops -finline-functions compilation failed to produce executable
FAIL: libgomp.fortran/vla5.f90 -O3 -g (internal compiler error)
FAIL: libgomp.fortran/vla5.f90 -O3 -g (test for excess errors)
WARNING: libgomp.fortran/vla5.f90 -O3 -g compilation failed to produce executable
FAIL: libgomp.fortran/vla5.f90 -Os (internal compiler error)
FAIL: libgomp.fortran/vla5.f90 -Os (test for excess errors)
WARNING: libgomp.fortran/vla5.f90 -Os compilation failed to produce executable
FAIL: libgomp.fortran/vla6.f90 -O0 (internal compiler error)
FAIL: libgomp.fortran/vla6.f90 -O0 (test for excess errors)
WARNING: libgomp.fortran/vla6.f90 -O0 compilation failed to produce executable
FAIL: libgomp.fortran/vla6.f90 -O1 (internal compiler error)
FAIL: libgomp.fortran/vla6.f90 -O1 (test for excess errors)
WARNING: libgomp.fortran/vla6.f90 -O1 compilation failed to produce executable
FAIL: libgomp.fortran/vla6.f90 -O2 (internal compiler error)
FAIL: libgomp.fortran/vla6.f90 -O2 (test for excess errors)
WARNING: libgomp.fortran/vla6.f90 -O2 compilation failed to produce executable
FAIL: libgomp.fortran/vla6.f90 -O3 -fomit-frame-pointer (internal compiler error)
FAIL: libgomp.fortran/vla6.f90 -O3 -fomit-frame-pointer (test for excess errors)
WARNING: libgomp.fortran/vla6.f90 -O3 -fomit-frame-pointer compilation failed to produce executable
FAIL: libgomp.fortran/vla6.f90 -O3 -fomit-frame-pointer -funroll-loops (internal compiler error)
FAIL: libgomp.fortran/vla6.f90 -O3 -fomit-frame-pointer -funroll-loops (test for excess errors)
WARNING: libgomp.fortran/vla6.f90 -O3 -fomit-frame-pointer -funroll-loops compilation failed to produce executable
FAIL: libgomp.fortran/vla6.f90 -O3 -fomit-frame-pointer -funroll-all-loops -finline-functions (internal compiler error)
FAIL: libgomp.fortran/vla6.f90 -O3 -fomit-frame-pointer -funroll-all-loops -finline-functions (test for excess errors)
WARNING: libgomp.fortran/vla6.f90 -O3 -fomit-frame-pointer -funroll-all-loops -finline-functions compilation failed to produce executable
FAIL: libgomp.fortran/vla6.f90 -O3 -g (internal compiler error)
FAIL: libgomp.fortran/vla6.f90 -O3 -g (test for excess errors)
WARNING: libgomp.fortran/vla6.f90 -O3 -g compilation failed to produce executable
FAIL: libgomp.fortran/vla6.f90 -Os (internal compiler error)
FAIL: libgomp.fortran/vla6.f90 -Os (test for excess errors)
WARNING: libgomp.fortran/vla6.f90 -Os compilation failed to produce executable
FAIL: libgomp.fortran/vla7.f90 -O0 (internal compiler error)
FAIL: libgomp.fortran/vla7.f90 -O0 (test for excess errors)
WARNING: libgomp.fortran/vla7.f90 -O0 compilation failed to produce executable
FAIL: libgomp.fortran/vla7.f90 -O1 (internal compiler error)
FAIL: libgomp.fortran/vla7.f90 -O1 (test for excess errors)
WARNING: libgomp.fortran/vla7.f90 -O1 compilation failed to produce executable
FAIL: libgomp.fortran/vla7.f90 -O2 (internal compiler error)
FAIL: libgomp.fortran/vla7.f90 -O2 (test for excess errors)
WARNING: libgomp.fortran/vla7.f90 -O2 compilation failed to produce executable
FAIL: libgomp.fortran/vla7.f90 -O3 -fomit-frame-pointer (internal compiler error)
FAIL: libgomp.fortran/vla7.f90 -O3 -fomit-frame-pointer (test for excess errors)
WARNING: libgomp.fortran/vla7.f90 -O3 -fomit-frame-pointer compilation failed to produce executable
FAIL: libgomp.fortran/vla7.f90 -O3 -fomit-frame-pointer -funroll-loops (internal compiler error)
FAIL: libgomp.fortran/vla7.f90 -O3 -fomit-frame-pointer -funroll-loops (test for excess errors)
WARNING: libgomp.fortran/vla7.f90 -O3 -fomit-frame-pointer -funroll-loops compilation failed to produce executable
FAIL: libgomp.fortran/vla7.f90 -O3 -fomit-frame-pointer -funroll-all-loops -finline-functions (internal compiler error)
FAIL: libgomp.fortran/vla7.f90 -O3 -fomit-frame-pointer -funroll-all-loops -finline-functions (test for excess errors)
WARNING: libgomp.fortran/vla7.f90 -O3 -fomit-frame-pointer -funroll-all-loops -finline-functions compilation failed to produce executable
FAIL: libgomp.fortran/vla7.f90 -O3 -g (internal compiler error)
FAIL: libgomp.fortran/vla7.f90 -O3 -g (test for excess errors)
WARNING: libgomp.fortran/vla7.f90 -O3 -g compilation failed to produce executable
FAIL: libgomp.fortran/vla7.f90 -Os (internal compiler error)
FAIL: libgomp.fortran/vla7.f90 -Os (test for excess errors)
WARNING: libgomp.fortran/vla7.f90 -Os compilation failed to produce executable
=== libgomp Summary for unix ===
# of expected passes 1511
# of unexpected failures 144
=== libgomp Summary ===
# of expected passes 3022
# of unexpected failures 288
=== libjava tests ===
Running target unix/-m32
=== libjava Summary for unix/-m32 ===
# of expected passes 2550
Running target unix
=== libjava Summary for unix ===
# of expected passes 2550
=== libjava Summary ===
# of expected passes 5100
=== libmudflap tests ===
Running target unix/-m32
FAIL: libmudflap.c++/pass41-frag.cxx execution test
FAIL: libmudflap.c++/pass41-frag.cxx (-static) execution test
FAIL: libmudflap.c++/pass41-frag.cxx ( -O) execution test
FAIL: libmudflap.c++/pass41-frag.cxx (-O2) execution test
FAIL: libmudflap.c++/pass41-frag.cxx (-O3) execution test
=== libmudflap Summary for unix/-m32 ===
# of expected passes 1821
# of unexpected failures 5
Running target unix
FAIL: libmudflap.c/fail8-frag.c (-static) output pattern test
FAIL: libmudflap.c/fail9-frag.c (-static) output pattern test
FAIL: libmudflap.c++/pass41-frag.cxx execution test
FAIL: libmudflap.c++/pass41-frag.cxx (-static) execution test
FAIL: libmudflap.c++/pass41-frag.cxx ( -O) execution test
FAIL: libmudflap.c++/pass41-frag.cxx (-O2) execution test
FAIL: libmudflap.c++/pass41-frag.cxx (-O3) execution test
=== libmudflap Summary for unix ===
# of expected passes 1819
# of unexpected failures 7
=== libmudflap Summary ===
# of expected passes 3640
# of unexpected failures 12
=== libstdc++ tests ===
Running target unix/-m32
XPASS: 26_numerics/headers/cmath/c99_classification_macros_c.cc (test for excess errors)
=== libstdc++ Summary for unix/-m32 ===
# of expected passes 5468
# of unexpected successes 1
# of expected failures 57
# of unsupported tests 10
Running target unix
XPASS: 26_numerics/headers/cmath/c99_classification_macros_c.cc (test for excess errors)
XPASS: 27_io/fpos/14320-1.cc execution test
=== libstdc++ Summary for unix ===
# of expected passes 5468
# of unexpected successes 2
# of expected failures 56
# of unsupported tests 10
=== libstdc++ Summary ===
# of expected passes 10936
# of unexpected successes 3
# of expected failures 113
# of unsupported tests 20
Compiler version: 4.3.0 20071125 (experimental) [trunk revision 130408] (GCC)
Platform: x86_64-unknown-linux-gnu
configure flags: --enable-clocale=gnu --with-system-zlib --enable-decimal-float=bid --with-demangler-in-ld --enable-shared --enable-threads=posix --enable-haifa --enable-checking=assert