This is the mail archive of the
gcc-testresults@gcc.gnu.org
mailing list for the GCC project.
Results for 4.3.0 20071116 (experimental) (GCC) testsuite on s390-ibm-linux-gnu
- From: Andreas Krebbel <Andreas dot Krebbel at de dot ibm dot com>
- To: gcc-testresults at gcc dot gnu dot org
- Date: Fri, 16 Nov 2007 07:52:13 +0100
- Subject: Results for 4.3.0 20071116 (experimental) (GCC) testsuite on s390-ibm-linux-gnu
LAST_UPDATED: Fri Nov 16 04:11:41 UTC 2007 (revision 130218M)
Native configuration is s390-ibm-linux-gnu
=== g++ tests ===
Running target unix
FAIL: g++.old-deja/g++.jason/template33.C (internal compiler error)
FAIL: g++.old-deja/g++.jason/template33.C (test for excess errors)
XPASS: g++.old-deja/g++.mike/empty.C suggest (test for bogus messages, line 19)
XPASS: g++.old-deja/g++.mike/empty.C suggest (test for bogus messages, line 20)
=== g++ Summary ===
# of expected passes 16889
# of unexpected failures 2
# of unexpected successes 2
# of expected failures 82
# of unsupported tests 133
/build/BUILD/gcc/obj-s390-redhat-linux/gcc/testsuite/g++/../../g++ version 4.3.0 20071116 (experimental) (GCC)
=== gcc tests ===
Running target unix
FAIL: gcc.c-torture/execute/mayalias-2.c compilation, -O3 -g (internal compiler error)
UNRESOLVED: gcc.c-torture/execute/mayalias-2.c execution, -O3 -g
FAIL: gcc.c-torture/execute/mayalias-3.c compilation, -O3 -g (internal compiler error)
UNRESOLVED: gcc.c-torture/execute/mayalias-3.c execution, -O3 -g
XPASS: gcc.dg/cpp/cmdlne-dI-M.c scan-file (^|\\\\n)cmdlne-dI-M.*:[^\\\\n]*cmdlne-dI-M.c
XPASS: gcc.dg/cpp/cmdlne-dM-M.c scan-file (^|\\\\n)cmdlne-dM-M[^\\\\n]*:[^\\\\n]*cmdlne-dM-M.c
FAIL: gcc.dg/memcpy-1.c scan-tree-dump-times optimized "nasty_local" 0
FAIL: gcc.dg/torture/builtin-pow-mpfr-1.c -O0 scan-tree-dump original "pow"
FAIL: gcc.dg/torture/builtin-pow-mpfr-1.c -O1 scan-tree-dump original "pow"
FAIL: gcc.dg/torture/builtin-pow-mpfr-1.c -O2 scan-tree-dump original "pow"
FAIL: gcc.dg/torture/builtin-pow-mpfr-1.c -O3 -fomit-frame-pointer scan-tree-dump original "pow"
FAIL: gcc.dg/torture/builtin-pow-mpfr-1.c -O3 -g scan-tree-dump original "pow"
FAIL: gcc.dg/torture/builtin-pow-mpfr-1.c -Os scan-tree-dump original "pow"
XPASS: gcc.dg/tree-ssa/20040204-1.c scan-tree-dump-times optimized "link_error" 0
FAIL: gcc.dg/tree-ssa/pr33723.c scan-tree-dump-times gimple "t.f.f1 = 1" 4
FAIL: gcc.dg/tree-ssa/pr33723.c scan-tree-dump-times gimple "t.f.f8 = 8" 4
=== gcc Summary ===
# of expected passes 44685
# of unexpected failures 11
# of unexpected successes 3
# of expected failures 90
# of unresolved testcases 2
# of untested testcases 35
# of unsupported tests 324
/build/BUILD/gcc/obj-s390-redhat-linux/gcc/xgcc version 4.3.0 20071116 (experimental) (GCC)
=== gfortran tests ===
Running target unix
FAIL: gfortran.dg/default_format_2.f90 -O0 execution test
FAIL: gfortran.dg/default_format_2.f90 -O1 execution test
FAIL: gfortran.dg/default_format_2.f90 -O2 execution test
FAIL: gfortran.dg/default_format_2.f90 -O3 -fomit-frame-pointer execution test
FAIL: gfortran.dg/default_format_2.f90 -O3 -fomit-frame-pointer -funroll-loops execution test
FAIL: gfortran.dg/default_format_2.f90 -O3 -fomit-frame-pointer -funroll-all-loops -finline-functions execution test
FAIL: gfortran.dg/default_format_2.f90 -O3 -g execution test
FAIL: gfortran.dg/default_format_2.f90 -Os execution test
=== gfortran Summary ===
# of expected passes 21966
# of unexpected failures 8
# of expected failures 8
# of unsupported tests 36
/build/BUILD/gcc/obj-s390-redhat-linux/gcc/testsuite/gfortran/../../gfortran version 4.3.0 20071116 (experimental) (GCC)
=== objc tests ===
Running target unix
=== objc Summary ===
# of expected passes 1812
# of expected failures 7
# of unsupported tests 24
/build/BUILD/gcc/obj-s390-redhat-linux/gcc/xgcc version 4.3.0 20071116 (experimental) (GCC)
=== libffi tests ===
Running target unix
=== libffi Summary ===
# of expected passes 1108
# of unsupported tests 8
=== libgomp tests ===
Running target unix
=== libgomp Summary ===
# of expected passes 1655
=== libjava tests ===
Running target unix
=== libjava Summary ===
# of expected passes 2550
=== libmudflap tests ===
Running target unix
FAIL: libmudflap.c++/pass41-frag.cxx execution test
FAIL: libmudflap.c++/pass41-frag.cxx (-static) execution test
FAIL: libmudflap.c++/pass41-frag.cxx ( -O) execution test
FAIL: libmudflap.c++/pass41-frag.cxx (-O2) execution test
FAIL: libmudflap.c++/pass41-frag.cxx (-O3) execution test
=== libmudflap Summary ===
# of expected passes 1821
# of unexpected failures 5
=== libstdc++ tests ===
Running target unix
FAIL: abi_check
XPASS: 26_numerics/headers/cmath/c99_classification_macros_c.cc (test for excess errors)
FAIL: 27_io/ios_base/storage/2.cc execution test
=== libstdc++ Summary ===
# of expected passes 4832
# of unexpected failures 2
# of unexpected successes 1
# of expected failures 57
# of unsupported tests 326
Compiler version: 4.3.0 20071116 (experimental) (GCC)
Platform: s390-ibm-linux-gnu
configure flags: --prefix=/usr --mandir=/usr/share/man --infodir=/usr/share/info --enable-shared --enable-threads=posix --enable-checking --with-system-zlib --enable-__cxa_atexit --with-long-double-128 --enable-languages=c,c++,objc,java,fortran --host=s390-redhat-linux