This is the mail archive of the
gcc-testresults@gcc.gnu.org
mailing list for the GCC project.
Results for 4.3.0 20071031 (experimental) [trunk revision 129803] (GCC) testsuite on mipsel-unknown-linux-gnu
- From: David Daney <daney at avtrex dot com>
- To: gcc-testresults at gcc dot gnu dot org
- Date: Wed, 7 Nov 2007 10:23:31 -0800
- Subject: Results for 4.3.0 20071031 (experimental) [trunk revision 129803] (GCC) testsuite on mipsel-unknown-linux-gnu
Linux 2.6.15-rc1 kernel
glibc-2.3.3
binutils-2.17 (with http://sources.redhat.com/ml/binutils/2006-11/msg00059.html)
==============================
LAST_UPDATED: Wed Oct 31 17:20:58 UTC 2007 (revision 129803)
Native configuration is mipsel-unknown-linux-gnu
=== g++ tests ===
Running target unix
WARNING: program timed out.
FAIL: g++.dg/eh/cleanup1.C (test for excess errors)
FAIL: g++.dg/tree-ssa/ivopts-1.C scan-tree-dump-not offset: (4294967292|0x0f+fc)
=== g++ Summary ===
# of expected passes 16693
# of unexpected failures 2
# of expected failures 84
# of unsupported tests 147
/home/build/gcc-build/gcc/testsuite/g++/../../g++ version 4.3.0 20071031 (experimental) [trunk revision 129803] (GCC)
=== gcc tests ===
Running target unix
WARNING: program timed out.
FAIL: gcc.c-torture/compile/20001226-1.c -O1 (test for excess errors)
WARNING: program timed out.
FAIL: gcc.c-torture/compile/20001226-1.c -O2 (test for excess errors)
WARNING: program timed out.
FAIL: gcc.c-torture/compile/20001226-1.c -O3 -fomit-frame-pointer (test for excess errors)
WARNING: program timed out.
FAIL: gcc.c-torture/compile/20001226-1.c -O3 -g (test for excess errors)
WARNING: program timed out.
FAIL: gcc.c-torture/compile/20001226-1.c -Os (test for excess errors)
WARNING: program timed out.
FAIL: gcc.c-torture/compile/limits-fnargs.c -O2 (test for excess errors)
WARNING: program timed out.
FAIL: gcc.c-torture/compile/limits-fnargs.c -O3 -fomit-frame-pointer (test for excess errors)
WARNING: program timed out.
FAIL: gcc.c-torture/compile/limits-fnargs.c -O3 -g (test for excess errors)
WARNING: program timed out.
FAIL: gcc.c-torture/compile/limits-fnargs.c -Os (test for excess errors)
FAIL: gcc.c-torture/execute/mayalias-2.c compilation, -O3 -g (internal compiler error)
UNRESOLVED: gcc.c-torture/execute/mayalias-2.c execution, -O3 -g
FAIL: gcc.c-torture/execute/mayalias-3.c compilation, -O3 -g (internal compiler error)
UNRESOLVED: gcc.c-torture/execute/mayalias-3.c execution, -O3 -g
XPASS: gcc.c-torture/execute/pr33870.c execution, -O2
WARNING: program timed out.
WARNING: program timed out.
WARNING: program timed out.
WARNING: program timed out.
XPASS: gcc.c-torture/execute/pr33870.c execution, -Os
XPASS: gcc.dg/cpp/cmdlne-dI-M.c scan-file (^|\\\\n)cmdlne-dI-M.*:[^\\\\n]*cmdlne-dI-M.c
XPASS: gcc.dg/cpp/cmdlne-dM-M.c scan-file (^|\\\\n)cmdlne-dM-M[^\\\\n]*:[^\\\\n]*cmdlne-dM-M.c
FAIL: gcc.dg/pr30957-1.c scan-rtl-dump Expanding Accumulator
FAIL: gcc.dg/var-expand1.c scan-rtl-dump Expanding Accumulator
FAIL: gcc.dg/tree-ssa/pr33723.c scan-tree-dump-times t = {} 3
FAIL: gcc.dg/tree-ssa/pr33723.c scan-tree-dump-times t.f.f1 = 1 4
FAIL: gcc.dg/tree-ssa/pr33723.c scan-tree-dump-times t.f.f8 = 8 4
FAIL: gcc.target/mips/save-restore-5.c (test for excess errors)
=== gcc Summary ===
# of expected passes 44986
# of unexpected failures 17
# of unexpected successes 4
# of expected failures 93
# of unresolved testcases 2
# of untested testcases 35
# of unsupported tests 332
/home/build/gcc-build/gcc/xgcc version 4.3.0 20071031 (experimental) [trunk revision 129803] (GCC)
=== libffi tests ===
Running target unix
=== libffi Summary ===
# of expected passes 1108
# of unsupported tests 8
=== libgomp tests ===
Running target unix
WARNING: program timed out.
FAIL: libgomp.c/appendix-a/a.18.1.c execution test
=== libgomp Summary ===
# of expected passes 481
# of unexpected failures 1
# of unsupported tests 7
=== libjava tests ===
Running target unix
=== libjava Summary ===
# of expected passes 2550
=== libstdc++ tests ===
Running target unix
FAIL: abi_check
XPASS: 26_numerics/headers/cmath/c99_classification_macros_c.cc (test for excess errors)
WARNING: program timed out.
FAIL: ext/pb_ds/regression/hash_data_map_rand.cc (test for excess errors)
WARNING: ext/pb_ds/regression/hash_data_map_rand.cc compilation failed to produce executable
WARNING: program timed out.
FAIL: ext/pb_ds/regression/hash_no_data_map_rand.cc (test for excess errors)
WARNING: ext/pb_ds/regression/hash_no_data_map_rand.cc compilation failed to produce executable
WARNING: program timed out.
FAIL: ext/pb_ds/regression/priority_queue_rand.cc (test for excess errors)
WARNING: ext/pb_ds/regression/priority_queue_rand.cc compilation failed to produce executable
WARNING: program timed out.
FAIL: ext/pb_ds/regression/tree_data_map_rand.cc (test for excess errors)
WARNING: ext/pb_ds/regression/tree_data_map_rand.cc compilation failed to produce executable
WARNING: program timed out.
FAIL: ext/pb_ds/regression/tree_no_data_map_rand.cc (test for excess errors)
WARNING: ext/pb_ds/regression/tree_no_data_map_rand.cc compilation failed to produce executable
WARNING: program timed out.
FAIL: ext/pb_ds/regression/trie_data_map_rand.cc (test for excess errors)
WARNING: ext/pb_ds/regression/trie_data_map_rand.cc compilation failed to produce executable
WARNING: program timed out.
FAIL: ext/pb_ds/regression/trie_no_data_map_rand.cc (test for excess errors)
WARNING: ext/pb_ds/regression/trie_no_data_map_rand.cc compilation failed to produce executable
WARNING: program timed out.
FAIL: tr1/5_numerical_facilities/special_functions/20_riemann_zeta/check_value_neg.cc execution test
WARNING: program timed out.
FAIL: tr1/5_numerical_facilities/special_functions/20_riemann_zeta/check_value_pos.cc execution test
=== libstdc++ Summary ===
# of expected passes 4797
# of unexpected failures 10
# of unexpected successes 1
# of expected failures 57
# of unsupported tests 332
Compiler version: 4.3.0 20071031 (experimental) [trunk revision 129803] (GCC)
Platform: mipsel-unknown-linux-gnu
configure flags: --with-arch=mips32 --with-float=soft --disable-java-awt --without-x --disable-tls --enable-__cxa_atexit --disable-jvmpi --disable-static --disable-libmudflap --enable-languages=c,c++,java --disable-fixed-point