This is the mail archive of the
gcc-testresults@gcc.gnu.org
mailing list for the GCC project.
Results for 4.3.0 20071103 (experimental) [trunk revision 129870] (GCC) testsuite on i686-pc-linux-gnu
- From: Joey Ye <jye2 at shgcc-1 dot sh dot intel dot com>
- To: gcc-testresults at gcc dot gnu dot org
- Date: Sun, 4 Nov 2007 05:08:49 +0800
- Subject: Results for 4.3.0 20071103 (experimental) [trunk revision 129870] (GCC) testsuite on i686-pc-linux-gnu
LAST_UPDATED: Sat Nov 3 17:01:46 UTC 2007 (revision 129870)
Native configuration is i686-pc-linux-gnu
=== g++ tests ===
Running target unix
=== g++ Summary ===
# of expected passes 16896
# of expected failures 85
# of unsupported tests 88
/home/jye2/gcc/build-daily/gcc/testsuite/g++/../../g++ version 4.3.0 20071103 (experimental) [trunk revision 129870] (GCC)
=== gcc tests ===
Running target unix
FAIL: gcc.c-torture/execute/mayalias-2.c compilation, -O3 -g (internal compiler error)
UNRESOLVED: gcc.c-torture/execute/mayalias-2.c execution, -O3 -g
FAIL: gcc.c-torture/execute/mayalias-3.c compilation, -O3 -g (internal compiler error)
UNRESOLVED: gcc.c-torture/execute/mayalias-3.c execution, -O3 -g
WARNING: program timed out.
WARNING: program timed out.
WARNING: program timed out.
WARNING: program timed out.
WARNING: program timed out.
=== gcc Summary ===
# of expected passes 47787
# of unexpected failures 2
# of expected failures 175
# of unresolved testcases 2
# of untested testcases 35
# of unsupported tests 267
/home/jye2/gcc/build-daily/gcc/xgcc version 4.3.0 20071103 (experimental) [trunk revision 129870] (GCC)
=== gfortran tests ===
Running target unix
XPASS: gfortran.dg/vect/no-vfa-pr32377.f90 scan-tree-dump-times vect "vectorized 2 loops" 1
=== gfortran Summary ===
# of expected passes 21944
# of unexpected successes 1
# of expected failures 8
# of unsupported tests 16
/home/jye2/gcc/build-daily/gcc/testsuite/gfortran/../../gfortran version 4.3.0 20071103 (experimental) [trunk revision 129870] (GCC)
=== objc tests ===
Running target unix
=== objc Summary ===
# of expected passes 1812
# of expected failures 7
# of unsupported tests 24
/home/jye2/gcc/build-daily/gcc/xgcc version 4.3.0 20071103 (experimental) [trunk revision 129870] (GCC)
=== libffi tests ===
Running target unix
=== libffi Summary ===
# of expected passes 1108
# of unsupported tests 8
=== libgomp tests ===
Running target unix
=== libgomp Summary ===
# of expected passes 1623
=== libjava tests ===
Running target unix
=== libjava Summary ===
# of expected passes 2550
=== libmudflap tests ===
Running target unix
FAIL: libmudflap.c++/pass41-frag.cxx execution test
FAIL: libmudflap.c++/pass41-frag.cxx (-static) execution test
FAIL: libmudflap.c++/pass41-frag.cxx ( -O) execution test
FAIL: libmudflap.c++/pass41-frag.cxx (-O2) execution test
FAIL: libmudflap.c++/pass41-frag.cxx (-O3) execution test
=== libmudflap Summary ===
# of expected passes 1821
# of unexpected failures 5
=== libstdc++ tests ===
Running target unix
XPASS: 26_numerics/headers/cmath/c99_classification_macros_c.cc (test for excess errors)
=== libstdc++ Summary ===
# of expected passes 5455
# of unexpected successes 1
# of expected failures 57
# of unsupported tests 16
Compiler version: 4.3.0 20071103 (experimental) [trunk revision 129870] (GCC)
Platform: i686-pc-linux-gnu
configure flags: --enable-clocale=gnu --with-system-zlib --enable-decimal-float=bid --with-demangler-in-ld --enable-shared --enable-threads=posix --enable-haifa --enable-checking=assert