This is the mail archive of the
gcc-testresults@gcc.gnu.org
mailing list for the GCC project.
Results for 4.3.0 20071031 (experimental) [trunk revision 129806] (GCC) gfortran testsuite on powerpc-apple-darwin8.10.0
- From: coudert at quatramaran dot ens dot fr (François-Xavier Coudert)
- To: gcc-testresults at gcc dot gnu dot org
- Date: Sat, 3 Nov 2007 21:26:41 +0100 (CET)
- Subject: Results for 4.3.0 20071031 (experimental) [trunk revision 129806] (GCC) gfortran testsuite on powerpc-apple-darwin8.10.0
LAST_UPDATED: Wed Oct 31 21:10:23 UTC 2007 (revision 129806)
Native configuration is powerpc-apple-darwin8.10.0
=== gfortran tests ===
Running target unix/-m64
FAIL: gfortran.dg/actual_array_constructor_1.f90 -O3 -g (test for excess errors)
FAIL: gfortran.dg/actual_array_result_1.f90 -O3 -g (test for excess errors)
FAIL: gfortran.dg/assign.f90 -O3 -g (test for excess errors)
FAIL: gfortran.dg/assign_2.f90 -O3 -g (test for excess errors)
FAIL: gfortran.dg/auto_char_dummy_array_1.f90 -O3 -g (test for excess errors)
FAIL: gfortran.dg/bind_c_coms.f90 -O3 -g (test for excess errors)
FAIL: gfortran.dg/bind_c_dts.f90 -O3 -g (test for excess errors)
FAIL: gfortran.dg/bind_c_vars.f90 -O3 -g (test for excess errors)
FAIL: gfortran.dg/binding_label_tests_16.f03 -O3 -g (test for excess errors)
FAIL: gfortran.dg/blockdata_1.f90 -O3 -g (test for excess errors)
FAIL: gfortran.dg/char_array_constructor.f90 -O3 -g (test for excess errors)
FAIL: gfortran.dg/char_array_structure_constructor.f90 -O3 -g (test for excess errors)
FAIL: gfortran.dg/char_length_7.f90 -O3 -g (test for excess errors)
FAIL: gfortran.dg/com_block_driver.f90 -O3 -g (test for excess errors)
FAIL: gfortran.dg/common_2.f90 -O3 -g (test for excess errors)
FAIL: gfortran.dg/common_4.f90 -O3 -g (test for excess errors)
FAIL: gfortran.dg/common_equivalence_1.f -O3 -g (test for excess errors)
FAIL: gfortran.dg/common_pointer_1.f90 -O3 -g (test for excess errors)
FAIL: gfortran.dg/common_resize_1.f -O3 -g (test for excess errors)
FAIL: gfortran.dg/contained_1.f90 -O3 -g (test for excess errors)
FAIL: gfortran.dg/cray_pointers_2.f90 -O3 -g (test for excess errors)
FAIL: gfortran.dg/cray_pointers_5.f90 -O3 -g (test for excess errors)
FAIL: gfortran.dg/derived_comp_array_ref_2.f90 -O3 -g (test for excess errors)
FAIL: gfortran.dg/derived_comp_array_ref_3.f90 -O3 -g (test for excess errors)
FAIL: gfortran.dg/derived_comp_array_ref_4.f90 -O3 -g (test for excess errors)
FAIL: gfortran.dg/entry_array_specs_2.f -O3 -g (test for excess errors)
FAIL: gfortran.dg/equiv_6.f90 -O3 -g (test for excess errors)
FAIL: gfortran.dg/equiv_7.f90 -O3 -g (test for excess errors)
FAIL: gfortran.dg/external_procedures_3.f90 -O3 -g (test for excess errors)
FAIL: gfortran.dg/f2c_6.f90 -O3 -g (test for excess errors)
FAIL: gfortran.dg/host_assoc_function_1.f90 -O3 -g (test for excess errors)
FAIL: gfortran.dg/host_assoc_function_3.f90 -O3 -g (test for excess errors)
FAIL: gfortran.dg/iso_fortran_env_1.f90 -O3 -g (test for excess errors)
FAIL: gfortran.dg/large_real_kind_2.F90 -O0 execution test
FAIL: gfortran.dg/large_real_kind_2.F90 -O1 execution test
FAIL: gfortran.dg/large_real_kind_2.F90 -O2 execution test
FAIL: gfortran.dg/large_real_kind_2.F90 -O3 -fomit-frame-pointer execution test
FAIL: gfortran.dg/large_real_kind_2.F90 -O3 -fomit-frame-pointer -funroll-loops execution test
FAIL: gfortran.dg/large_real_kind_2.F90 -O3 -fomit-frame-pointer -funroll-all-loops -finline-functions execution test
FAIL: gfortran.dg/large_real_kind_2.F90 -O3 -g execution test
FAIL: gfortran.dg/large_real_kind_2.F90 -Os execution test
FAIL: gfortran.dg/large_real_kind_form_io_2.f90 -O0 execution test
FAIL: gfortran.dg/large_real_kind_form_io_2.f90 -O1 execution test
FAIL: gfortran.dg/large_real_kind_form_io_2.f90 -O2 execution test
FAIL: gfortran.dg/large_real_kind_form_io_2.f90 -O3 -fomit-frame-pointer execution test
FAIL: gfortran.dg/large_real_kind_form_io_2.f90 -O3 -fomit-frame-pointer -funroll-loops execution test
FAIL: gfortran.dg/large_real_kind_form_io_2.f90 -O3 -fomit-frame-pointer -funroll-all-loops -finline-functions execution test
FAIL: gfortran.dg/large_real_kind_form_io_2.f90 -O3 -g execution test
FAIL: gfortran.dg/large_real_kind_form_io_2.f90 -Os execution test
FAIL: gfortran.dg/literal_character_constant_1_x.F -O3 -g (test for excess errors)
FAIL: gfortran.dg/literal_character_constant_1_y.F -O3 -g (test for excess errors)
FAIL: gfortran.dg/literal_character_constant_1_z.F -O3 -g (test for excess errors)
FAIL: gfortran.dg/loc_1.f90 -O3 -g (test for excess errors)
FAIL: gfortran.dg/loc_2.f90 -O3 -g (test for excess errors)
FAIL: gfortran.dg/module_blank_common.f90 -O3 -g (test for excess errors)
FAIL: gfortran.dg/module_commons_1.f90 -O3 -g (test for excess errors)
FAIL: gfortran.dg/module_equivalence_1.f90 -O3 -g (test for excess errors)
FAIL: gfortran.dg/module_equivalence_2.f90 -O3 -g (test for excess errors)
FAIL: gfortran.dg/module_equivalence_3.f90 -O3 -g (test for excess errors)
FAIL: gfortran.dg/namelist_14.f90 -O3 -g (test for excess errors)
FAIL: gfortran.dg/namelist_use.f90 -O3 -g (test for excess errors)
FAIL: gfortran.dg/namelist_use_only.f90 -O3 -g (test for excess errors)
FAIL: gfortran.dg/nested_modules_1.f90 -O3 -g (test for excess errors)
FAIL: gfortran.dg/nested_modules_2.f90 -O3 -g (test for excess errors)
FAIL: gfortran.dg/pr16861.f90 -O3 -g (test for excess errors)
FAIL: gfortran.dg/pr29581.f90 -O3 -g (test for excess errors)
FAIL: gfortran.dg/pr32635.f -O3 -g (test for excess errors)
FAIL: gfortran.dg/protected_1.f90 -O3 -g (test for excess errors)
FAIL: gfortran.dg/protected_2.f90 -O3 -g (test for excess errors)
FAIL: gfortran.dg/substr_4.f -O3 -g (test for excess errors)
FAIL: gfortran.dg/test_com_block.f90 -O3 -g (test for excess errors)
FAIL: gfortran.dg/use_allocated_1.f90 -O3 -g (test for excess errors)
FAIL: gfortran.dg/used_dummy_types_1.f90 -O3 -g (test for excess errors)
FAIL: gfortran.dg/used_interface_ref.f90 -O3 -g (test for excess errors)
FAIL: gfortran.dg/value_4.f90 -O3 -g (test for excess errors)
FAIL: gfortran.dg/volatile10.f90 -O3 -g (test for excess errors)
FAIL: gfortran.dg/g77/13037.f -O3 -g (test for excess errors)
FAIL: gfortran.dg/g77/19990419-1.f -O3 -g (test for excess errors)
FAIL: gfortran.dg/g77/f90-intrinsic-bit.f -O3 -g (test for excess errors)
FAIL: gfortran.dg/g77/f90-intrinsic-mathematical.f -O3 -g (test for excess errors)
FAIL: gfortran.dg/g77/f90-intrinsic-numeric.f -O3 -g (test for excess errors)
FAIL: gfortran.dg/g77/intrinsic-unix-bessel.f -O3 -g (test for excess errors)
FAIL: gfortran.dg/g77/intrinsic-unix-erf.f -O3 -g (test for excess errors)
FAIL: gfortran.dg/g77/short.f -O3 -g (test for excess errors)
XPASS: gfortran.dg/vect/no-vfa-pr32377.f90 scan-tree-dump-times vectorized 2 loops 1
=== gfortran Summary for unix/-m64 ===
# of expected passes 21740
# of unexpected failures 84
# of unexpected successes 1
# of expected failures 38
# of unsupported tests 43
Running target unix/-m32
FAIL: gfortran.dg/large_real_kind_2.F90 -O0 execution test
FAIL: gfortran.dg/large_real_kind_2.F90 -O1 execution test
FAIL: gfortran.dg/large_real_kind_2.F90 -O2 execution test
FAIL: gfortran.dg/large_real_kind_2.F90 -O3 -fomit-frame-pointer execution test
FAIL: gfortran.dg/large_real_kind_2.F90 -O3 -fomit-frame-pointer -funroll-loops execution test
FAIL: gfortran.dg/large_real_kind_2.F90 -O3 -fomit-frame-pointer -funroll-all-loops -finline-functions execution test
FAIL: gfortran.dg/large_real_kind_2.F90 -O3 -g execution test
FAIL: gfortran.dg/large_real_kind_2.F90 -Os execution test
FAIL: gfortran.dg/large_real_kind_form_io_2.f90 -O0 execution test
FAIL: gfortran.dg/large_real_kind_form_io_2.f90 -O1 execution test
FAIL: gfortran.dg/large_real_kind_form_io_2.f90 -O2 execution test
FAIL: gfortran.dg/large_real_kind_form_io_2.f90 -O3 -fomit-frame-pointer execution test
FAIL: gfortran.dg/large_real_kind_form_io_2.f90 -O3 -fomit-frame-pointer -funroll-loops execution test
FAIL: gfortran.dg/large_real_kind_form_io_2.f90 -O3 -fomit-frame-pointer -funroll-all-loops -finline-functions execution test
FAIL: gfortran.dg/large_real_kind_form_io_2.f90 -O3 -g execution test
FAIL: gfortran.dg/large_real_kind_form_io_2.f90 -Os execution test
XPASS: gfortran.dg/vect/no-vfa-pr32377.f90 scan-tree-dump-times vectorized 2 loops 1
=== gfortran Summary for unix/-m32 ===
# of expected passes 21777
# of unexpected failures 16
# of unexpected successes 1
# of expected failures 32
# of unsupported tests 59
=== gfortran Summary ===
# of expected passes 43517
# of unexpected failures 100
# of unexpected successes 2
# of expected failures 70
# of unsupported tests 102
/Users/fxc/ibin/gcc/testsuite/gfortran/../../gfortran version 4.3.0 20071031 (experimental) [trunk revision 129806] (GCC)
Compiler version: 4.3.0 20071031 (experimental) [trunk revision 129806] (GCC) gfortran
Platform: powerpc-apple-darwin8.10.0
configure flags: --prefix=/Users/fxc/irun --with-gmp=/Users/fxc/local --enable-languages=c,fortran --disable-bootstrap