This is the mail archive of the
gcc-testresults@gcc.gnu.org
mailing list for the GCC project.
Results for 4.3.0 20071101 (experimental) (GCC) testsuite on sparc-sun-solaris2.10
- From: "Kaveh R. GHAZI" <ghazi at caip dot rutgers dot edu>
- To: gcc-testresults at gcc dot gnu dot org
- Date: Thu, 1 Nov 2007 23:38:26 -0400 (EDT)
- Subject: Results for 4.3.0 20071101 (experimental) (GCC) testsuite on sparc-sun-solaris2.10
LAST_UPDATED:
Native configuration is sparc-sun-solaris2.10
=== g++ tests ===
Running target unix
FAIL: g++.dg/ext/visibility/namespace2.C (test for excess errors)
WARNING: g++.dg/other/ucnid-1.C compilation failed to produce executable
FAIL: g++.dg/tree-ssa/ivopts-1.C scan-tree-dump-not offset: (4294967292|0x0f+fc)
XPASS: g++.old-deja/g++.other/init19.C execution test
=== g++ Summary ===
# of expected passes 16623
# of unexpected failures 2
# of unexpected successes 1
# of expected failures 86
# of unsupported tests 193
/tmp/kg/basel/build/gcc/testsuite/g++/../../g++ version 4.3.0 20071101 (experimental) (GCC)
=== gcc tests ===
Running target unix
FAIL: gcc.c-torture/compile/limits-enumconst.c -O3 -g (test for excess errors)
FAIL: gcc.c-torture/compile/limits-exprparen.c -O0 (test for excess errors)
FAIL: gcc.c-torture/compile/limits-exprparen.c -O1 (test for excess errors)
FAIL: gcc.c-torture/compile/limits-exprparen.c -O2 (test for excess errors)
FAIL: gcc.c-torture/compile/limits-exprparen.c -O3 -fomit-frame-pointer (test for excess errors)
FAIL: gcc.c-torture/compile/limits-exprparen.c -O3 -g (test for excess errors)
FAIL: gcc.c-torture/compile/limits-exprparen.c -Os (test for excess errors)
FAIL: gcc.c-torture/compile/limits-externalid.c -O0 (test for excess errors)
FAIL: gcc.c-torture/compile/limits-externalid.c -O1 (test for excess errors)
FAIL: gcc.c-torture/compile/limits-externalid.c -O2 (test for excess errors)
FAIL: gcc.c-torture/compile/limits-externalid.c -O3 -fomit-frame-pointer (test for excess errors)
FAIL: gcc.c-torture/compile/limits-externalid.c -O3 -g (test for excess errors)
FAIL: gcc.c-torture/compile/limits-externalid.c -Os (test for excess errors)
FAIL: gcc.c-torture/compile/limits-fndefn.c -O3 -g (test for excess errors)
FAIL: gcc.c-torture/execute/20040709-2.c execution, -O2
FAIL: gcc.c-torture/execute/20040709-2.c execution, -O3 -fomit-frame-pointer
FAIL: gcc.c-torture/execute/20040709-2.c execution, -O3 -fomit-frame-pointer -funroll-loops
FAIL: gcc.c-torture/execute/20040709-2.c execution, -O3 -fomit-frame-pointer -funroll-all-loops -finline-functions
FAIL: gcc.c-torture/execute/20040709-2.c execution, -O3 -g
FAIL: gcc.c-torture/execute/mayalias-2.c compilation, -O3 -g (internal compiler error)
UNRESOLVED: gcc.c-torture/execute/mayalias-2.c execution, -O3 -g
FAIL: gcc.c-torture/execute/mayalias-3.c compilation, -O3 -g (internal compiler error)
UNRESOLVED: gcc.c-torture/execute/mayalias-3.c execution, -O3 -g
FAIL: gcc.dg/debug/debug-6.c -gdwarf-2 -O scan-assembler xyzzy
FAIL: gcc.dg/debug/debug-6.c -gdwarf-2 -O3 scan-assembler xyzzy
FAIL: gcc.dg/debug/debug-6.c -gdwarf-23 -O scan-assembler xyzzy
FAIL: gcc.dg/debug/debug-6.c -gdwarf-23 -O3 scan-assembler xyzzy
FAIL: gcc.dg/debug/debug-6.c -gstabs -O scan-assembler xyzzy
FAIL: gcc.dg/debug/debug-6.c -gstabs -O3 scan-assembler xyzzy
FAIL: gcc.dg/debug/debug-6.c -gstabs3 -O scan-assembler xyzzy
FAIL: gcc.dg/debug/debug-6.c -gstabs3 -O3 scan-assembler xyzzy
FAIL: gcc.dg/debug/debug-6.c -gstabs+ -O scan-assembler xyzzy
FAIL: gcc.dg/debug/debug-6.c -gstabs+ -O3 scan-assembler xyzzy
FAIL: gcc.dg/debug/debug-6.c -gstabs+3 -O scan-assembler xyzzy
FAIL: gcc.dg/debug/debug-6.c -gstabs+3 -O3 scan-assembler xyzzy
FAIL: gcc.dg/pragma-align-2.c (test for errors, line 22)
FAIL: gcc.dg/pragma-align-2.c (test for errors, line 23)
FAIL: gcc.dg/pragma-align-2.c (test for errors, line 24)
FAIL: gcc.dg/pragma-align-2.c (test for errors, line 25)
FAIL: gcc.dg/pragma-align-2.c (test for errors, line 26)
FAIL: gcc.dg/pragma-align-2.c (test for errors, line 30)
FAIL: gcc.dg/pragma-align-2.c (test for excess errors)
FAIL: gcc.dg/pragma-init-fini.c (test for errors, line 7)
FAIL: gcc.dg/pragma-init-fini.c (test for errors, line 8)
FAIL: gcc.dg/pragma-init-fini.c (test for errors, line 9)
FAIL: gcc.dg/pragma-init-fini.c (test for errors, line 11)
FAIL: gcc.dg/pragma-init-fini.c (test for errors, line 12)
FAIL: gcc.dg/pragma-init-fini.c (test for errors, line 13)
FAIL: gcc.dg/pragma-init-fini.c (test for excess errors)
WARNING: gcc.dg/ucnid-2.c compilation failed to produce executable
WARNING: gcc.dg/ucnid-3.c compilation failed to produce executable
WARNING: gcc.dg/ucnid-4.c compilation failed to produce executable
FAIL: gcc.dg/format/cmn-err-1.c (test for errors, line 31)
FAIL: gcc.dg/format/cmn-err-1.c (test for errors, line 32)
FAIL: gcc.dg/format/cmn-err-1.c (test for errors, line 33)
FAIL: gcc.dg/format/cmn-err-1.c (test for errors, line 34)
FAIL: gcc.dg/format/cmn-err-1.c (test for errors, line 35)
FAIL: gcc.dg/format/cmn-err-1.c (test for errors, line 36)
FAIL: gcc.dg/format/cmn-err-1.c (test for excess errors)
FAIL: gcc.dg/format/cmn-err-1.c -DWIDE (test for errors, line 31)
FAIL: gcc.dg/format/cmn-err-1.c -DWIDE (test for errors, line 32)
FAIL: gcc.dg/format/cmn-err-1.c -DWIDE (test for errors, line 33)
FAIL: gcc.dg/format/cmn-err-1.c -DWIDE (test for errors, line 34)
FAIL: gcc.dg/format/cmn-err-1.c -DWIDE (test for errors, line 35)
FAIL: gcc.dg/format/cmn-err-1.c -DWIDE (test for errors, line 36)
FAIL: gcc.dg/format/cmn-err-1.c -DWIDE (test for excess errors)
FAIL: gcc.dg/tree-ssa/pr33723.c scan-tree-dump-times t = {} 3
FAIL: gcc.dg/tree-ssa/pr33723.c scan-tree-dump-times t.f.f1 = 1 4
FAIL: gcc.dg/tree-ssa/pr33723.c scan-tree-dump-times t.f.f8 = 8 4
FAIL: gcc.dg/vect/pr33804.c scan-tree-dump-times vectorized 1 loops 1
FAIL: gcc.dg/vect/pr33804.c scan-tree-dump-times vectorizing stmts using SLP 1
FAIL: gcc.dg/vect/vect-35.c scan-tree-dump-times vectorized 1 loops 1
FAIL: gcc.dg/vect/vect-iv-6.c scan-tree-dump-times vectorized 1 loops 1
FAIL: gcc.dg/vect/vect-multitypes-5.c scan-tree-dump-times vectorized 1 loops 1
FAIL: gcc.dg/vect/vect-multitypes-6.c scan-tree-dump-times vectorized 1 loops 1
FAIL: gcc.dg/vect/vect-outer-5.c scan-tree-dump-times OUTER LOOP VECTORIZED 1
FAIL: gcc.dg/vect/vect-outer-5.c scan-tree-dump-times zero step in outer loop. 1
FAIL: gcc.dg/vect/vect-outer-6.c scan-tree-dump-times OUTER LOOP VECTORIZED 1
FAIL: gcc.dg/vect/vect-outer-6.c scan-tree-dump-times zero step in outer loop. 1
FAIL: gcc.dg/vect/vect-vfa-slp.c scan-tree-dump-times vectorized 1 loops 1
FAIL: gcc.dg/vect/slp-15.c scan-tree-dump-times vectorizing stmts using SLP 2
FAIL: gcc.dg/vect/slp-25.c scan-tree-dump-times Alignment of access forced using peeling 2
FAIL: gcc.dg/vect/slp-3.c scan-tree-dump-times vectorized 3 loops 1
FAIL: gcc.dg/vect/slp-3.c scan-tree-dump-times vectorizing stmts using SLP 3
FAIL: gcc.dg/vect/no-vfa-pr29145.c scan-tree-dump-times vectorized 0 loops 2
FAIL: gcc.dg/vect/no-vfa-pr29145.c scan-tree-dump-times vectorized 1 loops 1
FAIL: gcc.dg/vect/no-vfa-vect-depend-1.c scan-tree-dump-times vectorized 1 loops 1
FAIL: gcc.target/sparc/pdist-3.c (internal compiler error)
FAIL: gcc.target/sparc/pdist-3.c (test for excess errors)
WARNING: gcc.target/sparc/pdist-3.c compilation failed to produce executable
=== gcc Summary ===
# of expected passes 45254
# of unexpected failures 84
# of expected failures 200
# of unresolved testcases 2
# of untested testcases 35
# of unsupported tests 471
/tmp/kg/basel/build/gcc/xgcc version 4.3.0 20071101 (experimental) (GCC)
=== gnat tests ===
Running target unix
FAIL: gnat.dg/socket1.adb execution test
FAIL: gnat.dg/socket2.adb execution test
=== gnat Summary ===
# of expected passes 298
# of unexpected failures 2
=== obj-c++ tests ===
Running target unix
FAIL: obj-c++.dg/bitfield-1.mm (internal compiler error)
FAIL: obj-c++.dg/bitfield-1.mm (test for excess errors)
WARNING: obj-c++.dg/bitfield-1.mm compilation failed to produce executable
FAIL: obj-c++.dg/comp-types-10.mm (internal compiler error)
FAIL: obj-c++.dg/comp-types-10.mm (test for excess errors)
FAIL: obj-c++.dg/cxx-ivars-2.mm execution test
FAIL: obj-c++.dg/encode-2.mm scan-assembler {Vec<float>=ffi}
FAIL: obj-c++.dg/encode-2.mm scan-assembler {Vec<double>=ddi}
FAIL: obj-c++.dg/encode-3.mm execution test
FAIL: obj-c++.dg/encode-8.mm execution test
FAIL: obj-c++.dg/gnu-runtime-2.mm (test for excess errors)
FAIL: obj-c++.dg/isa-field-1.mm (test for excess errors)
FAIL: obj-c++.dg/lookup-2.mm (test for excess errors)
WARNING: obj-c++.dg/lookup-2.mm compilation failed to produce executable
FAIL: obj-c++.dg/try-catch-2.mm (test for excess errors)
WARNING: obj-c++.dg/try-catch-2.mm compilation failed to produce executable
FAIL: obj-c++.dg/try-catch-9.mm (internal compiler error)
FAIL: obj-c++.dg/try-catch-9.mm (test for excess errors)
WARNING: obj-c++.dg/try-catch-9.mm compilation failed to produce executable
=== obj-c++ Summary ===
# of expected passes 422
# of unexpected failures 15
# of unsupported tests 13
/tmp/kg/basel/build/gcc/testsuite/obj-c++/../../g++ version 4.3.0 20071101 (experimental) (GCC)
=== objc tests ===
Running target unix
FAIL: objc/execute/exceptions/foward-1.m execution, -O3 -fomit-frame-pointer -funroll-loops -fgnu-runtime
FAIL: objc/execute/exceptions/foward-1.m execution, -O3 -fomit-frame-pointer -funroll-all-loops -finline-functions -fgnu-runtime
=== objc Summary ===
# of expected passes 1810
# of unexpected failures 2
# of expected failures 7
# of unsupported tests 24
/tmp/kg/basel/build/gcc/xgcc version 4.3.0 20071101 (experimental) (GCC)
=== treelang tests ===
Running target unix
=== treelang Summary ===
# of expected passes 52
=== libffi tests ===
Running target unix
FAIL: libffi.call/return_sc.c -O0 -W -Wall execution test
=== libffi Summary ===
# of expected passes 1107
# of unexpected failures 1
# of unsupported tests 8
=== libgomp tests ===
Running target unix
FAIL: libgomp.c++/ctor-5.C -O0 (test for excess errors)
WARNING: libgomp.c++/ctor-5.C -O0 compilation failed to produce executable
FAIL: libgomp.c++/ctor-5.C -O1 (test for excess errors)
WARNING: libgomp.c++/ctor-5.C -O1 compilation failed to produce executable
FAIL: libgomp.c++/ctor-5.C -O2 (test for excess errors)
WARNING: libgomp.c++/ctor-5.C -O2 compilation failed to produce executable
FAIL: libgomp.c++/ctor-5.C -O3 -fomit-frame-pointer (test for excess errors)
WARNING: libgomp.c++/ctor-5.C -O3 -fomit-frame-pointer compilation failed to produce executable
FAIL: libgomp.c++/ctor-5.C -O3 -fomit-frame-pointer -funroll-loops (test for excess errors)
WARNING: libgomp.c++/ctor-5.C -O3 -fomit-frame-pointer -funroll-loops compilation failed to produce executable
FAIL: libgomp.c++/ctor-5.C -O3 -fomit-frame-pointer -funroll-all-loops -finline-functions (test for excess errors)
WARNING: libgomp.c++/ctor-5.C -O3 -fomit-frame-pointer -funroll-all-loops -finline-functions compilation failed to produce executable
FAIL: libgomp.c++/ctor-5.C -O3 -g (test for excess errors)
WARNING: libgomp.c++/ctor-5.C -O3 -g compilation failed to produce executable
FAIL: libgomp.c++/ctor-5.C -Os (test for excess errors)
WARNING: libgomp.c++/ctor-5.C -Os compilation failed to produce executable
FAIL: libgomp.c++/ctor-8.C -O0 (test for excess errors)
WARNING: libgomp.c++/ctor-8.C -O0 compilation failed to produce executable
FAIL: libgomp.c++/ctor-8.C -O1 (test for excess errors)
WARNING: libgomp.c++/ctor-8.C -O1 compilation failed to produce executable
FAIL: libgomp.c++/ctor-8.C -O2 (test for excess errors)
WARNING: libgomp.c++/ctor-8.C -O2 compilation failed to produce executable
FAIL: libgomp.c++/ctor-8.C -O3 -fomit-frame-pointer (test for excess errors)
WARNING: libgomp.c++/ctor-8.C -O3 -fomit-frame-pointer compilation failed to produce executable
FAIL: libgomp.c++/ctor-8.C -O3 -fomit-frame-pointer -funroll-loops (test for excess errors)
WARNING: libgomp.c++/ctor-8.C -O3 -fomit-frame-pointer -funroll-loops compilation failed to produce executable
FAIL: libgomp.c++/ctor-8.C -O3 -fomit-frame-pointer -funroll-all-loops -finline-functions (test for excess errors)
WARNING: libgomp.c++/ctor-8.C -O3 -fomit-frame-pointer -funroll-all-loops -finline-functions compilation failed to produce executable
FAIL: libgomp.c++/ctor-8.C -O3 -g (test for excess errors)
WARNING: libgomp.c++/ctor-8.C -O3 -g compilation failed to produce executable
FAIL: libgomp.c++/ctor-8.C -Os (test for excess errors)
WARNING: libgomp.c++/ctor-8.C -Os compilation failed to produce executable
FAIL: libgomp.c++/ctor-9.C -O0 (test for excess errors)
WARNING: libgomp.c++/ctor-9.C -O0 compilation failed to produce executable
FAIL: libgomp.c++/ctor-9.C -O1 (test for excess errors)
WARNING: libgomp.c++/ctor-9.C -O1 compilation failed to produce executable
FAIL: libgomp.c++/ctor-9.C -O2 (test for excess errors)
WARNING: libgomp.c++/ctor-9.C -O2 compilation failed to produce executable
FAIL: libgomp.c++/ctor-9.C -O3 -fomit-frame-pointer (test for excess errors)
WARNING: libgomp.c++/ctor-9.C -O3 -fomit-frame-pointer compilation failed to produce executable
FAIL: libgomp.c++/ctor-9.C -O3 -fomit-frame-pointer -funroll-loops (test for excess errors)
WARNING: libgomp.c++/ctor-9.C -O3 -fomit-frame-pointer -funroll-loops compilation failed to produce executable
FAIL: libgomp.c++/ctor-9.C -O3 -fomit-frame-pointer -funroll-all-loops -finline-functions (test for excess errors)
WARNING: libgomp.c++/ctor-9.C -O3 -fomit-frame-pointer -funroll-all-loops -finline-functions compilation failed to produce executable
FAIL: libgomp.c++/ctor-9.C -O3 -g (test for excess errors)
WARNING: libgomp.c++/ctor-9.C -O3 -g compilation failed to produce executable
FAIL: libgomp.c++/ctor-9.C -Os (test for excess errors)
WARNING: libgomp.c++/ctor-9.C -Os compilation failed to produce executable
=== libgomp Summary ===
# of expected passes 434
# of unexpected failures 24
# of unsupported tests 7
=== libjava tests ===
Running target unix
FAIL: InvokeInterface execution - source compiled test
FAIL: InvokeInterface -O3 execution - source compiled test
=== libjava Summary ===
# of expected passes 2546
# of unexpected failures 2
# of untested testcases 2
=== libstdc++ tests ===
Running target unix
XPASS: 27_io/basic_istream/extractors_arithmetic/char/12.cc execution test
XPASS: 27_io/basic_istream/extractors_arithmetic/wchar_t/12.cc execution test
FAIL: ext/enc_filebuf/char/13598.cc execution test
=== libstdc++ Summary ===
# of expected passes 4747
# of unexpected failures 1
# of unexpected successes 2
# of expected failures 57
# of unsupported tests 367
Compiler version: 4.3.0 20071101 (experimental) (GCC)
Platform: sparc-sun-solaris2.10
configure flags: --verbose --enable-languages=c,c++,objc,obj-c++,java,treelang,ada --with-local-prefix=/usr/local/gnu --without-libiconv-prefix --with-mpfr=/caip/u12/kishgcc/gcc-testing/421-221/_gmp