This is the mail archive of the gcc-testresults@gcc.gnu.org mailing list for the GCC project.


Index Nav: [Date Index] [Subject Index] [Author Index] [Thread Index]
Message Nav: [Date Prev] [Date Next] [Thread Prev] [Thread Next]
Other format: [Raw text]

Results for 4.3.0 20071021 (experimental) [trunk revision 129521] (GCC) testsuite on powerpc64-suse-linux-gnu


LAST_UPDATED: Sun Oct 21 10:20:19 UTC 2007 (revision 129521)

		=== acats tests ===
FAIL:	c41328a
FAIL:	c452001

		=== acats Summary ===
# of expected passes		2313
# of unexpected failures	2
Native configuration is powerpc64-suse-linux-gnu

		=== g++ tests ===


Running target unix/-m32
XPASS: g++.dg/tree-ssa/copyprop-1.C scan-tree-dump-not .* = [^>;]*;

		=== g++ Summary for unix/-m32 ===

# of expected passes		16830
# of unexpected successes	1
# of expected failures		84
# of unsupported tests		116

Running target unix/-m64
XPASS: g++.dg/tree-ssa/copyprop-1.C scan-tree-dump-not .* = [^>;]*;

		=== g++ Summary for unix/-m64 ===

# of expected passes		16792
# of unexpected successes	1
# of expected failures		84
# of unsupported tests		119

		=== g++ Summary ===

# of expected passes		33622
# of unexpected successes	2
# of expected failures		168
# of unsupported tests		235
/tmp/cvs/gcc-20071021/Build/gcc/testsuite/g++/../../g++  version 4.3.0 20071021 (experimental) [trunk revision 129521] (GCC) 

		=== gcc tests ===


Running target unix/-m32
FAIL: gcc.c-torture/execute/mayalias-2.c compilation,  -O3 -g  (internal compiler error)
UNRESOLVED: gcc.c-torture/execute/mayalias-2.c execution,  -O3 -g 
FAIL: gcc.c-torture/execute/mayalias-3.c compilation,  -O3 -g  (internal compiler error)
UNRESOLVED: gcc.c-torture/execute/mayalias-3.c execution,  -O3 -g 
FAIL: gcc.dg/dfp/convert-bfp-3.c execution test
FAIL: gcc.dg/memcpy-1.c scan-tree-dump-times nasty_local 0
FAIL: gcc.dg/pr32912-3.c (test for excess errors)
FAIL: gcc.dg/tree-ssa/ssa-fre-4.c scan-tree-dump Replaced \\(char\\) .*with 
XPASS: gcc.dg/tree-ssa/update-threading.c scan-tree-dump-times Invalid sum 0
FAIL: gcc.dg/vect/costmodel/ppc/costmodel-vect-31d.c scan-tree-dump-times vectorization not profitable 1
FAIL: gcc.dg/vect/costmodel/ppc/costmodel-vect-31d.c scan-tree-dump-times vectorized 1 loops 0
FAIL: gcc.dg/vect/costmodel/ppc/costmodel-vect-68d.c scan-tree-dump-times vectorization not profitable 1
FAIL: gcc.dg/vect/costmodel/ppc/costmodel-vect-68d.c scan-tree-dump-times vectorized 1 loops 0
FAIL: gcc.dg/vmx/ops.c  -O2  (internal compiler error)
FAIL: gcc.dg/vmx/ops.c  -O2  (test for excess errors)
FAIL: gcc.dg/vmx/ops.c  -O3 -fomit-frame-pointer  (internal compiler error)
FAIL: gcc.dg/vmx/ops.c  -O3 -fomit-frame-pointer  (test for excess errors)
FAIL: gcc.dg/vmx/ops.c  -O3 -g  (internal compiler error)
FAIL: gcc.dg/vmx/ops.c  -O3 -g  (test for excess errors)
FAIL: gcc.dg/vmx/ops.c  -Os  (internal compiler error)
FAIL: gcc.dg/vmx/ops.c  -Os  (test for excess errors)

		=== gcc Summary for unix/-m32 ===

# of expected passes		48023
# of unexpected failures	18
# of unexpected successes	1
# of expected failures		169
# of unresolved testcases	2
# of untested testcases		35
# of unsupported tests		363

Running target unix/-m64
FAIL: gcc.c-torture/execute/mayalias-2.c compilation,  -O3 -g  (internal compiler error)
UNRESOLVED: gcc.c-torture/execute/mayalias-2.c execution,  -O3 -g 
FAIL: gcc.c-torture/execute/mayalias-3.c compilation,  -O3 -g  (internal compiler error)
UNRESOLVED: gcc.c-torture/execute/mayalias-3.c execution,  -O3 -g 
FAIL: gcc.dg/dfp/convert-bfp-3.c execution test
XPASS: gcc.dg/tree-ssa/sra-2.c scan-tree-dump-times link_error 0
FAIL: gcc.dg/tree-ssa/ssa-fre-4.c scan-tree-dump Replaced \\(char\\) .*with 
XPASS: gcc.dg/tree-ssa/update-threading.c scan-tree-dump-times Invalid sum 0
FAIL: gcc.dg/vect/costmodel/ppc/costmodel-vect-31d.c scan-tree-dump-times vectorization not profitable 1
FAIL: gcc.dg/vect/costmodel/ppc/costmodel-vect-31d.c scan-tree-dump-times vectorized 1 loops 0
FAIL: gcc.dg/vect/costmodel/ppc/costmodel-vect-68d.c scan-tree-dump-times vectorization not profitable 1
FAIL: gcc.dg/vect/costmodel/ppc/costmodel-vect-68d.c scan-tree-dump-times vectorized 1 loops 0
FAIL: gcc.target/powerpc/ppc-negeq0-1.c scan-assembler-not cntlzw

		=== gcc Summary for unix/-m64 ===

# of expected passes		47866
# of unexpected failures	9
# of unexpected successes	2
# of expected failures		169
# of unresolved testcases	2
# of untested testcases		35
# of unsupported tests		433

		=== gcc Summary ===

# of expected passes		95889
# of unexpected failures	27
# of unexpected successes	3
# of expected failures		338
# of unresolved testcases	4
# of untested testcases		70
# of unsupported tests		796
/tmp/cvs/gcc-20071021/Build/gcc/xgcc  version 4.3.0 20071021 (experimental) [trunk revision 129521] (GCC) 

		=== gfortran tests ===


Running target unix/-m32
FAIL: gfortran.dg/default_format_2.f90  -O0  execution test
FAIL: gfortran.dg/default_format_2.f90  -O1  execution test
FAIL: gfortran.dg/default_format_2.f90  -O2  execution test
FAIL: gfortran.dg/default_format_2.f90  -O3 -fomit-frame-pointer  execution test
FAIL: gfortran.dg/default_format_2.f90  -O3 -fomit-frame-pointer -funroll-loops  execution test
FAIL: gfortran.dg/default_format_2.f90  -O3 -fomit-frame-pointer -funroll-all-loops -finline-functions  execution test
FAIL: gfortran.dg/default_format_2.f90  -O3 -g  execution test
FAIL: gfortran.dg/default_format_2.f90  -Os  execution test
FAIL: gfortran.dg/default_format_denormal_2.f90  -O0  execution test
FAIL: gfortran.dg/default_format_denormal_2.f90  -O1  execution test
FAIL: gfortran.dg/default_format_denormal_2.f90  -O2  execution test
FAIL: gfortran.dg/default_format_denormal_2.f90  -O3 -fomit-frame-pointer  execution test
FAIL: gfortran.dg/default_format_denormal_2.f90  -O3 -fomit-frame-pointer -funroll-loops  execution test
FAIL: gfortran.dg/default_format_denormal_2.f90  -O3 -fomit-frame-pointer -funroll-all-loops -finline-functions  execution test
FAIL: gfortran.dg/default_format_denormal_2.f90  -O3 -g  execution test
FAIL: gfortran.dg/default_format_denormal_2.f90  -Os  execution test
FAIL: gfortran.dg/large_real_kind_form_io_2.f90  -O0  execution test
FAIL: gfortran.dg/large_real_kind_form_io_2.f90  -O1  execution test
FAIL: gfortran.dg/large_real_kind_form_io_2.f90  -O2  execution test
FAIL: gfortran.dg/large_real_kind_form_io_2.f90  -O3 -fomit-frame-pointer  execution test
FAIL: gfortran.dg/large_real_kind_form_io_2.f90  -O3 -fomit-frame-pointer -funroll-loops  execution test
FAIL: gfortran.dg/large_real_kind_form_io_2.f90  -O3 -fomit-frame-pointer -funroll-all-loops -finline-functions  execution test
FAIL: gfortran.dg/large_real_kind_form_io_2.f90  -O3 -g  execution test
FAIL: gfortran.dg/large_real_kind_form_io_2.f90  -Os  execution test
XPASS: gfortran.dg/nint_2.f90  -O1  execution test
XPASS: gfortran.dg/nint_2.f90  -O2  execution test
XPASS: gfortran.dg/nint_2.f90  -O3 -fomit-frame-pointer  execution test
XPASS: gfortran.dg/nint_2.f90  -O3 -fomit-frame-pointer -funroll-loops  execution test
XPASS: gfortran.dg/nint_2.f90  -O3 -fomit-frame-pointer -funroll-all-loops -finline-functions  execution test
XPASS: gfortran.dg/nint_2.f90  -O3 -g  execution test
XPASS: gfortran.dg/nint_2.f90  -Os  execution test

		=== gfortran Summary for unix/-m32 ===

# of expected passes		21696
# of unexpected failures	24
# of unexpected successes	7
# of expected failures		10
# of unsupported tests		37

Running target unix/-m64
FAIL: gfortran.dg/default_format_2.f90  -O0  execution test
FAIL: gfortran.dg/default_format_2.f90  -O1  execution test
FAIL: gfortran.dg/default_format_2.f90  -O2  execution test
FAIL: gfortran.dg/default_format_2.f90  -O3 -fomit-frame-pointer  execution test
FAIL: gfortran.dg/default_format_2.f90  -O3 -fomit-frame-pointer -funroll-loops  execution test
FAIL: gfortran.dg/default_format_2.f90  -O3 -fomit-frame-pointer -funroll-all-loops -finline-functions  execution test
FAIL: gfortran.dg/default_format_2.f90  -O3 -g  execution test
FAIL: gfortran.dg/default_format_2.f90  -Os  execution test
FAIL: gfortran.dg/default_format_denormal_2.f90  -O0  execution test
FAIL: gfortran.dg/default_format_denormal_2.f90  -O1  execution test
FAIL: gfortran.dg/default_format_denormal_2.f90  -O2  execution test
FAIL: gfortran.dg/default_format_denormal_2.f90  -O3 -fomit-frame-pointer  execution test
FAIL: gfortran.dg/default_format_denormal_2.f90  -O3 -fomit-frame-pointer -funroll-loops  execution test
FAIL: gfortran.dg/default_format_denormal_2.f90  -O3 -fomit-frame-pointer -funroll-all-loops -finline-functions  execution test
FAIL: gfortran.dg/default_format_denormal_2.f90  -O3 -g  execution test
FAIL: gfortran.dg/default_format_denormal_2.f90  -Os  execution test
FAIL: gfortran.dg/large_real_kind_form_io_2.f90  -O0  execution test
FAIL: gfortran.dg/large_real_kind_form_io_2.f90  -O1  execution test
FAIL: gfortran.dg/large_real_kind_form_io_2.f90  -O2  execution test
FAIL: gfortran.dg/large_real_kind_form_io_2.f90  -O3 -fomit-frame-pointer  execution test
FAIL: gfortran.dg/large_real_kind_form_io_2.f90  -O3 -fomit-frame-pointer -funroll-loops  execution test
FAIL: gfortran.dg/large_real_kind_form_io_2.f90  -O3 -fomit-frame-pointer -funroll-all-loops -finline-functions  execution test
FAIL: gfortran.dg/large_real_kind_form_io_2.f90  -O3 -g  execution test
FAIL: gfortran.dg/large_real_kind_form_io_2.f90  -Os  execution test
XPASS: gfortran.dg/nint_2.f90  -O1  execution test
XPASS: gfortran.dg/nint_2.f90  -O2  execution test
XPASS: gfortran.dg/nint_2.f90  -O3 -fomit-frame-pointer  execution test
XPASS: gfortran.dg/nint_2.f90  -O3 -fomit-frame-pointer -funroll-loops  execution test
XPASS: gfortran.dg/nint_2.f90  -O3 -fomit-frame-pointer -funroll-all-loops -finline-functions  execution test
XPASS: gfortran.dg/nint_2.f90  -O3 -g  execution test
XPASS: gfortran.dg/nint_2.f90  -Os  execution test

		=== gfortran Summary for unix/-m64 ===

# of expected passes		21728
# of unexpected failures	24
# of unexpected successes	7
# of expected failures		10
# of unsupported tests		21

		=== gfortran Summary ===

# of expected passes		43424
# of unexpected failures	48
# of unexpected successes	14
# of expected failures		20
# of unsupported tests		58
/tmp/cvs/gcc-20071021/Build/gcc/testsuite/gfortran/../../gfortran  version 4.3.0 20071021 (experimental) [trunk revision 129521] (GCC) 

		=== gnat tests ===


Running target unix/-m32
FAIL: gnat.dg/socket1.adb execution test
FAIL: gnat.dg/socket2.adb execution test

		=== gnat Summary for unix/-m32 ===

# of expected passes		298
# of unexpected failures	2

Running target unix/-m64
FAIL: gnat.dg/abstract_with_anonymous_result.adb (test for excess errors)
WARNING: gnat.dg/abstract_with_anonymous_result.adb compilation failed to produce executable
FAIL: gnat.dg/access3.adb (test for excess errors)
FAIL: gnat.dg/access4.adb (test for excess errors)
WARNING: gnat.dg/access4.adb compilation failed to produce executable
FAIL: gnat.dg/access_discr.adb (test for excess errors)
FAIL: gnat.dg/access_test.adb (test for excess errors)
WARNING: gnat.dg/access_test.adb compilation failed to produce executable
FAIL: gnat.dg/addr2.adb (test for excess errors)
WARNING: gnat.dg/addr2.adb compilation failed to produce executable
FAIL: gnat.dg/address_conversion.adb (test for excess errors)
WARNING: gnat.dg/address_conversion.adb compilation failed to produce executable
FAIL: gnat.dg/aggr1.adb (test for excess errors)
WARNING: gnat.dg/aggr1.adb compilation failed to produce executable
FAIL: gnat.dg/aggr3.adb (test for excess errors)
WARNING: gnat.dg/aggr3.adb compilation failed to produce executable
FAIL: gnat.dg/aggr7.adb (test for excess errors)
FAIL: gnat.dg/aliased_prefix_accessibility.adb (test for excess errors)
WARNING: gnat.dg/aliased_prefix_accessibility.adb compilation failed to produce executable
FAIL: gnat.dg/align_check.adb (test for excess errors)
WARNING: gnat.dg/align_check.adb compilation failed to produce executable
FAIL: gnat.dg/alignment1.adb (test for excess errors)
WARNING: gnat.dg/alignment1.adb compilation failed to produce executable
FAIL: gnat.dg/alignment2.adb (test for excess errors)
WARNING: gnat.dg/alignment2.adb compilation failed to produce executable
FAIL: gnat.dg/alignment3.adb (test for excess errors)
FAIL: gnat.dg/array3.adb (test for excess errors)
WARNING: gnat.dg/array3.adb compilation failed to produce executable
FAIL: gnat.dg/assert1.adb (test for excess errors)
WARNING: gnat.dg/assert1.adb compilation failed to produce executable
FAIL: gnat.dg/asynch.adb (test for excess errors)
FAIL: gnat.dg/biased_uc.adb (test for excess errors)
WARNING: gnat.dg/biased_uc.adb compilation failed to produce executable
FAIL: gnat.dg/bip_prim_func.adb (test for excess errors)
FAIL: gnat.dg/c_words.adb (test for excess errors)
FAIL: gnat.dg/capture_value.adb (test for excess errors)
WARNING: gnat.dg/capture_value.adb compilation failed to produce executable
FAIL: gnat.dg/class_wide.adb (test for excess errors)
FAIL: gnat.dg/controlled_record.adb (test for excess errors)
FAIL: gnat.dg/conv_bug.adb (test for excess errors)
WARNING: gnat.dg/conv_bug.adb compilation failed to produce executable
FAIL: gnat.dg/conv_real.adb (test for excess errors)
WARNING: gnat.dg/conv_real.adb compilation failed to produce executable
FAIL: gnat.dg/curr_task.adb (test for excess errors)
WARNING: gnat.dg/curr_task.adb compilation failed to produce executable
FAIL: gnat.dg/derived_aggregate.adb (test for excess errors)
WARNING: gnat.dg/derived_aggregate.adb compilation failed to produce executable
FAIL: gnat.dg/discr4.adb (test for excess errors)
WARNING: gnat.dg/discr4.adb compilation failed to produce executable
FAIL: gnat.dg/dispatch1.adb (test for excess errors)
WARNING: gnat.dg/dispatch1.adb compilation failed to produce executable
FAIL: gnat.dg/dispatch2.adb (test for excess errors)
WARNING: gnat.dg/dispatch2.adb compilation failed to produce executable
FAIL: gnat.dg/dispatch2_p.adb (test for excess errors)
FAIL: gnat.dg/elim1.adb (test for excess errors)
FAIL: gnat.dg/elim2.adb (test for excess errors)
WARNING: gnat.dg/elim2.adb compilation failed to produce executable
FAIL: gnat.dg/entry_queues.adb (test for excess errors)
WARNING: gnat.dg/entry_queues.adb compilation failed to produce executable
FAIL: gnat.dg/expect1.adb (test for excess errors)
WARNING: gnat.dg/expect1.adb compilation failed to produce executable
FAIL: gnat.dg/finalized.adb (test for excess errors)
FAIL: gnat.dg/fixedpnt.adb (test for excess errors)
WARNING: gnat.dg/fixedpnt.adb compilation failed to produce executable
FAIL: gnat.dg/frame_overflow.adb  (test for errors, line 12)
FAIL: gnat.dg/frame_overflow.adb  (test for errors, line 21)
FAIL: gnat.dg/generic_dispatch.adb (test for excess errors)
WARNING: gnat.dg/generic_dispatch.adb compilation failed to produce executable
FAIL: gnat.dg/generic_dispatch_p.adb (test for excess errors)
FAIL: gnat.dg/gnat_malloc.adb (test for excess errors)
WARNING: gnat.dg/gnat_malloc.adb compilation failed to produce executable
FAIL: gnat.dg/gnatg.adb (test for excess errors)
FAIL: gnat.dg/graphic.adb (test for excess errors)
FAIL: gnat.dg/ifaces.adb (test for excess errors)
FAIL: gnat.dg/in_out_parameter.adb (test for excess errors)
WARNING: gnat.dg/in_out_parameter.adb compilation failed to produce executable
FAIL: gnat.dg/inline_tagged.adb (test for excess errors)
WARNING: gnat.dg/inline_tagged.adb compilation failed to produce executable
FAIL: gnat.dg/interface1.adb (test for excess errors)
WARNING: gnat.dg/interface1.adb compilation failed to produce executable
FAIL: gnat.dg/interface2.adb (test for excess errors)
WARNING: gnat.dg/interface2.adb compilation failed to produce executable
FAIL: gnat.dg/interface3.adb (test for excess errors)
WARNING: gnat.dg/interface3.adb compilation failed to produce executable
FAIL: gnat.dg/interface_conv.adb (test for excess errors)
WARNING: gnat.dg/interface_conv.adb compilation failed to produce executable
FAIL: gnat.dg/iprot_test.adb (test for excess errors)
WARNING: gnat.dg/iprot_test.adb compilation failed to produce executable
FAIL: gnat.dg/kill_value.adb (test for excess errors)
WARNING: gnat.dg/kill_value.adb compilation failed to produce executable
FAIL: gnat.dg/late_overriding.adb (test for excess errors)
FAIL: gnat.dg/lhs_view_convert.adb (test for excess errors)
WARNING: gnat.dg/lhs_view_convert.adb compilation failed to produce executable
FAIL: gnat.dg/md5_test.adb (test for excess errors)
WARNING: gnat.dg/md5_test.adb compilation failed to produce executable
FAIL: gnat.dg/mutable1.adb (test for excess errors)
WARNING: gnat.dg/mutable1.adb compilation failed to produce executable
FAIL: gnat.dg/named_test.adb (test for excess errors)
WARNING: gnat.dg/named_test.adb compilation failed to produce executable
FAIL: gnat.dg/nat1r.adb (test for excess errors)
WARNING: gnat.dg/nat1r.adb compilation failed to produce executable
FAIL: gnat.dg/nested_controlled_alloc.adb (test for excess errors)
WARNING: gnat.dg/nested_controlled_alloc.adb compilation failed to produce executable
FAIL: gnat.dg/nested_return_test.adb (test for excess errors)
WARNING: gnat.dg/nested_return_test.adb compilation failed to produce executable
FAIL: gnat.dg/no_final.adb (test for excess errors)
WARNING: gnat.dg/no_final.adb compilation failed to produce executable
FAIL: gnat.dg/outer_agg_bitfield_constructor.adb (test for excess errors)
WARNING: gnat.dg/outer_agg_bitfield_constructor.adb compilation failed to produce executable
FAIL: gnat.dg/overriding_ops.adb (test for excess errors)
FAIL: gnat.dg/packed_subtype.adb (test for excess errors)
WARNING: gnat.dg/packed_subtype.adb compilation failed to produce executable
FAIL: gnat.dg/pointer_conversion.adb (test for excess errors)
WARNING: gnat.dg/pointer_conversion.adb compilation failed to produce executable
FAIL: gnat.dg/prefix1.adb (test for excess errors)
FAIL: gnat.dg/prefix2.adb (test for excess errors)
FAIL: gnat.dg/quote.adb (test for excess errors)
WARNING: gnat.dg/quote.adb compilation failed to produce executable
FAIL: gnat.dg/range_check.adb (test for excess errors)
WARNING: gnat.dg/range_check.adb compilation failed to produce executable
FAIL: gnat.dg/ref_type.adb (test for excess errors)
FAIL: gnat.dg/regpat1.adb (test for excess errors)
WARNING: gnat.dg/regpat1.adb compilation failed to produce executable
FAIL: gnat.dg/renaming2.adb (test for excess errors)
WARNING: gnat.dg/renaming2.adb compilation failed to produce executable
FAIL: gnat.dg/renaming3.adb (test for excess errors)
WARNING: gnat.dg/renaming3.adb compilation failed to produce executable
FAIL: gnat.dg/requeue1.adb (test for excess errors)
WARNING: gnat.dg/requeue1.adb compilation failed to produce executable
FAIL: gnat.dg/return1.adb (test for excess errors)
FAIL: gnat.dg/scalar_mode_agg_compare.adb (test for excess errors)
WARNING: gnat.dg/scalar_mode_agg_compare.adb compilation failed to produce executable
FAIL: gnat.dg/self_aggregate_with_array.adb (test for excess errors)
WARNING: gnat.dg/self_aggregate_with_array.adb compilation failed to produce executable
FAIL: gnat.dg/self_aggregate_with_call.adb (test for excess errors)
WARNING: gnat.dg/self_aggregate_with_call.adb compilation failed to produce executable
FAIL: gnat.dg/self_aggregate_with_pointer.adb (test for excess errors)
WARNING: gnat.dg/self_aggregate_with_pointer.adb compilation failed to produce executable
FAIL: gnat.dg/self_aggregate_with_zeros.adb (test for excess errors)
WARNING: gnat.dg/self_aggregate_with_zeros.adb compilation failed to produce executable
FAIL: gnat.dg/socket1.adb (test for excess errors)
WARNING: gnat.dg/socket1.adb compilation failed to produce executable
FAIL: gnat.dg/socket2.adb (test for excess errors)
WARNING: gnat.dg/socket2.adb compilation failed to produce executable
FAIL: gnat.dg/sort2.adb (test for excess errors)
WARNING: gnat.dg/sort2.adb compilation failed to produce executable
FAIL: gnat.dg/spipaterr.adb (test for excess errors)
WARNING: gnat.dg/spipaterr.adb compilation failed to produce executable
FAIL: gnat.dg/string_slice.adb (test for excess errors)
WARNING: gnat.dg/string_slice.adb compilation failed to produce executable
FAIL: gnat.dg/tag1.adb (test for excess errors)
WARNING: gnat.dg/tag1.adb compilation failed to produce executable
FAIL: gnat.dg/tagged_type_pkg.adb (test for excess errors)
FAIL: gnat.dg/tail_call.adb (test for excess errors)
WARNING: gnat.dg/tail_call.adb compilation failed to produce executable
FAIL: gnat.dg/task_name.adb (test for excess errors)
FAIL: gnat.dg/test_address_null_init.adb (test for excess errors)
WARNING: gnat.dg/test_address_null_init.adb compilation failed to produce executable
FAIL: gnat.dg/test_bounded.adb (test for excess errors)
WARNING: gnat.dg/test_bounded.adb compilation failed to produce executable
FAIL: gnat.dg/test_delay.adb (test for excess errors)
WARNING: gnat.dg/test_delay.adb compilation failed to produce executable
FAIL: gnat.dg/test_enum_io.adb (test for excess errors)
WARNING: gnat.dg/test_enum_io.adb compilation failed to produce executable
FAIL: gnat.dg/test_fixed_io.adb (test for excess errors)
WARNING: gnat.dg/test_fixed_io.adb compilation failed to produce executable
FAIL: gnat.dg/test_ifaces.adb (test for excess errors)
WARNING: gnat.dg/test_ifaces.adb compilation failed to produce executable
FAIL: gnat.dg/test_image.adb (test for excess errors)
WARNING: gnat.dg/test_image.adb compilation failed to produce executable
FAIL: gnat.dg/test_image_p.adb (test for excess errors)
FAIL: gnat.dg/test_nested_subtype_byref.adb (test for excess errors)
WARNING: gnat.dg/test_nested_subtype_byref.adb compilation failed to produce executable
FAIL: gnat.dg/test_oalign.adb (test for excess errors)
WARNING: gnat.dg/test_oalign.adb compilation failed to produce executable
FAIL: gnat.dg/test_prefix1.adb (test for excess errors)
WARNING: gnat.dg/test_prefix1.adb compilation failed to produce executable
FAIL: gnat.dg/test_prio.adb (test for excess errors)
WARNING: gnat.dg/test_prio.adb compilation failed to produce executable
FAIL: gnat.dg/test_self.adb (test for excess errors)
WARNING: gnat.dg/test_self.adb compilation failed to produce executable
FAIL: gnat.dg/test_self_ref.adb (test for excess errors)
WARNING: gnat.dg/test_self_ref.adb compilation failed to produce executable
FAIL: gnat.dg/test_table1.adb (test for excess errors)
WARNING: gnat.dg/test_table1.adb compilation failed to produce executable
FAIL: gnat.dg/tfren.adb (test for excess errors)
WARNING: gnat.dg/tfren.adb compilation failed to produce executable
FAIL: gnat.dg/timing_events.adb (test for excess errors)
WARNING: gnat.dg/timing_events.adb compilation failed to produce executable
FAIL: gnat.dg/valid1.adb (test for excess errors)
WARNING: gnat.dg/valid1.adb compilation failed to produce executable
FAIL: gnat.dg/warn1.adb (test for excess errors)
WARNING: gnat.dg/warn1.adb compilation failed to produce executable
FAIL: gnat.dg/wide_test.adb (test for excess errors)
WARNING: gnat.dg/wide_test.adb compilation failed to produce executable
FAIL: gnat.dg/specs/abstract_limited.ads (test for excess errors)
FAIL: gnat.dg/specs/ai_116.ads (test for excess errors)
FAIL: gnat.dg/specs/box1.ads (test for excess errors)
FAIL: gnat.dg/specs/controller.ads (test for excess errors)
FAIL: gnat.dg/specs/cpp1.ads (test for excess errors)
FAIL: gnat.dg/specs/double_record_extension1.ads (test for excess errors)
FAIL: gnat.dg/specs/double_record_extension2.ads (test for excess errors)
FAIL: gnat.dg/specs/gen_interface.ads (test for excess errors)
FAIL: gnat.dg/specs/limited1.ads (test for excess errors)
FAIL: gnat.dg/specs/preelab.ads (test for excess errors)
FAIL: gnat.dg/specs/private_with.ads (test for excess errors)
FAIL: gnat.dg/specs/tag1.ads (test for excess errors)

		=== gnat Summary for unix/-m64 ===

# of expected passes		93
# of unexpected failures	123

		=== gnat Summary ===

# of expected passes		391
# of unexpected failures	125
		=== objc tests ===


Running target unix/-m32

		=== objc Summary for unix/-m32 ===

# of expected passes		1812
# of expected failures		7
# of unsupported tests		24

Running target unix/-m64

		=== objc Summary for unix/-m64 ===

# of expected passes		1812
# of expected failures		7
# of unsupported tests		24

		=== objc Summary ===

# of expected passes		3624
# of expected failures		14
# of unsupported tests		48
/tmp/cvs/gcc-20071021/Build/gcc/xgcc  version 4.3.0 20071021 (experimental) [trunk revision 129521] (GCC) 

		=== libffi tests ===


Running target unix/-m32

		=== libffi Summary for unix/-m32 ===

# of expected passes		1108
# of unsupported tests		8

Running target unix/-m64

		=== libffi Summary for unix/-m64 ===

# of expected passes		1108
# of unsupported tests		8

		=== libffi Summary ===

# of expected passes		2216
# of unsupported tests		16
		=== libgomp tests ===


Running target unix/-m32

		=== libgomp Summary for unix/-m32 ===

# of expected passes		1623

Running target unix/-m64

		=== libgomp Summary for unix/-m64 ===

# of expected passes		1623

		=== libgomp Summary ===

# of expected passes		3246
		=== libjava tests ===


Running target unix/-m32

		=== libjava Summary for unix/-m32 ===

# of expected passes		2550

Running target unix/-m64
FAIL: getlocalvartable output

		=== libjava Summary for unix/-m64 ===

# of expected passes		2549
# of unexpected failures	1

		=== libjava Summary ===

# of expected passes		5099
# of unexpected failures	1
		=== libmudflap tests ===


Running target unix/-m32
FAIL: libmudflap.c++/pass41-frag.cxx execution test
FAIL: libmudflap.c++/pass41-frag.cxx (-static) execution test
FAIL: libmudflap.c++/pass41-frag.cxx ( -O) execution test
FAIL: libmudflap.c++/pass41-frag.cxx (-O2) execution test
FAIL: libmudflap.c++/pass41-frag.cxx (-O3) execution test

		=== libmudflap Summary for unix/-m32 ===

# of expected passes		1821
# of unexpected failures	5

Running target unix/-m64
FAIL: libmudflap.c/fail27-frag.c output pattern test
FAIL: libmudflap.c/fail27-frag.c (-static) output pattern test
FAIL: libmudflap.c/fail27-frag.c (-O2) output pattern test
FAIL: libmudflap.c/fail27-frag.c (-O3) output pattern test
FAIL: libmudflap.c++/pass41-frag.cxx execution test
FAIL: libmudflap.c++/pass41-frag.cxx (-static) execution test
FAIL: libmudflap.c++/pass41-frag.cxx ( -O) execution test
FAIL: libmudflap.c++/pass41-frag.cxx (-O2) execution test
FAIL: libmudflap.c++/pass41-frag.cxx (-O3) execution test

		=== libmudflap Summary for unix/-m64 ===

# of expected passes		1817
# of unexpected failures	9

		=== libmudflap Summary ===

# of expected passes		3638
# of unexpected failures	14
		=== libstdc++ tests ===


Running target unix/-m32
FAIL: abi_check
FAIL: 18_support/numeric_limits/epsilon.cc (test for excess errors)
WARNING: 18_support/numeric_limits/epsilon.cc compilation failed to produce executable
FAIL: 26_numerics/complex/inserters_extractors/char/1.cc (test for excess errors)
WARNING: 26_numerics/complex/inserters_extractors/char/1.cc compilation failed to produce executable
FAIL: 26_numerics/complex/inserters_extractors/wchar_t/1.cc (test for excess errors)
WARNING: 26_numerics/complex/inserters_extractors/wchar_t/1.cc compilation failed to produce executable
XPASS: 26_numerics/headers/cmath/c99_classification_macros_c.cc (test for excess errors)
FAIL: tr1/5_numerical_facilities/random/uniform_int/33128.cc (test for excess errors)
WARNING: tr1/5_numerical_facilities/random/uniform_int/33128.cc compilation failed to produce executable
FAIL: tr1/5_numerical_facilities/special_functions/02_assoc_legendre/check_nan.cc (test for excess errors)
WARNING: tr1/5_numerical_facilities/special_functions/02_assoc_legendre/check_nan.cc compilation failed to produce executable
FAIL: tr1/5_numerical_facilities/special_functions/03_beta/check_nan.cc (test for excess errors)
WARNING: tr1/5_numerical_facilities/special_functions/03_beta/check_nan.cc compilation failed to produce executable
FAIL: tr1/5_numerical_facilities/special_functions/04_comp_ellint_1/check_nan.cc (test for excess errors)
WARNING: tr1/5_numerical_facilities/special_functions/04_comp_ellint_1/check_nan.cc compilation failed to produce executable
FAIL: tr1/5_numerical_facilities/special_functions/05_comp_ellint_2/check_nan.cc (test for excess errors)
WARNING: tr1/5_numerical_facilities/special_functions/05_comp_ellint_2/check_nan.cc compilation failed to produce executable
FAIL: tr1/5_numerical_facilities/special_functions/06_comp_ellint_3/check_nan.cc (test for excess errors)
WARNING: tr1/5_numerical_facilities/special_functions/06_comp_ellint_3/check_nan.cc compilation failed to produce executable
FAIL: tr1/5_numerical_facilities/special_functions/07_conf_hyperg/check_nan.cc (test for excess errors)
WARNING: tr1/5_numerical_facilities/special_functions/07_conf_hyperg/check_nan.cc compilation failed to produce executable
FAIL: tr1/5_numerical_facilities/special_functions/08_cyl_bessel_i/check_nan.cc (test for excess errors)
WARNING: tr1/5_numerical_facilities/special_functions/08_cyl_bessel_i/check_nan.cc compilation failed to produce executable
FAIL: tr1/5_numerical_facilities/special_functions/09_cyl_bessel_j/check_nan.cc (test for excess errors)
WARNING: tr1/5_numerical_facilities/special_functions/09_cyl_bessel_j/check_nan.cc compilation failed to produce executable
FAIL: tr1/5_numerical_facilities/special_functions/10_cyl_bessel_k/check_nan.cc (test for excess errors)
WARNING: tr1/5_numerical_facilities/special_functions/10_cyl_bessel_k/check_nan.cc compilation failed to produce executable
FAIL: tr1/5_numerical_facilities/special_functions/11_cyl_neumann/check_nan.cc (test for excess errors)
WARNING: tr1/5_numerical_facilities/special_functions/11_cyl_neumann/check_nan.cc compilation failed to produce executable
FAIL: tr1/5_numerical_facilities/special_functions/12_ellint_1/check_nan.cc (test for excess errors)
WARNING: tr1/5_numerical_facilities/special_functions/12_ellint_1/check_nan.cc compilation failed to produce executable
FAIL: tr1/5_numerical_facilities/special_functions/13_ellint_2/check_nan.cc (test for excess errors)
WARNING: tr1/5_numerical_facilities/special_functions/13_ellint_2/check_nan.cc compilation failed to produce executable
FAIL: tr1/5_numerical_facilities/special_functions/14_ellint_3/check_nan.cc (test for excess errors)
WARNING: tr1/5_numerical_facilities/special_functions/14_ellint_3/check_nan.cc compilation failed to produce executable
FAIL: tr1/5_numerical_facilities/special_functions/15_expint/check_nan.cc (test for excess errors)
WARNING: tr1/5_numerical_facilities/special_functions/15_expint/check_nan.cc compilation failed to produce executable
FAIL: tr1/5_numerical_facilities/special_functions/16_hermite/check_nan.cc (test for excess errors)
WARNING: tr1/5_numerical_facilities/special_functions/16_hermite/check_nan.cc compilation failed to produce executable
FAIL: tr1/5_numerical_facilities/special_functions/17_hyperg/check_nan.cc (test for excess errors)
WARNING: tr1/5_numerical_facilities/special_functions/17_hyperg/check_nan.cc compilation failed to produce executable
FAIL: tr1/5_numerical_facilities/special_functions/17_hyperg/check_value.cc (test for excess errors)
WARNING: tr1/5_numerical_facilities/special_functions/17_hyperg/check_value.cc compilation failed to produce executable
FAIL: tr1/5_numerical_facilities/special_functions/19_legendre/check_nan.cc (test for excess errors)
WARNING: tr1/5_numerical_facilities/special_functions/19_legendre/check_nan.cc compilation failed to produce executable
FAIL: tr1/5_numerical_facilities/special_functions/20_riemann_zeta/check_nan.cc (test for excess errors)
WARNING: tr1/5_numerical_facilities/special_functions/20_riemann_zeta/check_nan.cc compilation failed to produce executable
FAIL: tr1/5_numerical_facilities/special_functions/21_sph_bessel/check_nan.cc (test for excess errors)
WARNING: tr1/5_numerical_facilities/special_functions/21_sph_bessel/check_nan.cc compilation failed to produce executable
FAIL: tr1/5_numerical_facilities/special_functions/22_sph_legendre/check_nan.cc (test for excess errors)
WARNING: tr1/5_numerical_facilities/special_functions/22_sph_legendre/check_nan.cc compilation failed to produce executable
FAIL: tr1/5_numerical_facilities/special_functions/23_sph_neumann/check_nan.cc (test for excess errors)
WARNING: tr1/5_numerical_facilities/special_functions/23_sph_neumann/check_nan.cc compilation failed to produce executable
FAIL: tr1/6_containers/hash/operators/size_t.cc (test for excess errors)
WARNING: tr1/6_containers/hash/operators/size_t.cc compilation failed to produce executable

		=== libstdc++ Summary for unix/-m32 ===

# of expected passes		5365
# of unexpected failures	28
# of unexpected successes	1
# of expected failures		57
# of unsupported tests		16

Running target unix/-m64
FAIL: abi_check
FAIL: 26_numerics/complex/inserters_extractors/char/1.cc (test for excess errors)
WARNING: 26_numerics/complex/inserters_extractors/char/1.cc compilation failed to produce executable
FAIL: 26_numerics/complex/inserters_extractors/wchar_t/1.cc (test for excess errors)
WARNING: 26_numerics/complex/inserters_extractors/wchar_t/1.cc compilation failed to produce executable
XPASS: 26_numerics/headers/cmath/c99_classification_macros_c.cc (test for excess errors)
XPASS: 27_io/fpos/14320-1.cc execution test
FAIL: tr1/5_numerical_facilities/random/uniform_int/33128.cc (test for excess errors)
WARNING: tr1/5_numerical_facilities/random/uniform_int/33128.cc compilation failed to produce executable
FAIL: tr1/5_numerical_facilities/special_functions/02_assoc_legendre/check_nan.cc (test for excess errors)
WARNING: tr1/5_numerical_facilities/special_functions/02_assoc_legendre/check_nan.cc compilation failed to produce executable
FAIL: tr1/5_numerical_facilities/special_functions/04_comp_ellint_1/check_nan.cc (test for excess errors)
WARNING: tr1/5_numerical_facilities/special_functions/04_comp_ellint_1/check_nan.cc compilation failed to produce executable
FAIL: tr1/5_numerical_facilities/special_functions/05_comp_ellint_2/check_nan.cc (test for excess errors)
WARNING: tr1/5_numerical_facilities/special_functions/05_comp_ellint_2/check_nan.cc compilation failed to produce executable
FAIL: tr1/5_numerical_facilities/special_functions/06_comp_ellint_3/check_nan.cc (test for excess errors)
WARNING: tr1/5_numerical_facilities/special_functions/06_comp_ellint_3/check_nan.cc compilation failed to produce executable
FAIL: tr1/5_numerical_facilities/special_functions/07_conf_hyperg/check_nan.cc (test for excess errors)
WARNING: tr1/5_numerical_facilities/special_functions/07_conf_hyperg/check_nan.cc compilation failed to produce executable
FAIL: tr1/5_numerical_facilities/special_functions/08_cyl_bessel_i/check_nan.cc (test for excess errors)
WARNING: tr1/5_numerical_facilities/special_functions/08_cyl_bessel_i/check_nan.cc compilation failed to produce executable
FAIL: tr1/5_numerical_facilities/special_functions/09_cyl_bessel_j/check_nan.cc (test for excess errors)
WARNING: tr1/5_numerical_facilities/special_functions/09_cyl_bessel_j/check_nan.cc compilation failed to produce executable
FAIL: tr1/5_numerical_facilities/special_functions/10_cyl_bessel_k/check_nan.cc (test for excess errors)
WARNING: tr1/5_numerical_facilities/special_functions/10_cyl_bessel_k/check_nan.cc compilation failed to produce executable
FAIL: tr1/5_numerical_facilities/special_functions/11_cyl_neumann/check_nan.cc (test for excess errors)
WARNING: tr1/5_numerical_facilities/special_functions/11_cyl_neumann/check_nan.cc compilation failed to produce executable
FAIL: tr1/5_numerical_facilities/special_functions/12_ellint_1/check_nan.cc (test for excess errors)
WARNING: tr1/5_numerical_facilities/special_functions/12_ellint_1/check_nan.cc compilation failed to produce executable
FAIL: tr1/5_numerical_facilities/special_functions/13_ellint_2/check_nan.cc (test for excess errors)
WARNING: tr1/5_numerical_facilities/special_functions/13_ellint_2/check_nan.cc compilation failed to produce executable
FAIL: tr1/5_numerical_facilities/special_functions/14_ellint_3/check_nan.cc (test for excess errors)
WARNING: tr1/5_numerical_facilities/special_functions/14_ellint_3/check_nan.cc compilation failed to produce executable
FAIL: tr1/5_numerical_facilities/special_functions/15_expint/check_nan.cc (test for excess errors)
WARNING: tr1/5_numerical_facilities/special_functions/15_expint/check_nan.cc compilation failed to produce executable
FAIL: tr1/5_numerical_facilities/special_functions/16_hermite/check_nan.cc (test for excess errors)
WARNING: tr1/5_numerical_facilities/special_functions/16_hermite/check_nan.cc compilation failed to produce executable
FAIL: tr1/5_numerical_facilities/special_functions/17_hyperg/check_nan.cc (test for excess errors)
WARNING: tr1/5_numerical_facilities/special_functions/17_hyperg/check_nan.cc compilation failed to produce executable
FAIL: tr1/5_numerical_facilities/special_functions/19_legendre/check_nan.cc (test for excess errors)
WARNING: tr1/5_numerical_facilities/special_functions/19_legendre/check_nan.cc compilation failed to produce executable
FAIL: tr1/5_numerical_facilities/special_functions/20_riemann_zeta/check_nan.cc (test for excess errors)
WARNING: tr1/5_numerical_facilities/special_functions/20_riemann_zeta/check_nan.cc compilation failed to produce executable
FAIL: tr1/5_numerical_facilities/special_functions/21_sph_bessel/check_nan.cc (test for excess errors)
WARNING: tr1/5_numerical_facilities/special_functions/21_sph_bessel/check_nan.cc compilation failed to produce executable
FAIL: tr1/5_numerical_facilities/special_functions/22_sph_legendre/check_nan.cc (test for excess errors)
WARNING: tr1/5_numerical_facilities/special_functions/22_sph_legendre/check_nan.cc compilation failed to produce executable
FAIL: tr1/5_numerical_facilities/special_functions/23_sph_neumann/check_nan.cc (test for excess errors)
WARNING: tr1/5_numerical_facilities/special_functions/23_sph_neumann/check_nan.cc compilation failed to produce executable
FAIL: tr1/6_containers/hash/operators/size_t.cc (test for excess errors)
WARNING: tr1/6_containers/hash/operators/size_t.cc compilation failed to produce executable

		=== libstdc++ Summary for unix/-m64 ===

# of expected passes		5371
# of unexpected failures	25
# of unexpected successes	2
# of expected failures		56
# of unsupported tests		16

		=== libstdc++ Summary ===

# of expected passes		10736
# of unexpected failures	53
# of unexpected successes	3
# of expected failures		113
# of unsupported tests		32

Compiler version: 4.3.0 20071021 (experimental) [trunk revision 129521] (GCC) 
Platform: powerpc64-suse-linux-gnu
configure flags: --prefix=/tmp/cvs/gcc-20071021/Build/root --build=powerpc64-suse-linux --host=powerpc64-suse-linux --enable-shared --enable-threads --enable-__cxa_atexit --with-system-zlib --with-cpu=default32 --enable-secureplt --with-long-double-128


Index Nav: [Date Index] [Subject Index] [Author Index] [Thread Index]
Message Nav: [Date Prev] [Date Next] [Thread Prev] [Thread Next]