This is the mail archive of the gcc-testresults@gcc.gnu.org mailing list for the GCC project.


Index Nav: [Date Index] [Subject Index] [Author Index] [Thread Index]
Message Nav: [Date Prev] [Date Next] [Thread Prev] [Thread Next]
Other format: [Raw text]

Results for 4.2.2 testsuite on i686-pc-linux-gnu


I compiled gcc 4.2.2 using gcc 4.2.2 built yesterday, but without running the tests.
The new compiling of gcc 4.2.2 stopped one time giving error 129, so I did make bootstrap again and the second time there were no errors.
Since in my home pc there are not MTAs and since mail requires one of them (unless I missed something in the mailx man page), I cut and pasted test_summary output in a message written with sylpheed mail client: I hope this way will not introduce bad formatting for correctly receive my report (I could use sendEmail, but there are some difficulties to adapt this program to the official procedure and I had no time to find a workaround).
My linux distribution is Slackware 12.0 for i486, with glibc 2.5 (recompiled with gcc 4.2.1 optimizing them for athlon-xp).
linux kernel is:
$ uname -a
Linux darkenergy 2.6.23 #1 Wed Oct 10 20:54:17 CEST 2007 i686 AMD Sempron(tm) Processor 2800+ AuthenticAMD GNU/Linux
(compiled yesterday with gcc 4.2.2)

$ as -v
GNU assembler version 2.17.50.0.17 (i486-slackware-linux) using BFD version (Linux/GNU Binutils) 2.17.50.0.17.20070615

$ make --version
GNU Make 3.81

$ expect -version
expect version 5.43.0

(I saw that the version of these programs was written in other reports, so I did the same).

My apologies for my rickety report...

Thank you very much for your *excellent* work!

Have a nice day.

Gabriele Inghirami


LAST_UPDATED: Obtained from SVN: tags/gcc_4_2_2_release revision 129115

Native configuration is i686-pc-linux-gnu

                === gcc tests ===


Running target unix
UNRESOLVED: gcc.c-torture/execute/mayalias-2.c execution,  -O3 -g 
XPASS: gcc.dg/cpp/cmdlne-dI-M.c scan-file (^|\\\\n)cmdlne-dI-M.*:[^\\\\n]*cmdlne-dI-M.c
XPASS: gcc.dg/cpp/cmdlne-dM-M.c scan-file (^|\\\\n)cmdlne-dM-M[^\\\\n]*:[^\\\\n]*cmdlne-dM-M.c

                === gcc Summary ===

# of expected passes            42263
# of unexpected successes       2
# of expected failures          114
# of unresolved testcases       1
# of untested testcases         28
# of unsupported tests          293
/home/g/gcc-4.2.2/build/gcc/xgcc  version 4.2.2

                === gfortran tests ===


Running target unix
XPASS: gfortran.dg/csqrt_2.f  -O0  execution test
XPASS: gfortran.dg/csqrt_2.f  -O1  execution test
XPASS: gfortran.dg/csqrt_2.f  -O2  execution test
XPASS: gfortran.dg/csqrt_2.f  -O3 -fomit-frame-pointer  execution test
XPASS: gfortran.dg/csqrt_2.f  -O3 -fomit-frame-pointer -funroll-loops  execution test
XPASS: gfortran.dg/csqrt_2.f  -O3 -fomit-frame-pointer -funroll-all-loops -finline-functions  execution test
XPASS: gfortran.dg/csqrt_2.f  -O3 -g  execution test
XPASS: gfortran.dg/csqrt_2.f  -Os  execution test

                === gfortran Summary ===

# of expected passes            16263
# of unexpected successes       8
# of expected failures          7
# of unsupported tests          16
/home/g/gcc-4.2.2/build/gcc/testsuite/gfortran/../../gfortran  version 4.2.2

                === g++ tests ===


Running target unix
FAIL: g++.dg/other/unused1.C scan-assembler (string|ascii?)z?\\t"class2("|\\\\\\\\000)
XPASS: g++.dg/tree-ssa/ivopts-1.C scan-tree-dump-not offset: -4B
XPASS: g++.dg/tree-ssa/ivopts-1.C scan-tree-dump-not &x\\[5\\]

                === g++ Summary ===

# of expected passes            13572
# of unexpected failures        1
# of unexpected successes       2
# of expected failures          66
# of unsupported tests          74
/home/g/gcc-4.2.2/build/gcc/testsuite/g++/../../g++  version 4.2.2

                === obj-c++ tests ===


Running target unix
FAIL: obj-c++.dg/cxx-ivars-2.mm execution test
FAIL: obj-c++.dg/encode-8.mm execution test
FAIL: obj-c++.dg/isa-field-1.mm (test for excess errors)
FAIL: obj-c++.dg/lookup-2.mm (test for excess errors)
WARNING: obj-c++.dg/lookup-2.mm compilation failed to produce executable
FAIL: obj-c++.dg/try-catch-2.mm (test for excess errors)
WARNING: obj-c++.dg/try-catch-2.mm compilation failed to produce executable
FAIL: obj-c++.dg/try-catch-9.mm (test for excess errors)
WARNING: obj-c++.dg/try-catch-9.mm compilation failed to produce executable

                === obj-c++ Summary ===

# of expected passes            429
# of unexpected failures        6
# of unsupported tests          13
/home/g/gcc-4.2.2/build/gcc/testsuite/obj-c++/../../g++  version 4.2.2

                === objc tests ===


Running target unix

                === objc Summary ===

# of expected passes            1806
# of expected failures          7
# of unsupported tests          24
/home/g/gcc-4.2.2/build/gcc/xgcc  version 4.2.2

                === treelang tests ===


Running target unix

                === treelang Summary ===

# of expected passes            52
                === libffi tests ===


Running target unix
FAIL: libffi.call/return_fl2.c -O0 -W -Wall execution test
FAIL: libffi.call/return_fl2.c -O2 execution test
FAIL: libffi.call/return_fl2.c -O3 execution test
FAIL: libffi.call/return_fl2.c -Os execution test

                === libffi Summary ===

# of expected passes            1080
# of unexpected failures        4
# of unsupported tests          8
                === libgomp tests ===


Running target unix

                === libgomp Summary ===

# of expected passes            1574
                === libjava tests ===


Running target unix
FAIL: PR27908 execution - gij test

                === libjava Summary ===

# of expected passes            7004
# of unexpected failures        1
# of expected failures          12
# of untested testcases         9
                === libmudflap tests ===


Running target unix

                === libmudflap Summary ===

# of expected passes            1814
                === libstdc++ tests ===


Running target unix
FAIL: abi_check
XPASS: 26_numerics/cmath/c99_classification_macros_c.cc (test for excess errors)

                === libstdc++ Summary ===

# of expected passes            3844
# of unexpected failures        1
# of unexpected successes       1
# of expected failures          15
# of unsupported tests          316

Compiler version: 4.2.2 
Platform: i686-pc-linux-gnu
configure flags: --prefix=/usr --enable-shared --enable-threads --enable-__cxa_atexit --enable-languages=c,c++,fortran,java,objc,obj-c++,treelang


Index Nav: [Date Index] [Subject Index] [Author Index] [Thread Index]
Message Nav: [Date Prev] [Date Next] [Thread Prev] [Thread Next]