This is the mail archive of the gcc-testresults@gcc.gnu.org mailing list for the GCC project.


Index Nav: [Date Index] [Subject Index] [Author Index] [Thread Index]
Message Nav: [Date Prev] [Date Next] [Thread Prev] [Thread Next]
Other format: [Raw text]

Results for 4.3.0 20071011 (experimental) (GCC) testsuite on powerpc-apple-darwin8.5.0


This build run by an automatic regression tester.
See <http://gcc.gnu.org/regtest/HEAD/> for more information.

Date: 2007-10-11T10:41:33Z
Revision: 129231
URL: svn://gcc.gnu.org/svn/gcc/trunk
Status: regress-2
Prev-Endtime: 2007-10-11T10:37:59Z

LAST_UPDATED: 
Native configuration is powerpc-apple-darwin8.5.0

		=== g++ tests ===


Running target unix
WARNING: Could not compile g++.dg/compat/struct-layout-1 generator
FAIL: g++.dg/ext/alignof2.C execution test
FAIL: g++.dg/ext/visibility/anon6.C scan-assembler 1BIiE1cE
FAIL: g++.dg/other/spu2vmx-1.C (test for excess errors)
FAIL: g++.dg/other/unused1.C scan-assembler (string|ascii?)z?[\\t ]"printer("|\\\\\\\\0)
FAIL: g++.dg/pubtypes.C scan-assembler long+[ \\t]+0x24+[ \\t]+[#;]+[ \\t]+Length of Public Type Names Info
XPASS: g++.dg/tree-ssa/copyprop-1.C scan-tree-dump-not .* = [^>;]*;
FAIL: g++.dg/special/conpr-3.C execution test
FAIL: g++.dg/special/initpri1.C execution test

		=== g++ Summary ===

# of expected passes		16468
# of unexpected failures	7
# of unexpected successes	1
# of expected failures		84
# of unsupported tests		143
/Users/regress/tbox/native/build/gcc/testsuite/g++/../../g++  version 4.3.0 20071011 (experimental) (GCC) 

		=== gcc tests ===


Running target unix
WARNING: Could not compile gcc.dg/compat/struct-layout-1 generator
XPASS: gcc.dg/20020103-1.c scan-assembler-not LC[0-9]
FAIL: gcc.dg/initpri1.c execution test
FAIL: gcc.dg/memcpy-1.c scan-tree-dump-times nasty_local 0
FAIL: gcc.dg/ssp-2.c (test for excess errors)
FAIL: gcc.dg/tree-ssa/ssa-fre-4.c scan-tree-dump Replaced \\(char\\) .*with 
XPASS: gcc.dg/tree-ssa/update-threading.c scan-tree-dump-times Invalid sum 0
FAIL: gcc.dg/vect/costmodel/ppc/costmodel-vect-31d.c scan-tree-dump-times vectorization not profitable 1
FAIL: gcc.dg/vect/costmodel/ppc/costmodel-vect-31d.c scan-tree-dump-times vectorized 1 loops 0
FAIL: gcc.dg/vect/costmodel/ppc/costmodel-vect-68d.c scan-tree-dump-times vectorization not profitable 1
FAIL: gcc.dg/vect/costmodel/ppc/costmodel-vect-68d.c scan-tree-dump-times vectorized 1 loops 0
FAIL: gcc.dg/vect/section-anchors-pr27770.c (test for excess errors)
FAIL: gcc.dg/vect/section-anchors-vect-69.c (test for excess errors)
FAIL: gcc.dg/vect/section-anchors-vect-69.c scan-tree-dump-times Alignment of access forced using peeling 4
FAIL: gcc.target/powerpc/parity-1.c scan-assembler popcntb
FAIL: gcc.target/powerpc/popcount-1.c scan-assembler popcntb

		=== gcc Summary ===

# of expected passes		46735
# of unexpected failures	13
# of unexpected successes	2
# of expected failures		166
# of untested testcases		35
# of unsupported tests		419
/Users/regress/tbox/native/build/gcc/xgcc  version 4.3.0 20071011 (experimental) (GCC) 

		=== gfortran tests ===


Running target unix
FAIL: gfortran.dg/large_real_kind_2.F90  -O0  execution test
FAIL: gfortran.dg/large_real_kind_2.F90  -O1  execution test
FAIL: gfortran.dg/large_real_kind_2.F90  -O2  execution test
FAIL: gfortran.dg/large_real_kind_2.F90  -O3 -fomit-frame-pointer  execution test
FAIL: gfortran.dg/large_real_kind_2.F90  -O3 -fomit-frame-pointer -funroll-loops  execution test
FAIL: gfortran.dg/large_real_kind_2.F90  -O3 -fomit-frame-pointer -funroll-all-loops -finline-functions  execution test
FAIL: gfortran.dg/large_real_kind_2.F90  -O3 -g  execution test
FAIL: gfortran.dg/large_real_kind_2.F90  -Os  execution test
FAIL: gfortran.dg/large_real_kind_form_io_2.f90  -O0  execution test
FAIL: gfortran.dg/large_real_kind_form_io_2.f90  -O1  execution test
FAIL: gfortran.dg/large_real_kind_form_io_2.f90  -O2  execution test
FAIL: gfortran.dg/large_real_kind_form_io_2.f90  -O3 -fomit-frame-pointer  execution test
FAIL: gfortran.dg/large_real_kind_form_io_2.f90  -O3 -fomit-frame-pointer -funroll-loops  execution test
FAIL: gfortran.dg/large_real_kind_form_io_2.f90  -O3 -fomit-frame-pointer -funroll-all-loops -finline-functions  execution test
FAIL: gfortran.dg/large_real_kind_form_io_2.f90  -O3 -g  execution test
FAIL: gfortran.dg/large_real_kind_form_io_2.f90  -Os  execution test

		=== gfortran Summary ===

# of expected passes		21453
# of unexpected failures	16
# of expected failures		33
# of unsupported tests		59
/Users/regress/tbox/native/build/gcc/testsuite/gfortran/../../gfortran  version 4.3.0 20071011 (experimental) (GCC) 

		=== objc tests ===


Running target unix
WARNING: Could not compile objc.dg/gnu-encoding/struct-layout-encoding-1 generator

		=== objc Summary ===

# of expected passes		3008
# of unsupported tests		1
/Users/regress/tbox/native/build/gcc/xgcc  version 4.3.0 20071011 (experimental) (GCC) 

		=== libffi tests ===


Running target unix

		=== libffi Summary ===

# of expected passes		1108
# of unsupported tests		8
		=== libgomp tests ===


Running target unix
FAIL: libgomp.fortran/crayptr2.f90  -O0  (test for excess errors)
WARNING: libgomp.fortran/crayptr2.f90  -O0  compilation failed to produce executable
FAIL: libgomp.fortran/crayptr2.f90  -O1  (test for excess errors)
WARNING: libgomp.fortran/crayptr2.f90  -O1  compilation failed to produce executable
FAIL: libgomp.fortran/crayptr2.f90  -O2  (test for excess errors)
WARNING: libgomp.fortran/crayptr2.f90  -O2  compilation failed to produce executable
FAIL: libgomp.fortran/crayptr2.f90  -O3 -fomit-frame-pointer  (test for excess errors)
WARNING: libgomp.fortran/crayptr2.f90  -O3 -fomit-frame-pointer  compilation failed to produce executable
FAIL: libgomp.fortran/crayptr2.f90  -O3 -fomit-frame-pointer -funroll-loops  (test for excess errors)
WARNING: libgomp.fortran/crayptr2.f90  -O3 -fomit-frame-pointer -funroll-loops  compilation failed to produce executable
FAIL: libgomp.fortran/crayptr2.f90  -O3 -fomit-frame-pointer -funroll-all-loops -finline-functions  (test for excess errors)
WARNING: libgomp.fortran/crayptr2.f90  -O3 -fomit-frame-pointer -funroll-all-loops -finline-functions  compilation failed to produce executable
FAIL: libgomp.fortran/crayptr2.f90  -O3 -g  (test for excess errors)
WARNING: libgomp.fortran/crayptr2.f90  -O3 -g  compilation failed to produce executable
FAIL: libgomp.fortran/crayptr2.f90  -Os  (test for excess errors)
WARNING: libgomp.fortran/crayptr2.f90  -Os  compilation failed to produce executable
FAIL: libgomp.fortran/pr32550.f90  -O0  (test for excess errors)
FAIL: libgomp.fortran/pr32550.f90  -O1  (test for excess errors)
FAIL: libgomp.fortran/pr32550.f90  -O2  (test for excess errors)
FAIL: libgomp.fortran/pr32550.f90  -O3 -fomit-frame-pointer  (test for excess errors)
FAIL: libgomp.fortran/pr32550.f90  -O3 -fomit-frame-pointer -funroll-loops  (test for excess errors)
FAIL: libgomp.fortran/pr32550.f90  -O3 -fomit-frame-pointer -funroll-all-loops -finline-functions  (test for excess errors)
FAIL: libgomp.fortran/pr32550.f90  -O3 -g  (test for excess errors)
FAIL: libgomp.fortran/pr32550.f90  -Os  (test for excess errors)

		=== libgomp Summary ===

# of expected passes		1381
# of unexpected failures	16
# of unsupported tests		109
		=== libjava tests ===


Running target unix
FAIL: Thread_Sleep_2 output - source compiled test
FAIL: Thread_Sleep_2 -findirect-dispatch output - source compiled test
FAIL: Thread_Sleep_2 -O3 output - source compiled test

		=== libjava Summary ===

# of expected passes		2547
# of unexpected failures	3
		=== libstdc++ tests ===


Running target unix
XPASS: 21_strings/basic_string/element_access/char/21674.cc execution test
XPASS: 21_strings/basic_string/element_access/wchar_t/21674.cc execution test
XPASS: 26_numerics/headers/cmath/c99_classification_macros_c.cc (test for excess errors)
FAIL: ext/mt_allocator/deallocate_local_thread-5.cc execution test
FAIL: ext/mt_allocator/deallocate_local_thread-7.cc execution test

		=== libstdc++ Summary ===

# of expected passes		4726
# of unexpected failures	2
# of unexpected successes	3
# of expected failures		55
# of unsupported tests		336

Compiler version: 4.3.0 20071011 (experimental) (GCC) 
Platform: powerpc-apple-darwin8.5.0
configure flags: --prefix=/Users/regress/tbox/objs --target=powerpc-apple-darwin8.5.0


Index Nav: [Date Index] [Subject Index] [Author Index] [Thread Index]
Message Nav: [Date Prev] [Date Next] [Thread Prev] [Thread Next]