This is the mail archive of the gcc-testresults@gcc.gnu.org mailing list for the GCC project.


Index Nav: [Date Index] [Subject Index] [Author Index] [Thread Index]
Message Nav: [Date Prev] [Date Next] [Thread Prev] [Thread Next]
Other format: [Raw text]

Results for 4.3.0 20071009 (experimental) [trunk revision 129148] (GCC) testsuite on x86_64-unknown-linux-gnu


LAST_UPDATED: Tue Oct  9 01:22:30 UTC 2007 (revision 129148)

Native configuration is x86_64-unknown-linux-gnu

		=== gcc tests ===


Running target unix/-m32
FAIL: gcc.c-torture/execute/mayalias-2.c compilation,  -O3 -g  (internal compiler error)
UNRESOLVED: gcc.c-torture/execute/mayalias-2.c execution,  -O3 -g 
FAIL: gcc.c-torture/execute/mayalias-3.c compilation,  -O3 -g  (internal compiler error)
UNRESOLVED: gcc.c-torture/execute/mayalias-3.c execution,  -O3 -g 
XPASS: gcc.dg/tree-ssa/update-threading.c scan-tree-dump-times Invalid sum 0

		=== gcc Summary for unix/-m32 ===

# of expected passes		47469
# of unexpected failures	2
# of unexpected successes	1
# of expected failures		165
# of unresolved testcases	2
# of untested testcases		35
# of unsupported tests		264

Running target unix
FAIL: gcc.c-torture/execute/mayalias-2.c compilation,  -O3 -g  (internal compiler error)
UNRESOLVED: gcc.c-torture/execute/mayalias-2.c execution,  -O3 -g 
FAIL: gcc.c-torture/execute/mayalias-3.c compilation,  -O3 -g  (internal compiler error)
UNRESOLVED: gcc.c-torture/execute/mayalias-3.c execution,  -O3 -g 
XPASS: gcc.dg/tree-ssa/update-threading.c scan-tree-dump-times Invalid sum 0

		=== gcc Summary for unix ===

# of expected passes		47337
# of unexpected failures	2
# of unexpected successes	1
# of expected failures		164
# of unresolved testcases	2
# of untested testcases		35
# of unsupported tests		374

		=== gcc Summary ===

# of expected passes		94806
# of unexpected failures	4
# of unexpected successes	2
# of expected failures		329
# of unresolved testcases	4
# of untested testcases		70
# of unsupported tests		638
/export/build/gnu/gcc/build-x86_64-linux/gcc/xgcc  version 4.3.0 20071009 (experimental) [trunk revision 129148] (GCC) 

		=== gfortran tests ===


Running target unix/-m32
FAIL: gfortran.dg/derived_comp_array_ref_5.f90  -O  (test for excess errors)

		=== gfortran Summary for unix/-m32 ===

# of expected passes		21611
# of unexpected failures	1
# of expected failures		9
# of unsupported tests		16

Running target unix
FAIL: gfortran.dg/gamma_5.f90  -O0  execution test
FAIL: gfortran.dg/gamma_5.f90  -O1  execution test
FAIL: gfortran.dg/gamma_5.f90  -O2  execution test
FAIL: gfortran.dg/gamma_5.f90  -O3 -fomit-frame-pointer  execution test
FAIL: gfortran.dg/gamma_5.f90  -O3 -fomit-frame-pointer -funroll-loops  execution test
FAIL: gfortran.dg/gamma_5.f90  -O3 -fomit-frame-pointer -funroll-all-loops -finline-functions  execution test
FAIL: gfortran.dg/gamma_5.f90  -O3 -g  execution test
FAIL: gfortran.dg/gamma_5.f90  -Os  execution test

		=== gfortran Summary for unix ===

# of expected passes		21602
# of unexpected failures	8
# of expected failures		9
# of unsupported tests		18

		=== gfortran Summary ===

# of expected passes		43213
# of unexpected failures	9
# of expected failures		18
# of unsupported tests		34
/export/build/gnu/gcc/build-x86_64-linux/gcc/testsuite/gfortran/../../gfortran  version 4.3.0 20071009 (experimental) [trunk revision 129148] (GCC) 

		=== g++ tests ===


Running target unix/-m32
FAIL: g++.dg/opt/pr30965.C scan-tree-dump-times ;; Function 2
FAIL: g++.dg/opt/pr30965.C scan-tree-dump-times variable = v 2
XPASS: g++.dg/tree-ssa/copyprop-1.C scan-tree-dump-not .* = [^>;]*;
XPASS: g++.dg/tree-ssa/ivopts-1.C scan-tree-dump-not offset: -4B
XPASS: g++.dg/tree-ssa/ivopts-1.C scan-tree-dump-not &x\\[5\\]

		=== g++ Summary for unix/-m32 ===

# of expected passes		16769
# of unexpected failures	2
# of unexpected successes	3
# of expected failures		84
# of unsupported tests		89

Running target unix
FAIL: g++.dg/opt/pr30965.C scan-tree-dump-times ;; Function 2
FAIL: g++.dg/opt/pr30965.C scan-tree-dump-times variable = v 2
XPASS: g++.dg/tree-ssa/copyprop-1.C scan-tree-dump-not .* = [^>;]*;
XPASS: g++.dg/tree-ssa/ivopts-1.C scan-tree-dump-not offset: -4B
XPASS: g++.dg/tree-ssa/ivopts-1.C scan-tree-dump-not &x\\[5\\]

		=== g++ Summary for unix ===

# of expected passes		16684
# of unexpected failures	2
# of unexpected successes	3
# of expected failures		84
# of unsupported tests		118

		=== g++ Summary ===

# of expected passes		33453
# of unexpected failures	4
# of unexpected successes	6
# of expected failures		168
# of unsupported tests		207
/export/build/gnu/gcc/build-x86_64-linux/gcc/testsuite/g++/../../g++  version 4.3.0 20071009 (experimental) [trunk revision 129148] (GCC) 

		=== objc tests ===


Running target unix/-m32

		=== objc Summary for unix/-m32 ===

# of expected passes		1812
# of expected failures		7
# of unsupported tests		24

Running target unix

		=== objc Summary for unix ===

# of expected passes		1812
# of expected failures		7
# of unsupported tests		24

		=== objc Summary ===

# of expected passes		3624
# of expected failures		14
# of unsupported tests		48
/export/build/gnu/gcc/build-x86_64-linux/gcc/xgcc  version 4.3.0 20071009 (experimental) [trunk revision 129148] (GCC) 

		=== libffi tests ===


Running target unix/-m32

		=== libffi Summary for unix/-m32 ===

# of expected passes		1108
# of unsupported tests		8

Running target unix

		=== libffi Summary for unix ===

# of expected passes		1108
# of unsupported tests		8

		=== libffi Summary ===

# of expected passes		2216
# of unsupported tests		16
		=== libgomp tests ===


Running target unix/-m32

		=== libgomp Summary for unix/-m32 ===

# of expected passes		1623

Running target unix

		=== libgomp Summary for unix ===

# of expected passes		1623

		=== libgomp Summary ===

# of expected passes		3246
		=== libjava tests ===


Running target unix/-m32
FAIL: events output

		=== libjava Summary for unix/-m32 ===

# of expected passes		2549
# of unexpected failures	1

Running target unix

		=== libjava Summary for unix ===

# of expected passes		2550

		=== libjava Summary ===

# of expected passes		5099
# of unexpected failures	1
		=== libmudflap tests ===


Running target unix/-m32
FAIL: libmudflap.c++/pass41-frag.cxx execution test
FAIL: libmudflap.c++/pass41-frag.cxx (-static) execution test
FAIL: libmudflap.c++/pass41-frag.cxx ( -O) execution test
FAIL: libmudflap.c++/pass41-frag.cxx (-O2) execution test
FAIL: libmudflap.c++/pass41-frag.cxx (-O3) execution test

		=== libmudflap Summary for unix/-m32 ===

# of expected passes		1821
# of unexpected failures	5

Running target unix
FAIL: libmudflap.c/fail8-frag.c (-static) output pattern test
FAIL: libmudflap.c/fail9-frag.c (-static) output pattern test
FAIL: libmudflap.c++/pass41-frag.cxx execution test
FAIL: libmudflap.c++/pass41-frag.cxx (-static) execution test
FAIL: libmudflap.c++/pass41-frag.cxx ( -O) execution test
FAIL: libmudflap.c++/pass41-frag.cxx (-O2) execution test
FAIL: libmudflap.c++/pass41-frag.cxx (-O3) execution test

		=== libmudflap Summary for unix ===

# of expected passes		1819
# of unexpected failures	7

		=== libmudflap Summary ===

# of expected passes		3640
# of unexpected failures	12
		=== libstdc++ tests ===


Running target unix/-m32
XPASS: 26_numerics/headers/cmath/c99_classification_macros_c.cc (test for excess errors)

		=== libstdc++ Summary for unix/-m32 ===

# of expected passes		5363
# of unexpected successes	1
# of expected failures		57
# of unsupported tests		18

Running target unix
XPASS: 26_numerics/headers/cmath/c99_classification_macros_c.cc (test for excess errors)
XPASS: 27_io/fpos/14320-1.cc execution test
FAIL: ext/pb_ds/regression/hash_no_data_map_rand.cc (test for excess errors)
WARNING: ext/pb_ds/regression/hash_no_data_map_rand.cc compilation failed to produce executable

		=== libstdc++ Summary for unix ===

# of expected passes		5361
# of unexpected failures	1
# of unexpected successes	2
# of expected failures		56
# of unsupported tests		18

		=== libstdc++ Summary ===

# of expected passes		10724
# of unexpected failures	1
# of unexpected successes	3
# of expected failures		113
# of unsupported tests		36

Compiler version: 4.3.0 20071009 (experimental) [trunk revision 129148] (GCC) 
Platform: x86_64-unknown-linux-gnu
configure flags: --enable-clocale=gnu --with-system-zlib --enable-decimal-float=bid --with-demangler-in-ld --enable-shared --enable-threads=posix --enable-haifa --enable-checking=assert --prefix=/usr/gcc-4.3 --with-local-prefix=/usr/local


Index Nav: [Date Index] [Subject Index] [Author Index] [Thread Index]
Message Nav: [Date Prev] [Date Next] [Thread Prev] [Thread Next]