This is the mail archive of the
gcc-testresults@gcc.gnu.org
mailing list for the GCC project.
Results for 4.3.0 20071002 (experimental) [trunk revision 128958] testsuite on x86_64-unknown-linux-gnu
- From: Serge Belyshev <belyshev at depni dot sinp dot msu dot ru>
- To: gcc-testresults at gcc dot gnu dot org
- Date: Wed, 03 Oct 2007 04:45:39 +0400
- Subject: Results for 4.3.0 20071002 (experimental) [trunk revision 128958] testsuite on x86_64-unknown-linux-gnu
LAST_UPDATED: Tue Oct 2 17:05:05 UTC 2007 (revision 128958)
Native configuration is x86_64-unknown-linux-gnu
=== binutils tests ===
Running target unix
=== binutils Summary ===
# of expected passes 46
=== gas tests ===
Running target unix
=== gas Summary ===
# of expected passes 256
=== acats tests ===
FAIL: c37213b
=== acats Summary ===
# of expected passes 2314
# of unexpected failures 1
=== g++ tests ===
Running target unix
XPASS: g++.dg/tree-ssa/copyprop-1.C scan-tree-dump-not .* = [^>;]*;
XPASS: g++.dg/tree-ssa/ivopts-1.C scan-tree-dump-not offset: -4B
XPASS: g++.dg/tree-ssa/ivopts-1.C scan-tree-dump-not &x\\[5\\]
=== g++ Summary ===
# of expected passes 16632
# of unexpected successes 3
# of expected failures 84
# of unsupported tests 118
/home/ssb/src/b-gcc43-128958-amd64-vxJ20295/gcc/testsuite/g++/../../g++ version 4.3.0 20071002 (experimental) [trunk revision 128958]
=== gcc tests ===
Running target unix
FAIL: gcc.c-torture/execute/mayalias-2.c compilation, -O3 -g (internal compiler error)
UNRESOLVED: gcc.c-torture/execute/mayalias-2.c execution, -O3 -g
FAIL: gcc.c-torture/execute/mayalias-3.c compilation, -O3 -g (internal compiler error)
UNRESOLVED: gcc.c-torture/execute/mayalias-3.c execution, -O3 -g
FAIL: gcc.dg/gomp/appendix-a/a.17.1.c (internal compiler error)
FAIL: gcc.dg/gomp/appendix-a/a.17.1.c (test for excess errors)
XPASS: gcc.dg/torture/builtin-math-4.c -O0 (test for excess errors)
XPASS: gcc.dg/torture/builtin-math-4.c -O1 (test for excess errors)
XPASS: gcc.dg/torture/builtin-math-4.c -O2 (test for excess errors)
XPASS: gcc.dg/torture/builtin-math-4.c -O3 -fomit-frame-pointer (test for excess errors)
XPASS: gcc.dg/torture/builtin-math-4.c -O3 -fomit-frame-pointer -funroll-loops (test for excess errors)
XPASS: gcc.dg/torture/builtin-math-4.c -O3 -fomit-frame-pointer -funroll-all-loops -finline-functions (test for excess errors)
XPASS: gcc.dg/torture/builtin-math-4.c -O3 -g (test for excess errors)
XPASS: gcc.dg/torture/builtin-math-4.c -Os (test for excess errors)
XPASS: gcc.dg/tree-ssa/update-threading.c scan-tree-dump-times Invalid sum 0
FAIL: gcc.dg/vect/vect-iv-9.c scan-tree-dump-times vectorized 1 loops 2
=== gcc Summary ===
# of expected passes 47297
# of unexpected failures 5
# of unexpected successes 9
# of expected failures 163
# of unresolved testcases 2
# of untested testcases 35
# of unsupported tests 373
/home/ssb/src/b-gcc43-128958-amd64-vxJ20295/gcc/xgcc version 4.3.0 20071002 (experimental) [trunk revision 128958]
=== gfortran tests ===
Running target unix
FAIL: gfortran.dg/do_3.F90 -O3 -fomit-frame-pointer execution test
FAIL: gfortran.dg/do_3.F90 -O3 -fomit-frame-pointer -funroll-loops execution test
FAIL: gfortran.dg/do_3.F90 -O3 -fomit-frame-pointer -funroll-all-loops -finline-functions execution test
FAIL: gfortran.dg/do_3.F90 -O3 -g execution test
=== gfortran Summary ===
# of expected passes 21468
# of unexpected failures 4
# of expected failures 9
# of unsupported tests 18
/home/ssb/src/b-gcc43-128958-amd64-vxJ20295/gcc/testsuite/gfortran/../../gfortran version 4.3.0 20071002 (experimental) [trunk revision 128958]
=== gnat tests ===
Running target unix
=== gnat Summary ===
# of expected passes 298
=== obj-c++ tests ===
Running target unix
FAIL: obj-c++.dg/bitfield-1.mm (internal compiler error)
FAIL: obj-c++.dg/bitfield-1.mm (test for excess errors)
UNRESOLVED: obj-c++.dg/bitfield-1.mm compilation failed to produce executable
FAIL: obj-c++.dg/bitfield-4.mm (test for excess errors)
FAIL: obj-c++.dg/comp-types-10.mm (internal compiler error)
FAIL: obj-c++.dg/comp-types-10.mm (test for excess errors)
FAIL: obj-c++.dg/cxx-ivars-2.mm execution test
FAIL: obj-c++.dg/encode-2.mm scan-assembler {Vec<float>=ffi}
FAIL: obj-c++.dg/encode-2.mm scan-assembler {Vec<double>=ddi}
FAIL: obj-c++.dg/encode-3.mm execution test
FAIL: obj-c++.dg/encode-8.mm execution test
FAIL: obj-c++.dg/gnu-runtime-2.mm (test for excess errors)
FAIL: obj-c++.dg/isa-field-1.mm (test for excess errors)
FAIL: obj-c++.dg/layout-1.mm (test for excess errors)
FAIL: obj-c++.dg/lookup-2.mm (test for excess errors)
UNRESOLVED: obj-c++.dg/lookup-2.mm compilation failed to produce executable
FAIL: obj-c++.dg/try-catch-2.mm (test for excess errors)
UNRESOLVED: obj-c++.dg/try-catch-2.mm compilation failed to produce executable
FAIL: obj-c++.dg/try-catch-9.mm (internal compiler error)
FAIL: obj-c++.dg/try-catch-9.mm (test for excess errors)
UNRESOLVED: obj-c++.dg/try-catch-9.mm compilation failed to produce executable
=== obj-c++ Summary ===
# of expected passes 420
# of unexpected failures 17
# of unresolved testcases 4
# of unsupported tests 13
/home/ssb/src/b-gcc43-128958-amd64-vxJ20295/gcc/testsuite/obj-c++/../../g++ version 4.3.0 20071002 (experimental) [trunk revision 128958]
=== objc tests ===
Running target unix
=== objc Summary ===
# of expected passes 1812
# of expected failures 7
# of unsupported tests 24
/home/ssb/src/b-gcc43-128958-amd64-vxJ20295/gcc/xgcc version 4.3.0 20071002 (experimental) [trunk revision 128958]
=== treelang tests ===
Running target unix
=== treelang Summary ===
# of expected passes 52
=== ld tests ===
Running target unix
=== ld Summary ===
# of expected passes 397
# of expected failures 57
=== libffi tests ===
Running target unix
=== libffi Summary ===
# of expected passes 1108
# of unsupported tests 8
=== libgomp tests ===
Running target unix
FAIL: libgomp.c/atomic-1.c (internal compiler error)
FAIL: libgomp.c/atomic-1.c (test for excess errors)
UNRESOLVED: libgomp.c/atomic-1.c compilation failed to produce executable
=== libgomp Summary ===
# of expected passes 1621
# of unexpected failures 2
# of unresolved testcases 1
=== libjava tests ===
Running target unix
=== libjava Summary ===
# of expected passes 2550
=== libmudflap tests ===
Running target unix
FAIL: libmudflap.c/fail8-frag.c (-static) output pattern test
FAIL: libmudflap.c/fail9-frag.c (-static) output pattern test
FAIL: libmudflap.c++/pass41-frag.cxx execution test
FAIL: libmudflap.c++/pass41-frag.cxx (-static) execution test
FAIL: libmudflap.c++/pass41-frag.cxx ( -O) execution test
FAIL: libmudflap.c++/pass41-frag.cxx (-O2) execution test
FAIL: libmudflap.c++/pass41-frag.cxx (-O3) execution test
=== libmudflap Summary ===
# of expected passes 1819
# of unexpected failures 7
=== libstdc++ tests ===
Running target unix
FAIL: abi_check
XPASS: 26_numerics/headers/cmath/c99_classification_macros_c.cc (test for excess errors)
XPASS: 27_io/fpos/14320-1.cc execution test
=== libstdc++ Summary ===
# of expected passes 4692
# of unexpected failures 1
# of unexpected successes 2
# of expected failures 56
# of unsupported tests 324
Compiler version: 4.3.0 20071002 (experimental) [trunk revision 128958]
Platform: x86_64-unknown-linux-gnu
configure flags: --prefix=/home/ssb/gcc43-128958-amd64 --enable-languages=all,ada,obj-c++,treelang --enable-checking=yes,rtl,fold --disable-multilib --enable-__cxa_atexit --enable-java-awt=qt,gtk --disable-nls --without-pkgversion --with-arch=core2 --with-tune=core2
BOOT_CFLAGS=-O2 -g