This is the mail archive of the
gcc-testresults@gcc.gnu.org
mailing list for the GCC project.
Results for 4.3.0 20070929 (experimental) [trunk revision 128885] (GCC) testsuite on x86_64-unknown-linux-gnu
- From: Joey Ye <jye2 at shgcc-2 dot sh dot intel dot com>
- To: gcc-testresults at gcc dot gnu dot org
- Date: Sun, 30 Sep 2007 07:22:53 +0800
- Subject: Results for 4.3.0 20070929 (experimental) [trunk revision 128885] (GCC) testsuite on x86_64-unknown-linux-gnu
LAST_UPDATED: Sat Sep 29 17:01:23 UTC 2007 (revision 128885)
Native configuration is x86_64-unknown-linux-gnu
=== g++ tests ===
Running target unix/-m32
XPASS: g++.dg/tree-ssa/copyprop-1.C scan-tree-dump-not .* = [^>;]*;
XPASS: g++.dg/tree-ssa/ivopts-1.C scan-tree-dump-not offset: -4B
XPASS: g++.dg/tree-ssa/ivopts-1.C scan-tree-dump-not &x\\[5\\]
=== g++ Summary for unix/-m32 ===
# of expected passes 16710
# of unexpected successes 3
# of expected failures 84
# of unsupported tests 89
Running target unix
XPASS: g++.dg/tree-ssa/copyprop-1.C scan-tree-dump-not .* = [^>;]*;
XPASS: g++.dg/tree-ssa/ivopts-1.C scan-tree-dump-not offset: -4B
XPASS: g++.dg/tree-ssa/ivopts-1.C scan-tree-dump-not &x\\[5\\]
=== g++ Summary for unix ===
# of expected passes 16625
# of unexpected successes 3
# of expected failures 84
# of unsupported tests 118
=== g++ Summary ===
# of expected passes 33335
# of unexpected successes 6
# of expected failures 168
# of unsupported tests 207
/home/jye2/gcc/build-daily/gcc/testsuite/g++/../../g++ version 4.3.0 20070929 (experimental) [trunk revision 128885] (GCC)
=== gcc tests ===
Running target unix/-m32
FAIL: gcc.c-torture/execute/mayalias-2.c compilation, -O3 -g (internal compiler error)
UNRESOLVED: gcc.c-torture/execute/mayalias-2.c execution, -O3 -g
FAIL: gcc.c-torture/execute/mayalias-3.c compilation, -O3 -g (internal compiler error)
UNRESOLVED: gcc.c-torture/execute/mayalias-3.c execution, -O3 -g
XPASS: gcc.dg/tree-ssa/update-threading.c scan-tree-dump-times Invalid sum 0
=== gcc Summary for unix/-m32 ===
# of expected passes 47428
# of unexpected failures 2
# of unexpected successes 1
# of expected failures 165
# of unresolved testcases 2
# of untested testcases 35
# of unsupported tests 262
Running target unix
FAIL: gcc.c-torture/execute/mayalias-2.c compilation, -O3 -g (internal compiler error)
UNRESOLVED: gcc.c-torture/execute/mayalias-2.c execution, -O3 -g
FAIL: gcc.c-torture/execute/mayalias-3.c compilation, -O3 -g (internal compiler error)
UNRESOLVED: gcc.c-torture/execute/mayalias-3.c execution, -O3 -g
XPASS: gcc.dg/tree-ssa/update-threading.c scan-tree-dump-times Invalid sum 0
=== gcc Summary for unix ===
# of expected passes 47294
# of unexpected failures 2
# of unexpected successes 1
# of expected failures 164
# of unresolved testcases 2
# of untested testcases 35
# of unsupported tests 373
=== gcc Summary ===
# of expected passes 94722
# of unexpected failures 4
# of unexpected successes 2
# of expected failures 329
# of unresolved testcases 4
# of untested testcases 70
# of unsupported tests 635
/home/jye2/gcc/build-daily/gcc/xgcc version 4.3.0 20070929 (experimental) [trunk revision 128885] (GCC)
=== gfortran tests ===
Running target unix/-m32
FAIL: gfortran.dg/do_3.F90 -O3 -fomit-frame-pointer execution test
FAIL: gfortran.dg/do_3.F90 -O3 -fomit-frame-pointer -funroll-loops execution test
FAIL: gfortran.dg/do_3.F90 -O3 -fomit-frame-pointer -funroll-all-loops -finline-functions execution test
FAIL: gfortran.dg/do_3.F90 -O3 -g execution test
=== gfortran Summary for unix/-m32 ===
# of expected passes 21414
# of unexpected failures 4
# of expected failures 9
# of unsupported tests 16
Running target unix
FAIL: gfortran.dg/do_3.F90 -O3 -fomit-frame-pointer execution test
FAIL: gfortran.dg/do_3.F90 -O3 -fomit-frame-pointer -funroll-loops execution test
FAIL: gfortran.dg/do_3.F90 -O3 -fomit-frame-pointer -funroll-all-loops -finline-functions execution test
FAIL: gfortran.dg/do_3.F90 -O3 -g execution test
=== gfortran Summary for unix ===
# of expected passes 21412
# of unexpected failures 4
# of expected failures 9
# of unsupported tests 18
=== gfortran Summary ===
# of expected passes 42826
# of unexpected failures 8
# of expected failures 18
# of unsupported tests 34
/home/jye2/gcc/build-daily/gcc/testsuite/gfortran/../../gfortran version 4.3.0 20070929 (experimental) [trunk revision 128885] (GCC)
=== objc tests ===
Running target unix/-m32
=== objc Summary for unix/-m32 ===
# of expected passes 1812
# of expected failures 7
# of unsupported tests 24
Running target unix
=== objc Summary for unix ===
# of expected passes 1812
# of expected failures 7
# of unsupported tests 24
=== objc Summary ===
# of expected passes 3624
# of expected failures 14
# of unsupported tests 48
/home/jye2/gcc/build-daily/gcc/xgcc version 4.3.0 20070929 (experimental) [trunk revision 128885] (GCC)
=== libffi tests ===
Running target unix/-m32
=== libffi Summary for unix/-m32 ===
# of expected passes 1108
# of unsupported tests 8
Running target unix
=== libffi Summary for unix ===
# of expected passes 1108
# of unsupported tests 8
=== libffi Summary ===
# of expected passes 2216
# of unsupported tests 16
=== libgomp tests ===
Running target unix/-m32
FAIL: libgomp.c/pr26943-4.c execution test
=== libgomp Summary for unix/-m32 ===
# of expected passes 1622
# of unexpected failures 1
Running target unix
=== libgomp Summary for unix ===
# of expected passes 1623
=== libgomp Summary ===
# of expected passes 3245
# of unexpected failures 1
=== libjava tests ===
Running target unix/-m32
=== libjava Summary for unix/-m32 ===
# of expected passes 2550
Running target unix
=== libjava Summary for unix ===
# of expected passes 2550
=== libjava Summary ===
# of expected passes 5100
=== libmudflap tests ===
Running target unix/-m32
FAIL: libmudflap.c++/pass41-frag.cxx execution test
FAIL: libmudflap.c++/pass41-frag.cxx (-static) execution test
FAIL: libmudflap.c++/pass41-frag.cxx ( -O) execution test
FAIL: libmudflap.c++/pass41-frag.cxx (-O2) execution test
FAIL: libmudflap.c++/pass41-frag.cxx (-O3) execution test
=== libmudflap Summary for unix/-m32 ===
# of expected passes 1821
# of unexpected failures 5
Running target unix
FAIL: libmudflap.c/fail8-frag.c (-static) output pattern test
FAIL: libmudflap.c/fail9-frag.c (-static) output pattern test
FAIL: libmudflap.c++/pass41-frag.cxx execution test
FAIL: libmudflap.c++/pass41-frag.cxx (-static) execution test
FAIL: libmudflap.c++/pass41-frag.cxx ( -O) execution test
FAIL: libmudflap.c++/pass41-frag.cxx (-O2) execution test
FAIL: libmudflap.c++/pass41-frag.cxx (-O3) execution test
=== libmudflap Summary for unix ===
# of expected passes 1819
# of unexpected failures 7
=== libmudflap Summary ===
# of expected passes 3640
# of unexpected failures 12
=== libstdc++ tests ===
Running target unix/-m32
FAIL: 25_algorithms/merge/1.cc execution test
XPASS: 26_numerics/headers/cmath/c99_classification_macros_c.cc (test for excess errors)
=== libstdc++ Summary for unix/-m32 ===
# of expected passes 5316
# of unexpected failures 1
# of unexpected successes 1
# of expected failures 57
# of unsupported tests 8
Running target unix
XPASS: 26_numerics/headers/cmath/c99_classification_macros_c.cc (test for excess errors)
XPASS: 27_io/fpos/14320-1.cc execution test
=== libstdc++ Summary for unix ===
# of expected passes 5317
# of unexpected successes 2
# of expected failures 56
# of unsupported tests 8
=== libstdc++ Summary ===
# of expected passes 10633
# of unexpected failures 1
# of unexpected successes 3
# of expected failures 113
# of unsupported tests 16
Compiler version: 4.3.0 20070929 (experimental) [trunk revision 128885] (GCC)
Platform: x86_64-unknown-linux-gnu
configure flags: --enable-clocale=gnu --with-system-zlib --enable-decimal-float=bid --with-demangler-in-ld --enable-shared --enable-threads=posix --enable-haifa --enable-checking=assert