This is the mail archive of the gcc-testresults@gcc.gnu.org mailing list for the GCC project.


Index Nav: [Date Index] [Subject Index] [Author Index] [Thread Index]
Message Nav: [Date Prev] [Date Next] [Thread Prev] [Thread Next]
Other format: [Raw text]

Results for 4.2.1 testsuite on powerpc-ibm-aix5.3.0.0


LAST_UPDATED: Obtained from SVN: tags/gcc_4_2_1_release revision 126787 

Native configuration is powerpc-ibm-aix5.3.0.0 

=== g++ tests === 


Running target unix 
FAIL: tmpdir-g++.dg-struct-layout-1/t003 
cp_compat_x_tst.o-cp_compat_y_tst.o execute 
FAIL: tmpdir-g++.dg-struct-layout-1/t004 
cp_compat_x_tst.o-cp_compat_y_tst.o execute 
FAIL: tmpdir-g++.dg-struct-layout-1/t006 
cp_compat_x_tst.o-cp_compat_y_tst.o execute 
FAIL: tmpdir-g++.dg-struct-layout-1/t011 
cp_compat_x_tst.o-cp_compat_y_tst.o execute 
FAIL: tmpdir-g++.dg-struct-layout-1/t014 
cp_compat_x_tst.o-cp_compat_y_tst.o execute 
FAIL: tmpdir-g++.dg-struct-layout-1/t016 
cp_compat_x_tst.o-cp_compat_y_tst.o execute 
FAIL: tmpdir-g++.dg-struct-layout-1/t017 
cp_compat_x_tst.o-cp_compat_y_tst.o execute 
FAIL: tmpdir-g++.dg-struct-layout-1/t020 
cp_compat_x_tst.o-cp_compat_y_tst.o execute 
FAIL: tmpdir-g++.dg-struct-layout-1/t021 
cp_compat_x_tst.o-cp_compat_y_tst.o execute 
FAIL: tmpdir-g++.dg-struct-layout-1/t023 
cp_compat_x_tst.o-cp_compat_y_tst.o execute 
FAIL: tmpdir-g++.dg-struct-layout-1/t024 
cp_compat_x_tst.o-cp_compat_y_tst.o execute 
FAIL: tmpdir-g++.dg-struct-layout-1/t026 
cp_compat_x_tst.o-cp_compat_y_tst.o execute 
FAIL: tmpdir-g++.dg-struct-layout-1/t027 
cp_compat_x_tst.o-cp_compat_y_tst.o execute 
FAIL: tmpdir-g++.dg-struct-layout-1/t028 
cp_compat_x_tst.o-cp_compat_y_tst.o execute 
FAIL: tmpdir-g++.dg-struct-layout-1/t029 
cp_compat_x_tst.o-cp_compat_y_tst.o execute 
FAIL: tmpdir-g++.dg-struct-layout-1/t030 
cp_compat_x_tst.o-cp_compat_y_tst.o execute 
FAIL: g++.dg/abi/local1.C execution test 
UNRESOLVED: g++.dg/abi/rtti3.C 
UNRESOLVED: g++.dg/abi/thunk3.C 
UNRESOLVED: g++.dg/abi/thunk4.C 
FAIL: g++.dg/conversion/simd1.C (test for excess errors) 
FAIL: g++.dg/cpp/_Pragma1.C (test for excess errors) 
XPASS: g++.dg/eh/simd-2.C (test for excess errors) 
UNRESOLVED: g++.dg/eh/weak1.C 
FAIL: g++.dg/ext/alignof2.C execution test 
FAIL: g++.dg/ext/attribute-test-1.C (test for excess errors) 
FAIL: g++.dg/ext/attribute-test-2.C (test for excess errors) 
FAIL: g++.dg/ext/attribute-test-3.C (test for excess errors) 
FAIL: g++.dg/ext/attribute-test-4.C (test for excess errors) 
FAIL: g++.dg/ext/visibility/anon1.C scan-assembler-not globl.*_ZN.*1fEv 
FAIL: g++.dg/ext/visibility/anon2.C scan-assembler-not globl.*_Z1fv 
UNRESOLVED: g++.dg/ext/weak1.C 
UNRESOLVED: g++.dg/ext/weak2.C 
UNRESOLVED: g++.dg/ext/weak3.C 
UNRESOLVED: g++.dg/init/dso_handle1.C 
UNRESOLVED: g++.dg/init/init-ref4.C 
WARNING: g++.dg/other/ucnid-1.C compilation failed to produce executable 
FAIL: g++.dg/other/unused1.C scan-assembler 
(string|ascii?)z?\\t"class2("|\\\\\\\\000) 
FAIL: g++.dg/other/unused1.C scan-assembler 
(string|ascii?)z?\\t"printer("|\\\\\\\\000) 
FAIL: g++.dg/template/repo3.C (test for excess errors) 
UNRESOLVED: g++.dg/warn/weak1.C 
UNRESOLVED: g++.old-deja/g++.ext/attrib5.C 
XPASS: g++.old-deja/g++.other/init18.C execution test 
XPASS: g++.old-deja/g++.other/init19.C execution test 
FAIL: g++.old-deja/g++.pt/instantiate4.C (test for excess errors) 
FAIL: g++.old-deja/g++.pt/instantiate6.C (test for excess errors) 
FAIL: g++.old-deja/g++.pt/repo2.C (test for excess errors) 
FAIL: g++.old-deja/g++.pt/repo4.C (test for excess errors) 
UNRESOLVED: g++.old-deja/g++.pt/static3.C 

=== g++ Summary === 

# of expected passes 12785 
# of unexpected failures 33 
# of unexpected successes 3 
# of expected failures 71 
# of unresolved testcases 12 
# of unsupported tests 193 
/tmp/build-gcc/gcc/testsuite/g++/../../g++ version 4.2.1 

=== gcc tests === 


Running target unix 
UNRESOLVED: gcc.c-torture/compile/20011119-1.c -O0 
UNRESOLVED: gcc.c-torture/compile/20011119-1.c -O1 
UNRESOLVED: gcc.c-torture/compile/20011119-1.c -O2 
UNRESOLVED: gcc.c-torture/compile/20011119-1.c -O3 -fomit-frame-pointer 

UNRESOLVED: gcc.c-torture/compile/20011119-1.c -O3 -g 
UNRESOLVED: gcc.c-torture/compile/20011119-1.c -Os 
UNRESOLVED: gcc.c-torture/compile/20011119-2.c -O0 
UNRESOLVED: gcc.c-torture/compile/20011119-2.c -O1 
UNRESOLVED: gcc.c-torture/compile/20011119-2.c -O2 
UNRESOLVED: gcc.c-torture/compile/20011119-2.c -O3 -fomit-frame-pointer 

UNRESOLVED: gcc.c-torture/compile/20011119-2.c -O3 -g 
UNRESOLVED: gcc.c-torture/compile/20011119-2.c -Os 
UNRESOLVED: gcc.c-torture/compile/981001-2.c -O0 
UNRESOLVED: gcc.c-torture/compile/981001-2.c -O1 
UNRESOLVED: gcc.c-torture/compile/981001-2.c -O2 
UNRESOLVED: gcc.c-torture/compile/981001-2.c -O3 -fomit-frame-pointer 
UNRESOLVED: gcc.c-torture/compile/981001-2.c -O3 -g 
UNRESOLVED: gcc.c-torture/compile/981001-2.c -Os 
XPASS: gcc.c-torture/execute/mayalias-2.c compilation, -O3 -g 
FAIL: gcc.dg/cpp/_Pragma6.c (test for excess errors) 
XPASS: gcc.dg/cpp/cmdlne-dI-M.c scan-file 
(^|\\\\n)cmdlne-dI-M.*:[^\\\\n]*cmdlne-dI-M.c 
XPASS: gcc.dg/cpp/cmdlne-dM-M.c scan-file 
(^|\\\\n)cmdlne-dM-M[^\\\\n]*:[^\\\\n]*cmdlne-dM-M.c 
XPASS: gcc.dg/20020103-1.c scan-assembler-not LC[0-9] 
FAIL: gcc.dg/alias-7.c execution test 
FAIL: gcc.dg/asm-names.c scan-assembler-not ____frob14 
UNRESOLVED: gcc.dg/attr-weakref-1-darwin.c 
UNRESOLVED: gcc.dg/attr-weakref-1.c 
UNRESOLVED: gcc.dg/attr-weakref-2.c 
UNRESOLVED: gcc.dg/darwin-weakimport-1.c 
UNRESOLVED: gcc.dg/darwin-weakimport-2.c 
UNRESOLVED: gcc.dg/darwin-weakimport-3.c 
UNRESOLVED: gcc.dg/darwin-weakref-1.c 
FAIL: gcc.dg/pthread-init-1.c (test for excess errors) 
FAIL: gcc.dg/pthread-init-2.c (test for excess errors) 
WARNING: gcc.dg/ucnid-2.c compilation failed to produce executable 
WARNING: gcc.dg/ucnid-3.c compilation failed to produce executable 
WARNING: gcc.dg/ucnid-4.c compilation failed to produce executable 
WARNING: gcc.dg/ucnid-5.c compilation failed to produce executable 
XPASS: gcc.dg/ucnid-6.c (test for excess errors) 
UNRESOLVED: gcc.dg/warn-addr-cmp.c 
FAIL: gcc.dg/pch/save-temps-1.c -O0 -g assembly comparison 
FAIL: gcc.dg/pch/static-1.c -O0 -g assembly comparison 
FAIL: gcc.dg/pch/static-2.c -O0 -g assembly comparison 
FAIL: gcc.dg/pch/static-3.c -O0 -g assembly comparison 
FAIL: gcc.dg/pch/system-1.c -O0 -g assembly comparison 
FAIL: largefile.c -O0 -g (test for excess errors) 
FAIL: largefile.c -O0 (test for excess errors) 
FAIL: largefile.c -O1 (test for excess errors) 
FAIL: largefile.c -O2 (test for excess errors) 
FAIL: largefile.c -O3 -fomit-frame-pointer (test for excess errors) 
FAIL: largefile.c -O3 -g (test for excess errors) 
FAIL: largefile.c -Os (test for excess errors) 
UNRESOLVED: gcc.dg/special/weak-1.c 
UNRESOLVED: gcc.dg/special/weak-2.c 
UNRESOLVED: gcc.dg/special/wkali-1.c 
UNRESOLVED: gcc.dg/special/wkali-2.c 
UNRESOLVED: gcc.dg/torture/builtin-noret-1.c -O0 
UNRESOLVED: gcc.dg/torture/builtin-noret-1.c -O1 
UNRESOLVED: gcc.dg/torture/builtin-noret-1.c -O2 
UNRESOLVED: gcc.dg/torture/builtin-noret-1.c -O3 -fomit-frame-pointer 
UNRESOLVED: gcc.dg/torture/builtin-noret-1.c -O3 -g 
UNRESOLVED: gcc.dg/torture/builtin-noret-1.c -Os 
UNRESOLVED: gcc.dg/torture/builtin-noret-2.c -O0 
UNRESOLVED: gcc.dg/torture/builtin-noret-2.c -O1 
UNRESOLVED: gcc.dg/torture/builtin-noret-2.c -O2 
UNRESOLVED: gcc.dg/torture/builtin-noret-2.c -O3 -fomit-frame-pointer 
UNRESOLVED: gcc.dg/torture/builtin-noret-2.c -O3 -g 
UNRESOLVED: gcc.dg/torture/builtin-noret-2.c -Os 
FAIL: gcc.dg/tree-ssa/loop-19.c scan-tree-dump-times MEM.(base: 
&|symbol: )a, 2 
FAIL: gcc.dg/tree-ssa/loop-19.c scan-tree-dump-times MEM.(base: 
&|symbol: )c, 2 
UNRESOLVED: gcc.dg/tree-ssa/pr27781.c 
UNRESOLVED: gcc.dg/weak/typeof-2.c 
UNRESOLVED: gcc.dg/weak/weak-1.c 
UNRESOLVED: gcc.dg/weak/weak-10.c 
UNRESOLVED: gcc.dg/weak/weak-11.c 
UNRESOLVED: gcc.dg/weak/weak-12.c 
UNRESOLVED: gcc.dg/weak/weak-13.c 
UNRESOLVED: gcc.dg/weak/weak-14.c 
UNRESOLVED: gcc.dg/weak/weak-2.c 
UNRESOLVED: gcc.dg/weak/weak-3.c 
UNRESOLVED: gcc.dg/weak/weak-4.c 
UNRESOLVED: gcc.dg/weak/weak-5.c 
UNRESOLVED: gcc.dg/weak/weak-6.c 
UNRESOLVED: gcc.dg/weak/weak-7.c 
UNRESOLVED: gcc.dg/weak/weak-8.c 
UNRESOLVED: gcc.dg/weak/weak-9.c 
XPASS: gcc.target/powerpc/darwin-longlong.c (test for excess errors) 

=== gcc Summary === 

# of expected passes 40134 
# of unexpected failures 19 
# of unexpected successes 6 
# of expected failures 91 
# of unresolved testcases 58 
# of untested testcases 35 
# of unsupported tests 551 
/tmp/build-gcc/gcc/xgcc version 4.2.1 

=== gfortran tests === 


Running target unix 
FAIL: gfortran.dg/c_by_val_1.f -O0 execution test 
FAIL: gfortran.dg/c_by_val_1.f -O1 execution test 
FAIL: gfortran.dg/c_by_val_1.f -O2 execution test 
FAIL: gfortran.dg/c_by_val_1.f -O3 -fomit-frame-pointer execution test 
FAIL: gfortran.dg/c_by_val_1.f -O3 -fomit-frame-pointer -funroll-loops 
execution test 
FAIL: gfortran.dg/c_by_val_1.f -O3 -fomit-frame-pointer 
-funroll-all-loops -finline-functions execution test 
FAIL: gfortran.dg/c_by_val_1.f -O3 -g execution test 
FAIL: gfortran.dg/c_by_val_1.f -Os execution test 
FAIL: gfortran.dg/static_linking_1.f -O0 execution test 
FAIL: gfortran.dg/static_linking_1.f -O1 execution test 
FAIL: gfortran.dg/static_linking_1.f -O2 execution test 
FAIL: gfortran.dg/static_linking_1.f -O3 -fomit-frame-pointer 
execution test 
FAIL: gfortran.dg/static_linking_1.f -O3 -fomit-frame-pointer 
-funroll-loops execution test 
FAIL: gfortran.dg/static_linking_1.f -O3 -fomit-frame-pointer 
-funroll-all-loops -finline-functions execution test 
FAIL: gfortran.dg/static_linking_1.f -O3 -g execution test 
FAIL: gfortran.dg/static_linking_1.f -Os execution test 
FAIL: gfortran.dg/vect/pr19049.f90 -O scan-tree-dump-times complicated 
access pattern 1 
FAIL: gfortran.dg/vect/vect-1.f90 -O scan-tree-dump-times vectorized 3 
loops 1 
FAIL: gfortran.dg/vect/vect-2.f90 -O scan-tree-dump-times vectorized 3 
loops 1 
FAIL: gfortran.dg/vect/vect-2.f90 -O scan-tree-dump-times Alignment of 
access forced using peeling 3 
FAIL: gfortran.dg/vect/vect-2.f90 -O scan-tree-dump-times Vectorizing 
an unaligned access 2 
FAIL: gfortran.dg/vect/vect-4.f90 -O scan-tree-dump-times vectorized 1 
loops 1 
FAIL: gfortran.dg/vect/vect-4.f90 -O scan-tree-dump-times Alignment of 
access forced using peeling 1 
FAIL: gfortran.dg/vect/vect-4.f90 -O scan-tree-dump-times Vectorizing 
an unaligned access 1 
FAIL: gfortran.dg/vect/vect-4.f90 -O scan-tree-dump-times accesses 
have the same alignment. 1 
FAIL: gfortran.dg/vect/vect-5.f90 -O scan-tree-dump-times vectorized 2 
loops 1 
FAIL: gfortran.dg/vect/vect-5.f90 -O scan-tree-dump-times Alignment of 
access forced using peeling 1 
FAIL: gfortran.dg/vect/vect-5.f90 -O scan-tree-dump-times Vectorizing 
an unaligned access 2 
FAIL: gfortran.fortran-torture/execute/intrinsic_nearest.f90 execution, 
-O0 
FAIL: gfortran.fortran-torture/execute/intrinsic_nearest.f90 execution, 
-O1 
FAIL: gfortran.fortran-torture/execute/intrinsic_nearest.f90 execution, 
-O2 
FAIL: gfortran.fortran-torture/execute/intrinsic_nearest.f90 execution, 
-O3 -fomit-frame-pointer 
FAIL: gfortran.fortran-torture/execute/intrinsic_nearest.f90 execution, 
-O3 -fomit-frame-pointer -funroll-loops 
FAIL: gfortran.fortran-torture/execute/intrinsic_nearest.f90 execution, 
-O3 -fomit-frame-pointer -funroll-all-loops -finline-functions 
FAIL: gfortran.fortran-torture/execute/intrinsic_nearest.f90 execution, 
-O3 -g 
FAIL: gfortran.fortran-torture/execute/intrinsic_nearest.f90 execution, 
-Os 

=== gfortran Summary === 

# of expected passes 15990 
# of unexpected failures 36 
# of expected failures 7 
# of unsupported tests 105 
/tmp/build-gcc/gcc/testsuite/gfortran/../../gfortran version 4.2.1 

=== obj-c++ tests === 


Running target unix 
FAIL: obj-c++.dg/cxx-ivars-2.mm execution test 
FAIL: obj-c++.dg/dwarf-2.mm (test for excess errors) 
ERROR: obj-c++.dg/dwarf-2.mm: error executing dg-final: couldn't open 
"dwarf-2.s": no such file or directory 
UNRESOLVED: obj-c++.dg/dwarf-2.mm: error executing dg-final: couldn't 
open "dwarf-2.s": no such file or directory 
FAIL: obj-c++.dg/encode-8.mm execution test 
FAIL: obj-c++.dg/isa-field-1.mm (test for excess errors) 
FAIL: obj-c++.dg/lookup-2.mm (test for excess errors) 
WARNING: obj-c++.dg/lookup-2.mm compilation failed to produce executable 
FAIL: obj-c++.dg/template-3.mm execution test 
FAIL: obj-c++.dg/try-catch-2.mm (test for excess errors) 
WARNING: obj-c++.dg/try-catch-2.mm compilation failed to produce 
executable 
FAIL: obj-c++.dg/try-catch-9.mm (test for excess errors) 
WARNING: obj-c++.dg/try-catch-9.mm compilation failed to produce 
executable 

=== obj-c++ Summary === 

# of expected passes 426 
# of unexpected failures 8 
# of unresolved testcases 1 
# of unsupported tests 13 
/tmp/build-gcc/gcc/testsuite/obj-c++/../../g++ version 4.2.1 

=== objc tests === 


Running target unix 
UNRESOLVED: objc.dg/weak-1.m 

=== objc Summary === 

# of expected passes 1788 
# of expected failures 17 
# of unresolved testcases 1 
# of unsupported tests 28 
/tmp/build-gcc/gcc/xgcc version 4.2.1 

=== libstdc++ tests === 


Running target unix 
FAIL: 22_locale/ctype/is/char/3.cc execution test 
FAIL: 26_numerics/cmath/c99_classification_macros_c.cc (test for excess 
errors) 
FAIL: 27_io/ios_base/storage/11584.cc execution test 
FAIL: 27_io/objects/char/6.cc execution test 
FAIL: 27_io/objects/wchar_t/6.cc execution test 
FAIL: ext/mt_allocator/check_new.cc execution test 
FAIL: ext/pb_ds/example/priority_queue_dijkstra.cc execution test 
FAIL: ext/pool_allocator/check_new.cc execution test 

=== libstdc++ Summary === 

# of expected passes 3770 
# of unexpected failures 8 
# of expected failures 13 
# of unsupported tests 328 

Compiler version: 4.2.1 
Platform: powerpc-ibm-aix5.3.0.0 
configure flags: --prefix=/usr/local/gcc --with-mpfr=/usr/local 
-with-gmp=/usr/local -enable-languages=c,c++,objc,obj-c++,fortran,java 
--with-libiconv-prefix=/usr/local --with-libintl-prefix=/usr/local 
--enable-languages=c,c++,fortran,java,objc,obj-c++ 


Index Nav: [Date Index] [Subject Index] [Author Index] [Thread Index]
Message Nav: [Date Prev] [Date Next] [Thread Prev] [Thread Next]