This is the mail archive of the
gcc-testresults@gcc.gnu.org
mailing list for the GCC project.
Results for 4.3.0 20070908 (experimental) (GCC) testsuite on i686-pc-linux-gnu
- From: Diego Novillo <dnovillo at novillo dot homelinux dot org>
- To: gcc-testresults at gcc dot gnu dot org
- Date: Sat, 8 Sep 2007 05:27:58 -0400
- Subject: Results for 4.3.0 20070908 (experimental) (GCC) testsuite on i686-pc-linux-gnu
LAST_UPDATED:
Native configuration is i686-pc-linux-gnu
=== g++ tests ===
Running target unix
XPASS: g++.dg/tree-ssa/copyprop-1.C scan-tree-dump-not .* = [^>;]*;
XPASS: g++.dg/tree-ssa/ivopts-1.C scan-tree-dump-not offset: -4B
XPASS: g++.dg/tree-ssa/ivopts-1.C scan-tree-dump-not &x\\[5\\]
=== g++ Summary ===
# of expected passes 16622
# of unexpected successes 3
# of expected failures 86
# of unsupported tests 88
/notnfs/dnovillo/perf/sbox/gcc/local.i686/bld/gcc/testsuite/g++/../../g++ version 4.3.0 20070908 (experimental) (GCC)
=== gcc tests ===
Running target unix
FAIL: gcc.c-torture/execute/mayalias-2.c compilation, -O3 -g (internal compiler error)
UNRESOLVED: gcc.c-torture/execute/mayalias-2.c execution, -O3 -g
FAIL: gcc.c-torture/execute/mayalias-3.c compilation, -O3 -g (internal compiler error)
UNRESOLVED: gcc.c-torture/execute/mayalias-3.c execution, -O3 -g
FAIL: gcc.dg/torture/builtin-pow-mpfr-1.c -O0 scan-tree-dump pow
FAIL: gcc.dg/torture/builtin-pow-mpfr-1.c -O1 scan-tree-dump pow
FAIL: gcc.dg/torture/builtin-pow-mpfr-1.c -O2 scan-tree-dump pow
FAIL: gcc.dg/torture/builtin-pow-mpfr-1.c -O3 -fomit-frame-pointer scan-tree-dump pow
FAIL: gcc.dg/torture/builtin-pow-mpfr-1.c -O3 -g scan-tree-dump pow
FAIL: gcc.dg/torture/builtin-pow-mpfr-1.c -Os scan-tree-dump pow
XPASS: gcc.dg/tree-ssa/update-threading.c scan-tree-dump-times Invalid sum 0
=== gcc Summary ===
# of expected passes 46863
# of unexpected failures 8
# of unexpected successes 1
# of expected failures 160
# of unresolved testcases 2
# of untested testcases 35
# of unsupported tests 250
/notnfs/dnovillo/perf/sbox/gcc/local.i686/bld/gcc/xgcc version 4.3.0 20070908 (experimental) (GCC)
=== gfortran tests ===
Running target unix
FAIL: gfortran.dg/do_3.F90 -O3 -fomit-frame-pointer execution test
FAIL: gfortran.dg/do_3.F90 -O3 -fomit-frame-pointer -funroll-loops execution test
FAIL: gfortran.dg/do_3.F90 -O3 -fomit-frame-pointer -funroll-all-loops -finline-functions execution test
FAIL: gfortran.dg/do_3.F90 -O3 -g execution test
=== gfortran Summary ===
# of expected passes 21079
# of unexpected failures 4
# of expected failures 8
# of unsupported tests 16
/notnfs/dnovillo/perf/sbox/gcc/local.i686/bld/gcc/testsuite/gfortran/../../gfortran version 4.3.0 20070908 (experimental) (GCC)
=== objc tests ===
Running target unix
=== objc Summary ===
# of expected passes 1812
# of expected failures 7
# of unsupported tests 24
/notnfs/dnovillo/perf/sbox/gcc/local.i686/bld/gcc/xgcc version 4.3.0 20070908 (experimental) (GCC)
=== libffi tests ===
Running target unix
=== libffi Summary ===
# of expected passes 1108
# of unsupported tests 8
=== libgomp tests ===
Running target unix
=== libgomp Summary ===
# of expected passes 1607
=== libjava tests ===
Running target unix
FAIL: events output
FAIL: LargeFile execution - source compiled test
FAIL: LargeFile -findirect-dispatch execution - source compiled test
FAIL: LargeFile -O3 execution - source compiled test
FAIL: LargeFile -O3 -findirect-dispatch execution - source compiled test
=== libjava Summary ===
# of expected passes 2541
# of unexpected failures 5
# of untested testcases 4
=== libmudflap tests ===
Running target unix
FAIL: libmudflap.c++/pass41-frag.cxx execution test
FAIL: libmudflap.c++/pass41-frag.cxx (-static) execution test
FAIL: libmudflap.c++/pass41-frag.cxx ( -O) execution test
FAIL: libmudflap.c++/pass41-frag.cxx (-O2) execution test
FAIL: libmudflap.c++/pass41-frag.cxx (-O3) execution test
=== libmudflap Summary ===
# of expected passes 1821
# of unexpected failures 5
=== libstdc++ tests ===
Running target unix
XPASS: 26_numerics/headers/cmath/c99_classification_macros_c.cc (test for excess errors)
=== libstdc++ Summary ===
# of expected passes 5157
# of unexpected successes 1
# of expected failures 57
Compiler version: 4.3.0 20070908 (experimental) (GCC)
Platform: i686-pc-linux-gnu
configure flags: --prefix=/home/dnovillo/perf/sbox/gcc/local.i686/inst --srcdir=/home/dnovillo/perf/sbox/gcc/local.i686/src --with-mpfr=/home/dnovillo/i686 --with-gmp=/home/dnovillo/i686 --enable-checking=release