This is the mail archive of the
gcc-testresults@gcc.gnu.org
mailing list for the GCC project.
Results for 4.3.0 20070904 (experimental) [trunk revision 128107] (GCC) testsuite on hppa-unknown-linux-gnu
- From: dave at mx3210 dot hia dot nrc dot ca (John David Anglin)
- To: dave dot anglin at nrc-cnrc dot gc dot ca, gcc-testresults at gcc dot gnu dot org
- Date: Thu, 6 Sep 2007 21:35:38 -0400 (EDT)
- Subject: Results for 4.3.0 20070904 (experimental) [trunk revision 128107] (GCC) testsuite on hppa-unknown-linux-gnu
LAST_UPDATED: Tue Sep 4 23:30:16 UTC 2007 (revision 128107)
=== acats tests ===
FAIL: a87b59a
FAIL: c32111a
FAIL: c32111b
FAIL: c32112b
FAIL: c32113a
FAIL: c32115a
FAIL: c32115b
FAIL: c330001
FAIL: c330002
FAIL: c34001c
FAIL: c34001f
FAIL: c34002c
FAIL: c34003c
FAIL: c34005c
FAIL: c34005f
FAIL: c34005i
FAIL: c34005l
FAIL: c34005o
FAIL: c34005r
FAIL: c34005u
FAIL: c34006f
FAIL: c34006l
FAIL: c34007a
FAIL: c34007d
FAIL: c34007f
FAIL: c34007g
FAIL: c34007i
FAIL: c34007j
FAIL: c34007m
FAIL: c34007p
FAIL: c34007r
FAIL: c34007s
FAIL: c34007u
FAIL: c34009f
FAIL: c34009l
FAIL: c34011b
FAIL: c34018a
FAIL: c35003a
FAIL: c35003b
FAIL: c35003d
FAIL: c354002
FAIL: c354003
FAIL: c35502c
FAIL: c35502e
FAIL: c35502k
FAIL: c35502l
FAIL: c35502m
FAIL: c35502n
FAIL: c35503c
FAIL: c35503e
FAIL: c35505c
FAIL: c35505e
FAIL: c35505f
FAIL: c35507c
FAIL: c35507e
FAIL: c35507k
FAIL: c35507l
FAIL: c35507m
FAIL: c35507n
FAIL: c35508c
FAIL: c35508e
FAIL: c35508g
FAIL: c35508h
FAIL: c35508k
FAIL: c35508l
FAIL: c35904a
FAIL: c35904b
FAIL: c36104a
FAIL: c36104b
FAIL: c36172a
FAIL: c36172b
FAIL: c36204c
FAIL: c36301a
FAIL: c36305a
FAIL: c37005a
FAIL: c37008a
FAIL: c371001
FAIL: c371002
FAIL: c371003
FAIL: c37108b
FAIL: c37207a
FAIL: c37208a
FAIL: c37208b
FAIL: c37209b
FAIL: c37211a
FAIL: c37211b
FAIL: c37211c
FAIL: c37211d
FAIL: c37211e
FAIL: c37213b
FAIL: c37213d
FAIL: c37213f
FAIL: c37213h
FAIL: c37213j
FAIL: c37213k
FAIL: c37213l
FAIL: c37215b
FAIL: c37215d
FAIL: c37215f
FAIL: c37215h
FAIL: c37217a
FAIL: c37217b
FAIL: c37217c
FAIL: c380001
FAIL: c380003
FAIL: c380004
Native configuration is hppa-unknown-linux-gnu
=== g++ tests ===
Running target unix
XPASS: g++.dg/tree-ssa/copyprop-1.C scan-tree-dump-not .* = [^>;]*;
XPASS: g++.dg/tree-ssa/ivopts-1.C scan-tree-dump-not offset: -4B
XPASS: g++.dg/tree-ssa/ivopts-1.C scan-tree-dump-not &x\\[5\\]
=== g++ Summary ===
# of expected passes 16503
# of unexpected successes 3
# of expected failures 87
# of unsupported tests 131
/home/dave/gnu/gcc-4.3/objdir/gcc/testsuite/g++/../../g++ version 4.3.0 20070904 (experimental) [trunk revision 128107] (GCC)
=== gcc tests ===
Running target unix
WARNING: program timed out.
FAIL: gcc.c-torture/compile/20001226-1.c -O1 (test for excess errors)
WARNING: program timed out.
FAIL: gcc.c-torture/compile/20001226-1.c -O2 (test for excess errors)
WARNING: program timed out.
FAIL: gcc.c-torture/compile/20001226-1.c -O3 -fomit-frame-pointer (test for excess errors)
WARNING: program timed out.
FAIL: gcc.c-torture/compile/20001226-1.c -O3 -g (test for excess errors)
WARNING: program timed out.
FAIL: gcc.c-torture/compile/20001226-1.c -Os (test for excess errors)
WARNING: program timed out.
FAIL: gcc.c-torture/execute/builtins/vsprintf-chk.c compilation, -O3 -fomit-frame-pointer -funroll-loops
UNRESOLVED: gcc.c-torture/execute/builtins/vsprintf-chk.c execution, -O3 -fomit-frame-pointer -funroll-loops
FAIL: gcc.c-torture/execute/990404-1.c execution, -O3 -fomit-frame-pointer
FAIL: gcc.c-torture/execute/990404-1.c execution, -O3 -g
FAIL: gcc.c-torture/execute/mayalias-2.c compilation, -O3 -g (internal compiler error)
UNRESOLVED: gcc.c-torture/execute/mayalias-2.c execution, -O3 -g
FAIL: gcc.c-torture/execute/mayalias-3.c compilation, -O3 -g (internal compiler error)
UNRESOLVED: gcc.c-torture/execute/mayalias-3.c execution, -O3 -g
FAIL: gcc.dg/builtins-61.c scan-tree-dump return 0.0
XPASS: gcc.dg/torture/builtin-math-4.c -O0 (test for excess errors)
XPASS: gcc.dg/torture/builtin-math-4.c -O1 (test for excess errors)
XPASS: gcc.dg/torture/builtin-math-4.c -O2 (test for excess errors)
XPASS: gcc.dg/torture/builtin-math-4.c -O3 -fomit-frame-pointer (test for excess errors)
XPASS: gcc.dg/torture/builtin-math-4.c -O3 -fomit-frame-pointer -funroll-loops (test for excess errors)
XPASS: gcc.dg/torture/builtin-math-4.c -O3 -fomit-frame-pointer -funroll-all-loops -finline-functions (test for excess errors)
XPASS: gcc.dg/torture/builtin-math-4.c -O3 -g (test for excess errors)
XPASS: gcc.dg/torture/builtin-math-4.c -Os (test for excess errors)
WARNING: program timed out.
FAIL: gcc.dg/torture/pr30364-1.c -O2 (test for excess errors)
UNRESOLVED: gcc.dg/torture/pr30364-1.c -O2 compilation failed to produce executable
XPASS: gcc.dg/tree-ssa/loop-1.c scan-assembler-times foo 5
XPASS: gcc.dg/tree-ssa/update-threading.c scan-tree-dump-times Invalid sum 0
=== gcc Summary ===
# of expected passes 43759
# of unexpected failures 12
# of unexpected successes 10
# of expected failures 87
# of unresolved testcases 4
# of untested testcases 35
# of unsupported tests 332
/home/dave/gnu/gcc-4.3/objdir/gcc/xgcc version 4.3.0 20070904 (experimental) [trunk revision 128107] (GCC)
=== gfortran tests ===
Running target unix
FAIL: gfortran.dg/c_char_tests.f03 -O3 -fomit-frame-pointer execution test
FAIL: gfortran.dg/c_char_tests.f03 -O3 -fomit-frame-pointer -funroll-loops execution test
FAIL: gfortran.dg/c_char_tests.f03 -O3 -fomit-frame-pointer -funroll-all-loops -finline-functions execution test
FAIL: gfortran.dg/c_char_tests.f03 -O3 -g execution test
FAIL: gfortran.dg/do_3.F90 -O3 -fomit-frame-pointer execution test
FAIL: gfortran.dg/do_3.F90 -O3 -fomit-frame-pointer -funroll-loops execution test
FAIL: gfortran.dg/do_3.F90 -O3 -fomit-frame-pointer -funroll-all-loops -finline-functions execution test
FAIL: gfortran.dg/do_3.F90 -O3 -g execution test
WARNING: program timed out.
FAIL: gfortran.dg/interface_12.f90 -O3 -fomit-frame-pointer -funroll-loops (test for excess errors)
UNRESOLVED: gfortran.dg/interface_12.f90 -O3 -fomit-frame-pointer -funroll-loops compilation failed to produce executable
WARNING: program timed out.
FAIL: gfortran.dg/logical_dot_product.f90 -O3 -g (test for excess errors)
UNRESOLVED: gfortran.dg/logical_dot_product.f90 -O3 -g compilation failed to produce executable
WARNING: program timed out.
FAIL: gfortran.dg/rewind_1.f90 -O2 (test for excess errors)
UNRESOLVED: gfortran.dg/rewind_1.f90 -O2 compilation failed to produce executable
=== gfortran Summary ===
# of expected passes 20778
# of unexpected failures 11
# of expected failures 8
# of unresolved testcases 3
# of unsupported tests 100
/home/dave/gnu/gcc-4.3/objdir/gcc/testsuite/gfortran/../../gfortran version 4.3.0 20070904 (experimental) [trunk revision 128107] (GCC)
=== gnat tests ===
Running target unix
=== gnat Summary ===
# of expected passes 24
=== obj-c++ tests ===
Running target unix
FAIL: obj-c++.dg/bitfield-1.mm (internal compiler error)
FAIL: obj-c++.dg/bitfield-1.mm (test for excess errors)
UNRESOLVED: obj-c++.dg/bitfield-1.mm compilation failed to produce executable
FAIL: obj-c++.dg/comp-types-10.mm (internal compiler error)
FAIL: obj-c++.dg/comp-types-10.mm (test for excess errors)
FAIL: obj-c++.dg/cxx-ivars-2.mm execution test
FAIL: obj-c++.dg/encode-2.mm scan-assembler {Vec<float>=ffi}
FAIL: obj-c++.dg/encode-2.mm scan-assembler {Vec<double>=ddi}
FAIL: obj-c++.dg/encode-3.mm execution test
FAIL: obj-c++.dg/encode-8.mm execution test
FAIL: obj-c++.dg/gnu-runtime-2.mm (test for excess errors)
FAIL: obj-c++.dg/isa-field-1.mm (test for excess errors)
FAIL: obj-c++.dg/lookup-2.mm (test for excess errors)
UNRESOLVED: obj-c++.dg/lookup-2.mm compilation failed to produce executable
FAIL: obj-c++.dg/try-catch-2.mm (test for excess errors)
UNRESOLVED: obj-c++.dg/try-catch-2.mm compilation failed to produce executable
FAIL: obj-c++.dg/try-catch-9.mm (internal compiler error)
FAIL: obj-c++.dg/try-catch-9.mm (test for excess errors)
UNRESOLVED: obj-c++.dg/try-catch-9.mm compilation failed to produce executable
=== obj-c++ Summary ===
# of expected passes 422
# of unexpected failures 15
# of unresolved testcases 4
# of unsupported tests 13
/home/dave/gnu/gcc-4.3/objdir/gcc/testsuite/obj-c++/../../g++ version 4.3.0 20070904 (experimental) [trunk revision 128107] (GCC)
=== objc tests ===
Running target unix
WARNING: program timed out.
FAIL: objc/execute/IMP.m compilation, -O1 -fgnu-runtime
UNRESOLVED: objc/execute/IMP.m execution, -O1 -fgnu-runtime
=== objc Summary ===
# of expected passes 1810
# of unexpected failures 1
# of expected failures 7
# of unresolved testcases 1
# of unsupported tests 24
/home/dave/gnu/gcc-4.3/objdir/gcc/xgcc version 4.3.0 20070904 (experimental) [trunk revision 128107] (GCC)
=== libffi tests ===
Running target unix
=== libffi Summary ===
# of expected passes 1108
# of unsupported tests 8
=== libgomp tests ===
Running target unix
=== libgomp Summary ===
# of expected passes 1593
# of unsupported tests 7
=== libjava tests ===
Running target unix
=== libjava Summary ===
# of expected passes 2550
=== libmudflap tests ===
Running target unix
FAIL: libmudflap.c++/pass41-frag.cxx execution test
FAIL: libmudflap.c++/pass41-frag.cxx (-static) execution test
FAIL: libmudflap.c++/pass41-frag.cxx ( -O) execution test
FAIL: libmudflap.c++/pass41-frag.cxx (-O2) execution test
FAIL: libmudflap.c++/pass41-frag.cxx (-O3) execution test
WARNING: program timed out.
FAIL: libmudflap.cth/pass40-frag.c execution test
FAIL: libmudflap.cth/pass40-frag.c output pattern test
WARNING: program timed out.
FAIL: libmudflap.cth/pass40-frag.c (-static -DSTATIC) execution test
FAIL: libmudflap.cth/pass40-frag.c (-static -DSTATIC) output pattern test
WARNING: program timed out.
FAIL: libmudflap.cth/pass40-frag.c (-O2) execution test
FAIL: libmudflap.cth/pass40-frag.c (-O2) output pattern test
WARNING: program timed out.
FAIL: libmudflap.cth/pass40-frag.c (-O3) execution test
FAIL: libmudflap.cth/pass40-frag.c (-O3) output pattern test
=== libmudflap Summary ===
# of expected passes 1813
# of unexpected failures 13
=== libstdc++ tests ===
Running target unix
FAIL: abi_check
FAIL: 22_locale/time_get/get_date/wchar_t/4.cc execution test
XPASS: 26_numerics/headers/cmath/c99_classification_macros_c.cc (test for excess errors)
FAIL: 27_io/basic_istream/ignore/char/1.cc (test for excess errors)
UNRESOLVED: 27_io/basic_istream/ignore/char/1.cc compilation failed to produce executable
FAIL: 27_io/basic_istream/peek/char/1.cc (test for excess errors)
UNRESOLVED: 27_io/basic_istream/peek/char/1.cc compilation failed to produce executable
FAIL: 27_io/basic_istream/read/char/1.cc (test for excess errors)
UNRESOLVED: 27_io/basic_istream/read/char/1.cc compilation failed to produce executable
WARNING: program timed out.
FAIL: thread/pthread7-rope.cc execution test
FAIL: tr1/6_containers/tuple/element_access/get.cc execution test
=== libstdc++ Summary ===
# of expected passes 5145
# of unexpected failures 7
# of unexpected successes 1
# of expected failures 57
# of unresolved testcases 3
Compiler version: 4.3.0 20070904 (experimental) [trunk revision 128107] (GCC)
Platform: hppa-unknown-linux-gnu
configure flags: --with-gnu-as --with-gnu-ld --enable-shared --prefix=/home/dave/opt/gnu/gcc/gcc-4.3.0 --with-local-prefix=/home/dave/opt/gnu --enable-threads=posix --enable-__cxa_atexit --build=hppa-linux --enable-clocale=gnu --enable-java-gc=boehm --enable-java-awt=xlib --enable-languages=c,c++,objc,fortran,obj-c++,java,ada