This is the mail archive of the
gcc-testresults@gcc.gnu.org
mailing list for the GCC project.
Results for 4.3.0 20070829 (experimental) (GCC) gcc testsuite on ia16-unknown-elf
- From: Rask Ingemann Lambertsen <rask at sygehus dot dk>
- To: gcc-testresults at gcc dot gnu dot org
- Date: Thu, 30 Aug 2007 15:46:36 +0200
- Subject: Results for 4.3.0 20070829 (experimental) (GCC) gcc testsuite on ia16-unknown-elf
This is a new target submitted for inclusion into GCC. Please see the
gcc-patches mailing list.
Revision: 127913
Target is ia16-unknown-elf
Host is i686-pc-linux-gnu
=== gcc tests ===
Running target unix
WARNING: Assuming target board is the local machine (which is probably wrong).
FAIL: gcc.c-torture/compile/20000804-1.c -O0 (internal compiler error)
FAIL: gcc.c-torture/compile/20000804-1.c -O0 (test for excess errors)
WARNING: program timed out.
FAIL: gcc.c-torture/compile/limits-fnargs.c -O1 (test for excess errors)
WARNING: program timed out.
FAIL: gcc.c-torture/compile/limits-fnargs.c -O2 (test for excess errors)
WARNING: program timed out.
FAIL: gcc.c-torture/compile/limits-fnargs.c -O3 -fomit-frame-pointer (test for excess errors)
WARNING: program timed out.
FAIL: gcc.c-torture/compile/limits-fnargs.c -O3 -g (test for excess errors)
WARNING: program timed out.
FAIL: gcc.c-torture/compile/limits-fnargs.c -Os (test for excess errors)
UNRESOLVED: gcc.c-torture/execute/builtins/memcpy-chk.c execution, -O3 -fomit-frame-pointer -funroll-loops
UNRESOLVED: gcc.c-torture/execute/builtins/memcpy-chk.c execution, -O3 -fomit-frame-pointer -funroll-all-loops -finline-functions
UNRESOLVED: gcc.c-torture/execute/builtins/memmove-chk.c execution, -O0
UNRESOLVED: gcc.c-torture/execute/builtins/memmove-chk.c execution, -O3 -fomit-frame-pointer -funroll-loops
UNRESOLVED: gcc.c-torture/execute/builtins/memmove-chk.c execution, -O3 -fomit-frame-pointer -funroll-all-loops -finline-functions
UNRESOLVED: gcc.c-torture/execute/builtins/mempcpy-chk.c execution, -O3 -fomit-frame-pointer -funroll-loops
UNRESOLVED: gcc.c-torture/execute/builtins/mempcpy-chk.c execution, -O3 -fomit-frame-pointer -funroll-all-loops -finline-functions
UNRESOLVED: gcc.c-torture/execute/builtins/memset-chk.c execution, -O3 -fomit-frame-pointer
UNRESOLVED: gcc.c-torture/execute/builtins/memset-chk.c execution, -O3 -fomit-frame-pointer -funroll-loops
UNRESOLVED: gcc.c-torture/execute/builtins/memset-chk.c execution, -O3 -fomit-frame-pointer -funroll-all-loops -finline-functions
UNRESOLVED: gcc.c-torture/execute/builtins/memset-chk.c execution, -O3 -g
FAIL: gcc.c-torture/execute/builtins/pr23484-chk.c execution, -O1
FAIL: gcc.c-torture/execute/builtins/pr23484-chk.c execution, -O2
FAIL: gcc.c-torture/execute/builtins/pr23484-chk.c execution, -O3 -fomit-frame-pointer
FAIL: gcc.c-torture/execute/builtins/pr23484-chk.c execution, -O3 -g
FAIL: gcc.c-torture/execute/builtins/pr23484-chk.c execution, -Os
FAIL: gcc.c-torture/execute/20010122-1.c execution, -O0
FAIL: gcc.c-torture/execute/20010122-1.c execution, -O1
FAIL: gcc.c-torture/execute/20010122-1.c execution, -O2
FAIL: gcc.c-torture/execute/20010122-1.c execution, -O3 -g
FAIL: gcc.c-torture/execute/20010122-1.c execution, -Os
FAIL: gcc.c-torture/execute/divmod-1.c execution, -O0
FAIL: gcc.c-torture/execute/divmod-1.c execution, -O1
FAIL: gcc.c-torture/execute/divmod-1.c execution, -O2
FAIL: gcc.c-torture/execute/mayalias-2.c compilation, -O3 -g (internal compiler error)
UNRESOLVED: gcc.c-torture/execute/mayalias-2.c execution, -O3 -g
FAIL: gcc.c-torture/execute/mayalias-3.c compilation, -O3 -g (internal compiler error)
UNRESOLVED: gcc.c-torture/execute/mayalias-3.c execution, -O3 -g
FAIL: gcc.c-torture/execute/pr17377.c execution, -O1
FAIL: gcc.c-torture/execute/pr17377.c execution, -O2
FAIL: gcc.c-torture/execute/pr17377.c execution, -O3 -fomit-frame-pointer
FAIL: gcc.c-torture/execute/pr17377.c execution, -O3 -g
FAIL: gcc.c-torture/execute/pr17377.c execution, -Os
FAIL: gcc.c-torture/execute/va-arg-22.c execution, -O3 -fomit-frame-pointer
FAIL: gcc.c-torture/execute/va-arg-22.c execution, -O3 -fomit-frame-pointer -funroll-loops
FAIL: gcc.c-torture/execute/va-arg-22.c execution, -O3 -fomit-frame-pointer -funroll-all-loops -finline-functions
FAIL: gcc.c-torture/execute/va-arg-22.c execution, -O3 -g
UNRESOLVED: gcc.dg/compat/scalar-by-value-3 c_compat_x_tst.o-c_compat_y_tst.o execute
UNRESOLVED: gcc.dg/compat/struct-by-value-10 c_compat_x_tst.o-c_compat_y_tst.o execute
UNRESOLVED: gcc.dg/compat/struct-by-value-11 c_compat_x_tst.o-c_compat_y_tst.o execute
UNRESOLVED: gcc.dg/compat/struct-by-value-12 c_compat_x_tst.o-c_compat_y_tst.o execute
UNRESOLVED: gcc.dg/compat/struct-by-value-13 c_compat_x_tst.o-c_compat_y_tst.o execute
UNRESOLVED: gcc.dg/compat/struct-by-value-14 c_compat_x_tst.o-c_compat_y_tst.o execute
UNRESOLVED: gcc.dg/compat/struct-by-value-15 c_compat_x_tst.o-c_compat_y_tst.o execute
UNRESOLVED: gcc.dg/compat/struct-by-value-16 c_compat_x_tst.o-c_compat_y_tst.o execute
UNRESOLVED: gcc.dg/compat/struct-by-value-17 c_compat_x_tst.o-c_compat_y_tst.o execute
UNRESOLVED: gcc.dg/compat/struct-by-value-18 c_compat_x_tst.o-c_compat_y_tst.o execute
UNRESOLVED: gcc.dg/compat/struct-by-value-19 c_compat_x_tst.o-c_compat_y_tst.o execute
UNRESOLVED: gcc.dg/compat/struct-by-value-22 c_compat_x_tst.o-c_compat_y_tst.o execute
UNRESOLVED: gcc.dg/compat/struct-by-value-2 c_compat_x_tst.o-c_compat_y_tst.o execute
UNRESOLVED: gcc.dg/compat/struct-by-value-4 c_compat_x_tst.o-c_compat_y_tst.o execute
UNRESOLVED: gcc.dg/compat/struct-by-value-5a c_compat_x_tst.o-c_compat_y_tst.o execute
UNRESOLVED: gcc.dg/compat/struct-by-value-5b c_compat_x_tst.o-c_compat_y_tst.o execute
UNRESOLVED: gcc.dg/compat/struct-by-value-6a c_compat_x_tst.o-c_compat_y_tst.o execute
UNRESOLVED: gcc.dg/compat/struct-by-value-6b c_compat_x_tst.o-c_compat_y_tst.o execute
UNRESOLVED: gcc.dg/compat/struct-by-value-7a c_compat_x_tst.o-c_compat_y_tst.o execute
UNRESOLVED: gcc.dg/compat/struct-by-value-7b c_compat_x_tst.o-c_compat_y_tst.o execute
UNRESOLVED: gcc.dg/compat/struct-by-value-8 c_compat_x_tst.o-c_compat_y_tst.o execute
UNRESOLVED: gcc.dg/compat/struct-by-value-9 c_compat_x_tst.o-c_compat_y_tst.o execute
FAIL: gcc.dg/compat/struct-layout-1 c_compat_x_tst.o compile
FAIL: gcc.dg/compat/struct-layout-1 c_compat_y_tst.o compile
UNRESOLVED: gcc.dg/compat/struct-layout-1 c_compat_x_tst.o-c_compat_y_tst.o link
UNRESOLVED: gcc.dg/compat/struct-layout-1 c_compat_x_tst.o-c_compat_y_tst.o execute
UNRESOLVED: gcc.dg/compat/struct-return-2 c_compat_x_tst.o-c_compat_y_tst.o execute
UNRESOLVED: tmpdir-gcc.dg-struct-layout-1/t001 c_compat_x_tst.o-c_compat_y_tst.o execute
UNRESOLVED: tmpdir-gcc.dg-struct-layout-1/t002 c_compat_x_tst.o-c_compat_y_tst.o execute
UNRESOLVED: tmpdir-gcc.dg-struct-layout-1/t003 c_compat_x_tst.o-c_compat_y_tst.o execute
UNRESOLVED: tmpdir-gcc.dg-struct-layout-1/t004 c_compat_x_tst.o-c_compat_y_tst.o execute
UNRESOLVED: tmpdir-gcc.dg-struct-layout-1/t005 c_compat_x_tst.o-c_compat_y_tst.o execute
UNRESOLVED: tmpdir-gcc.dg-struct-layout-1/t006 c_compat_x_tst.o-c_compat_y_tst.o execute
UNRESOLVED: tmpdir-gcc.dg-struct-layout-1/t007 c_compat_x_tst.o-c_compat_y_tst.o execute
UNRESOLVED: tmpdir-gcc.dg-struct-layout-1/t008 c_compat_x_tst.o-c_compat_y_tst.o execute
UNRESOLVED: tmpdir-gcc.dg-struct-layout-1/t009 c_compat_x_tst.o-c_compat_y_tst.o execute
UNRESOLVED: tmpdir-gcc.dg-struct-layout-1/t010 c_compat_x_tst.o-c_compat_y_tst.o execute
UNRESOLVED: tmpdir-gcc.dg-struct-layout-1/t011 c_compat_x_tst.o-c_compat_y_tst.o execute
UNRESOLVED: tmpdir-gcc.dg-struct-layout-1/t012 c_compat_x_tst.o-c_compat_y_tst.o execute
UNRESOLVED: tmpdir-gcc.dg-struct-layout-1/t013 c_compat_x_tst.o-c_compat_y_tst.o execute
UNRESOLVED: tmpdir-gcc.dg-struct-layout-1/t014 c_compat_x_tst.o-c_compat_y_tst.o execute
UNRESOLVED: tmpdir-gcc.dg-struct-layout-1/t015 c_compat_x_tst.o-c_compat_y_tst.o execute
UNRESOLVED: tmpdir-gcc.dg-struct-layout-1/t016 c_compat_x_tst.o-c_compat_y_tst.o execute
UNRESOLVED: tmpdir-gcc.dg-struct-layout-1/t017 c_compat_x_tst.o-c_compat_y_tst.o execute
UNRESOLVED: tmpdir-gcc.dg-struct-layout-1/t018 c_compat_x_tst.o-c_compat_y_tst.o execute
UNRESOLVED: tmpdir-gcc.dg-struct-layout-1/t019 c_compat_x_tst.o-c_compat_y_tst.o execute
UNRESOLVED: tmpdir-gcc.dg-struct-layout-1/t020 c_compat_x_tst.o-c_compat_y_tst.o execute
UNRESOLVED: tmpdir-gcc.dg-struct-layout-1/t021 c_compat_x_tst.o-c_compat_y_tst.o execute
UNRESOLVED: tmpdir-gcc.dg-struct-layout-1/t022 c_compat_x_tst.o-c_compat_y_tst.o execute
UNRESOLVED: tmpdir-gcc.dg-struct-layout-1/t023 c_compat_x_tst.o-c_compat_y_tst.o execute
UNRESOLVED: tmpdir-gcc.dg-struct-layout-1/t024 c_compat_x_tst.o-c_compat_y_tst.o execute
UNRESOLVED: tmpdir-gcc.dg-struct-layout-1/t025 c_compat_x_tst.o-c_compat_y_tst.o execute
UNRESOLVED: tmpdir-gcc.dg-struct-layout-1/t026 c_compat_x_tst.o-c_compat_y_tst.o execute
UNRESOLVED: tmpdir-gcc.dg-struct-layout-1/t027 c_compat_x_tst.o-c_compat_y_tst.o execute
UNRESOLVED: tmpdir-gcc.dg-struct-layout-1/t028 c_compat_x_tst.o-c_compat_y_tst.o execute
FAIL: gcc.dg/Wconversion-real-integer.c (test for warnings, line 34)
FAIL: gcc.dg/Wconversion-real-integer.c (test for warnings, line 35)
FAIL: gcc.dg/Wconversion-real-integer.c (test for warnings, line 38)
FAIL: gcc.dg/Wconversion-real-integer.c (test for warnings, line 39)
FAIL: gcc.dg/Wconversion-real-integer.c (test for warnings, line 40)
FAIL: gcc.dg/Wconversion-real-integer.c (test for warnings, line 41)
FAIL: gcc.dg/Wconversion-real-integer.c (test for excess errors)
FAIL: gcc.dg/Wtype-limits-Wextra.c (test for warnings, line 25)
FAIL: gcc.dg/Wtype-limits-Wextra.c (test for warnings, line 26)
FAIL: gcc.dg/Wtype-limits-Wextra.c (test for warnings, line 27)
FAIL: gcc.dg/Wtype-limits-Wextra.c (test for warnings, line 28)
FAIL: gcc.dg/Wtype-limits-Wextra.c (test for excess errors)
FAIL: gcc.dg/Wtype-limits.c (test for warnings, line 25)
FAIL: gcc.dg/Wtype-limits.c (test for warnings, line 26)
FAIL: gcc.dg/Wtype-limits.c (test for warnings, line 27)
FAIL: gcc.dg/Wtype-limits.c (test for warnings, line 28)
FAIL: gcc.dg/Wtype-limits.c (test for excess errors)
FAIL: gcc.dg/builtin-return-1.c execution test
FAIL: gcc.dg/builtins-20.c (test for excess errors)
FAIL: gcc.dg/builtins-59.c scan-tree-dump __builtin_cexpi
FAIL: gcc.dg/builtins-59.c scan-tree-dump-not sincos
FAIL: gcc.dg/builtins-61.c scan-tree-dump cexpi
FAIL: gcc.dg/builtins-61.c scan-tree-dump sin
FAIL: gcc.dg/builtins-61.c scan-tree-dump cos
FAIL: gcc.dg/builtins-61.c scan-tree-dump return 0.0
FAIL: gcc.dg/builtins-62.c scan-tree-dump-times cexpi 3
FAIL: gcc.dg/c99-tgmath-1.c (test for excess errors)
FAIL: gcc.dg/c99-tgmath-2.c (test for excess errors)
ERROR: gcc.dg/c99-tgmath-2.c: error executing dg-final: couldn't open "c99-tgmath-2.s": no such file or directory
UNRESOLVED: gcc.dg/c99-tgmath-2.c: error executing dg-final: couldn't open "c99-tgmath-2.s": no such file or directory
FAIL: gcc.dg/c99-tgmath-3.c (test for excess errors)
ERROR: gcc.dg/c99-tgmath-3.c: error executing dg-final: couldn't open "c99-tgmath-3.s": no such file or directory
UNRESOLVED: gcc.dg/c99-tgmath-3.c: error executing dg-final: couldn't open "c99-tgmath-3.s": no such file or directory
FAIL: gcc.dg/c99-tgmath-4.c (test for excess errors)
ERROR: gcc.dg/c99-tgmath-4.c: error executing dg-final: couldn't open "c99-tgmath-4.s": no such file or directory
UNRESOLVED: gcc.dg/c99-tgmath-4.c: error executing dg-final: couldn't open "c99-tgmath-4.s": no such file or directory
FAIL: gcc.dg/fold-eqandshift-3.c scan-tree-dump-times \\(a & 1073741824\\) != 0 1
FAIL: gcc.dg/fold-eqandshift-3.c scan-tree-dump-times \\(b & 1073741824\\) != 0 1
FAIL: gcc.dg/fold-overflow-1.c scan-assembler-times 2139095040 2
FAIL: gcc.dg/initpri1.c execution test
FAIL: gcc.dg/max-1.c (test for excess errors)
FAIL: gcc.dg/multiple-overflow-warn-3.c (test for warnings, line 8)
FAIL: gcc.dg/multiple-overflow-warn-3.c (test for excess errors)
FAIL: gcc.dg/pr30957-1.c scan-rtl-dump Expanding Accumulator
FAIL: gcc.dg/pr32912-2.c execution test
FAIL: gcc.dg/pr32912-3.c (test for excess errors)
FAIL: gcc.dg/setjmp-1.c spurious clobbered warning (test for bogus messages, line 16)
FAIL: gcc.dg/var-expand1.c scan-rtl-dump Expanding Accumulator
FAIL: gcc.dg/matrix/transpose-1.c compilation, -fprofile-generate -O3
UNRESOLVED: gcc.dg/matrix/transpose-1.c execution, -fprofile-generate -O3
UNRESOLVED: gcc.dg/matrix/transpose-1.c compilation, -fprofile-use -fipa-matrix-reorg -fdump-ipa-matrix-reorg -O3 -fwhole-program -combine
UNRESOLVED: gcc.dg/matrix/transpose-1.c execution, -fprofile-use -fipa-matrix-reorg -fdump-ipa-matrix-reorg -O3 -fwhole-program -combine
FAIL: gcc.dg/matrix/transpose-2.c compilation, -fprofile-generate -O3
UNRESOLVED: gcc.dg/matrix/transpose-2.c execution, -fprofile-generate -O3
UNRESOLVED: gcc.dg/matrix/transpose-2.c compilation, -fprofile-use -fipa-matrix-reorg -fdump-ipa-matrix-reorg -O3 -fwhole-program -combine
UNRESOLVED: gcc.dg/matrix/transpose-2.c execution, -fprofile-use -fipa-matrix-reorg -fdump-ipa-matrix-reorg -O3 -fwhole-program -combine
FAIL: gcc.dg/matrix/transpose-3.c compilation, -fprofile-generate -O3
UNRESOLVED: gcc.dg/matrix/transpose-3.c execution, -fprofile-generate -O3
UNRESOLVED: gcc.dg/matrix/transpose-3.c compilation, -fprofile-use -fipa-matrix-reorg -fdump-ipa-matrix-reorg -O3 -fwhole-program -combine
UNRESOLVED: gcc.dg/matrix/transpose-3.c execution, -fprofile-use -fipa-matrix-reorg -fdump-ipa-matrix-reorg -O3 -fwhole-program -combine
FAIL: gcc.dg/matrix/transpose-4.c compilation, -fprofile-generate -O3
UNRESOLVED: gcc.dg/matrix/transpose-4.c execution, -fprofile-generate -O3
UNRESOLVED: gcc.dg/matrix/transpose-4.c compilation, -fprofile-use -fipa-matrix-reorg -fdump-ipa-matrix-reorg -O3 -fwhole-program -combine
UNRESOLVED: gcc.dg/matrix/transpose-4.c execution, -fprofile-use -fipa-matrix-reorg -fdump-ipa-matrix-reorg -O3 -fwhole-program -combine
FAIL: gcc.dg/matrix/transpose-5.c compilation, -fprofile-generate -O3
UNRESOLVED: gcc.dg/matrix/transpose-5.c execution, -fprofile-generate -O3
UNRESOLVED: gcc.dg/matrix/transpose-5.c compilation, -fprofile-use -fipa-matrix-reorg -fdump-ipa-matrix-reorg -O3 -fwhole-program -combine
UNRESOLVED: gcc.dg/matrix/transpose-5.c execution, -fprofile-use -fipa-matrix-reorg -fdump-ipa-matrix-reorg -O3 -fwhole-program -combine
FAIL: gcc.dg/matrix/transpose-6.c compilation, -fprofile-generate -O3
UNRESOLVED: gcc.dg/matrix/transpose-6.c execution, -fprofile-generate -O3
UNRESOLVED: gcc.dg/matrix/transpose-6.c compilation, -fprofile-use -fipa-matrix-reorg -fdump-ipa-matrix-reorg -O3 -fwhole-program -combine
UNRESOLVED: gcc.dg/matrix/transpose-6.c execution, -fprofile-use -fipa-matrix-reorg -fdump-ipa-matrix-reorg -O3 -fwhole-program -combine
FAIL: gcc.dg/torture/builtin-frexp-1.c -O0 (test for excess errors)
FAIL: gcc.dg/torture/builtin-frexp-1.c -O1 (test for excess errors)
FAIL: gcc.dg/torture/builtin-frexp-1.c -O2 (test for excess errors)
FAIL: gcc.dg/torture/builtin-frexp-1.c -O3 -fomit-frame-pointer (test for excess errors)
FAIL: gcc.dg/torture/builtin-frexp-1.c -O3 -fomit-frame-pointer -funroll-loops (test for excess errors)
FAIL: gcc.dg/torture/builtin-frexp-1.c -O3 -fomit-frame-pointer -funroll-all-loops -finline-functions (test for excess errors)
FAIL: gcc.dg/torture/builtin-frexp-1.c -O3 -g (test for excess errors)
FAIL: gcc.dg/torture/builtin-frexp-1.c -Os (test for excess errors)
WARNING: program timed out.
FAIL: gcc.dg/torture/fp-int-convert-double.c -O3 -g (test for excess errors)
FAIL: gcc.dg/torture/fp-int-convert-double.c -O3 -g execution test
WARNING: program timed out.
FAIL: gcc.dg/torture/fp-int-convert-long-double.c -O3 -g (test for excess errors)
FAIL: gcc.dg/torture/fp-int-convert-long-double.c -O3 -g execution test
FAIL: gcc.dg/tree-prof/indir-call-prof.c compilation, -fprofile-generate -D_PROFILE_GENERATE
UNRESOLVED: gcc.dg/tree-prof/indir-call-prof.c execution, -fprofile-generate -D_PROFILE_GENERATE
UNRESOLVED: gcc.dg/tree-prof/indir-call-prof.c compilation, -fprofile-use -D_PROFILE_USE
UNRESOLVED: gcc.dg/tree-prof/indir-call-prof.c execution, -fprofile-use -D_PROFILE_USE
FAIL: gcc.dg/tree-prof/inliner-1.c compilation, -fprofile-generate -D_PROFILE_GENERATE
UNRESOLVED: gcc.dg/tree-prof/inliner-1.c execution, -fprofile-generate -D_PROFILE_GENERATE
UNRESOLVED: gcc.dg/tree-prof/inliner-1.c compilation, -fprofile-use -D_PROFILE_USE
UNRESOLVED: gcc.dg/tree-prof/inliner-1.c execution, -fprofile-use -D_PROFILE_USE
FAIL: gcc.dg/tree-prof/stringop-1.c compilation, -fprofile-generate -D_PROFILE_GENERATE
UNRESOLVED: gcc.dg/tree-prof/stringop-1.c execution, -fprofile-generate -D_PROFILE_GENERATE
UNRESOLVED: gcc.dg/tree-prof/stringop-1.c compilation, -fprofile-use -D_PROFILE_USE
UNRESOLVED: gcc.dg/tree-prof/stringop-1.c execution, -fprofile-use -D_PROFILE_USE
FAIL: gcc.dg/tree-prof/stringop-2.c compilation, -fprofile-generate -D_PROFILE_GENERATE
UNRESOLVED: gcc.dg/tree-prof/stringop-2.c execution, -fprofile-generate -D_PROFILE_GENERATE
UNRESOLVED: gcc.dg/tree-prof/stringop-2.c compilation, -fprofile-use -D_PROFILE_USE
UNRESOLVED: gcc.dg/tree-prof/stringop-2.c execution, -fprofile-use -D_PROFILE_USE
FAIL: gcc.dg/tree-prof/update-cunroll-2.c compilation, -fprofile-generate -D_PROFILE_GENERATE
UNRESOLVED: gcc.dg/tree-prof/update-cunroll-2.c execution, -fprofile-generate -D_PROFILE_GENERATE
UNRESOLVED: gcc.dg/tree-prof/update-cunroll-2.c compilation, -fprofile-use -D_PROFILE_USE
UNRESOLVED: gcc.dg/tree-prof/update-cunroll-2.c execution, -fprofile-use -D_PROFILE_USE
FAIL: gcc.dg/tree-prof/update-loopch.c compilation, -fprofile-generate -D_PROFILE_GENERATE
UNRESOLVED: gcc.dg/tree-prof/update-loopch.c execution, -fprofile-generate -D_PROFILE_GENERATE
UNRESOLVED: gcc.dg/tree-prof/update-loopch.c compilation, -fprofile-use -D_PROFILE_USE
UNRESOLVED: gcc.dg/tree-prof/update-loopch.c execution, -fprofile-use -D_PROFILE_USE
FAIL: gcc.dg/tree-prof/update-tailcall.c compilation, -fprofile-generate -D_PROFILE_GENERATE
UNRESOLVED: gcc.dg/tree-prof/update-tailcall.c execution, -fprofile-generate -D_PROFILE_GENERATE
UNRESOLVED: gcc.dg/tree-prof/update-tailcall.c compilation, -fprofile-use -D_PROFILE_USE
UNRESOLVED: gcc.dg/tree-prof/update-tailcall.c execution, -fprofile-use -D_PROFILE_USE
FAIL: gcc.dg/tree-prof/val-prof-1.c compilation, -fprofile-generate -D_PROFILE_GENERATE
UNRESOLVED: gcc.dg/tree-prof/val-prof-1.c execution, -fprofile-generate -D_PROFILE_GENERATE
UNRESOLVED: gcc.dg/tree-prof/val-prof-1.c compilation, -fprofile-use -D_PROFILE_USE
UNRESOLVED: gcc.dg/tree-prof/val-prof-1.c execution, -fprofile-use -D_PROFILE_USE
FAIL: gcc.dg/tree-prof/val-prof-2.c compilation, -fprofile-generate -D_PROFILE_GENERATE
UNRESOLVED: gcc.dg/tree-prof/val-prof-2.c execution, -fprofile-generate -D_PROFILE_GENERATE
UNRESOLVED: gcc.dg/tree-prof/val-prof-2.c compilation, -fprofile-use -D_PROFILE_USE
UNRESOLVED: gcc.dg/tree-prof/val-prof-2.c execution, -fprofile-use -D_PROFILE_USE
FAIL: gcc.dg/tree-prof/val-prof-3.c compilation, -fprofile-generate -D_PROFILE_GENERATE
UNRESOLVED: gcc.dg/tree-prof/val-prof-3.c execution, -fprofile-generate -D_PROFILE_GENERATE
UNRESOLVED: gcc.dg/tree-prof/val-prof-3.c compilation, -fprofile-use -D_PROFILE_USE
UNRESOLVED: gcc.dg/tree-prof/val-prof-3.c execution, -fprofile-use -D_PROFILE_USE
FAIL: gcc.dg/tree-prof/val-prof-4.c compilation, -fprofile-generate -D_PROFILE_GENERATE
UNRESOLVED: gcc.dg/tree-prof/val-prof-4.c execution, -fprofile-generate -D_PROFILE_GENERATE
UNRESOLVED: gcc.dg/tree-prof/val-prof-4.c compilation, -fprofile-use -D_PROFILE_USE
UNRESOLVED: gcc.dg/tree-prof/val-prof-4.c execution, -fprofile-use -D_PROFILE_USE
FAIL: gcc.dg/tree-prof/val-prof-5.c compilation, -fprofile-generate -D_PROFILE_GENERATE
UNRESOLVED: gcc.dg/tree-prof/val-prof-5.c execution, -fprofile-generate -D_PROFILE_GENERATE
UNRESOLVED: gcc.dg/tree-prof/val-prof-5.c compilation, -fprofile-use -D_PROFILE_USE
UNRESOLVED: gcc.dg/tree-prof/val-prof-5.c execution, -fprofile-use -D_PROFILE_USE
FAIL: gcc.dg/tree-prof/val-prof-6.c compilation, -fprofile-generate -D_PROFILE_GENERATE
UNRESOLVED: gcc.dg/tree-prof/val-prof-6.c execution, -fprofile-generate -D_PROFILE_GENERATE
UNRESOLVED: gcc.dg/tree-prof/val-prof-6.c compilation, -fprofile-use -D_PROFILE_USE
UNRESOLVED: gcc.dg/tree-prof/val-prof-6.c execution, -fprofile-use -D_PROFILE_USE
FAIL: gcc.dg/tree-prof/wcoverage-mismatch.c compilation, -fprofile-generate -D_PROFILE_GENERATE
UNRESOLVED: gcc.dg/tree-prof/wcoverage-mismatch.c execution, -fprofile-generate -D_PROFILE_GENERATE
UNRESOLVED: gcc.dg/tree-prof/wcoverage-mismatch.c compilation, -fprofile-use -D_PROFILE_USE
UNRESOLVED: gcc.dg/tree-prof/wcoverage-mismatch.c execution, -fprofile-use -D_PROFILE_USE
FAIL: gcc.dg/tree-ssa/gen-vect-25.c scan-tree-dump-times vectorized 2 loops 1
FAIL: gcc.dg/tree-ssa/ifc-20040816-2.c (test for excess errors)
FAIL: gcc.dg/tree-ssa/ifc-20040816-2.c scan-tree-dump-times Applying if-conversion 1
XPASS: gcc.dg/tree-ssa/update-threading.c scan-tree-dump-times Invalid sum 0
FAIL: gcc.misc-tests/bprob-1.c execution: file bprob-1.gcda does not exist, -fprofile-arcs
UNRESOLVED: gcc.misc-tests/bprob-1.c compilation, -fbranch-probabilities
UNRESOLVED: gcc.misc-tests/bprob-1.c execution, -fbranch-probabilities
FAIL: gcc.misc-tests/bprob-2.c execution: file bprob-2.gcda does not exist, -fprofile-arcs
UNRESOLVED: gcc.misc-tests/bprob-2.c compilation, -fbranch-probabilities
UNRESOLVED: gcc.misc-tests/bprob-2.c execution, -fbranch-probabilities
=== gcc Summary ===
# of expected passes 41764
# of unexpected failures 112
# of unexpected successes 1
# of expected failures 95
# of unresolved testcases 133
# of untested testcases 42
# of unsupported tests 558
/home/rask/cvsbuild/clean-gcc/gcc/xgcc version 4.3.0 20070829 (experimental) (GCC)
Compiler version: 4.3.0 20070829 (experimental) (GCC) gcc
Platform: ia16-unknown-elf
configure flags: --target=ia16-unknown-elf --enable-languages=c --with-newlib --disable-nls --prefix=/usr/local/gcc --enable-checking=yes,rtl