This is the mail archive of the
gcc-testresults@gcc.gnu.org
mailing list for the GCC project.
Results for 4.3.0 20070828 (experimental) (GCC) testsuite on x86_64-unknown-linux-gnu
- From: Rask Ingemann Lambertsen <rask at sygehus dot dk>
- To: gcc-testresults at gcc dot gnu dot org
- Date: Wed, 29 Aug 2007 19:17:06 +0200
- Subject: Results for 4.3.0 20070828 (experimental) (GCC) testsuite on x86_64-unknown-linux-gnu
URL: svn://gcc.gnu.org/svn/gcc/trunk
Revision: 127857
LAST_UPDATED:
Native configuration is x86_64-unknown-linux-gnu
=== gcc tests ===
Running target unix
FAIL: gcc.c-torture/execute/mayalias-2.c compilation, -O3 -g (internal compiler error)
UNRESOLVED: gcc.c-torture/execute/mayalias-2.c execution, -O3 -g
FAIL: gcc.c-torture/execute/mayalias-3.c compilation, -O3 -g (internal compiler error)
UNRESOLVED: gcc.c-torture/execute/mayalias-3.c execution, -O3 -g
FAIL: gcc.c-torture/execute/simd-1.c compilation, -O1 (internal compiler error)
UNRESOLVED: gcc.c-torture/execute/simd-1.c execution, -O1
FAIL: gcc.c-torture/execute/simd-1.c compilation, -O2 (internal compiler error)
UNRESOLVED: gcc.c-torture/execute/simd-1.c execution, -O2
FAIL: gcc.c-torture/execute/simd-1.c compilation, -O3 -fomit-frame-pointer (internal compiler error)
UNRESOLVED: gcc.c-torture/execute/simd-1.c execution, -O3 -fomit-frame-pointer
FAIL: gcc.c-torture/execute/simd-1.c compilation, -O3 -g (internal compiler error)
UNRESOLVED: gcc.c-torture/execute/simd-1.c execution, -O3 -g
FAIL: gcc.c-torture/execute/simd-1.c compilation, -Os (internal compiler error)
UNRESOLVED: gcc.c-torture/execute/simd-1.c execution, -Os
XPASS: gcc.dg/cpp/cmdlne-dI-M.c scan-file (^|\\\\n)cmdlne-dI-M.*:[^\\\\n]*cmdlne-dI-M.c
XPASS: gcc.dg/cpp/cmdlne-dM-M.c scan-file (^|\\\\n)cmdlne-dM-M[^\\\\n]*:[^\\\\n]*cmdlne-dM-M.c
FAIL: gcc.dg/cpp/direct2s.c (test for excess errors)
FAIL: gcc.dg/builtins-61.c scan-tree-dump return 0.0
FAIL: gcc.dg/torture/builtin-pow-mpfr-1.c -O0 scan-tree-dump pow
FAIL: gcc.dg/torture/builtin-pow-mpfr-1.c -O1 scan-tree-dump pow
FAIL: gcc.dg/torture/builtin-pow-mpfr-1.c -O2 scan-tree-dump pow
FAIL: gcc.dg/torture/builtin-pow-mpfr-1.c -O3 -fomit-frame-pointer scan-tree-dump pow
FAIL: gcc.dg/torture/builtin-pow-mpfr-1.c -O3 -g scan-tree-dump pow
FAIL: gcc.dg/torture/builtin-pow-mpfr-1.c -Os scan-tree-dump pow
XPASS: gcc.dg/tree-ssa/update-threading.c scan-tree-dump-times Invalid sum 0
FAIL: gcc.target/i386/pr32661.c (internal compiler error)
FAIL: gcc.target/i386/pr32661.c (test for excess errors)
ERROR: gcc.target/i386/pr32661.c: error executing dg-final: couldn't open "pr32661.s": no such file or directory
UNRESOLVED: gcc.target/i386/pr32661.c: error executing dg-final: couldn't open "pr32661.s": no such file or directory
FAIL: gcc.target/i386/sse-11.c (internal compiler error)
FAIL: gcc.target/i386/sse-11.c (test for excess errors)
UNRESOLVED: gcc.target/i386/sse-11.c compilation failed to produce executable
FAIL: gcc.target/i386/sse2-vec-3.c (internal compiler error)
FAIL: gcc.target/i386/sse2-vec-3.c (test for excess errors)
UNRESOLVED: gcc.target/i386/sse2-vec-3.c compilation failed to produce executable
=== gcc Summary ===
# of expected passes 46428
# of unexpected failures 21
# of unexpected successes 3
# of expected failures 165
# of unresolved testcases 10
# of untested testcases 35
# of unsupported tests 451
/home/rask/build/gcc-x86_64-unknown-linux-gnu/gcc/xgcc version 4.3.0 20070828 (experimental) (GCC)
=== gfortran tests ===
Running target unix
=== gfortran Summary ===
# of expected passes 20795
# of expected failures 8
# of unsupported tests 18
/home/rask/build/gcc-x86_64-unknown-linux-gnu/gcc/testsuite/gfortran/../../gfortran version 4.3.0 20070828 (experimental) (GCC)
=== g++ tests ===
Running target unix
XPASS: g++.dg/tree-ssa/copyprop-1.C scan-tree-dump-not .* = [^>;]*;
XPASS: g++.dg/tree-ssa/ivopts-1.C scan-tree-dump-not offset: -4B
XPASS: g++.dg/tree-ssa/ivopts-1.C scan-tree-dump-not &x\\[5\\]
=== g++ Summary ===
# of expected passes 16444
# of unexpected successes 3
# of expected failures 87
# of unsupported tests 116
/home/rask/build/gcc-x86_64-unknown-linux-gnu/gcc/testsuite/g++/../../g++ version 4.3.0 20070828 (experimental) (GCC)
=== objc tests ===
Running target unix
=== objc Summary ===
# of expected passes 1812
# of expected failures 7
# of unsupported tests 24
/home/rask/build/gcc-x86_64-unknown-linux-gnu/gcc/xgcc version 4.3.0 20070828 (experimental) (GCC)
=== libffi tests ===
Running target unix
=== libffi Summary ===
# of expected passes 1108
# of unsupported tests 8
=== libgomp tests ===
Running target unix
=== libgomp Summary ===
# of expected passes 1607
=== libjava tests ===
Running target unix
FAIL: N19990310_02 -O3 output - source compiled test
FAIL: N19990310_02 -O3 -findirect-dispatch output - source compiled test
=== libjava Summary ===
# of expected passes 2536
# of unexpected failures 2
=== libmudflap tests ===
Running target unix
FAIL: libmudflap.c++/pass41-frag.cxx execution test
FAIL: libmudflap.c++/pass41-frag.cxx (-static) execution test
FAIL: libmudflap.c++/pass41-frag.cxx ( -O) execution test
FAIL: libmudflap.c++/pass41-frag.cxx (-O2) execution test
FAIL: libmudflap.c++/pass41-frag.cxx (-O3) execution test
=== libmudflap Summary ===
# of expected passes 1821
# of unexpected failures 5
=== libstdc++ tests ===
Running target unix
FAIL: abi_check
XPASS: 26_numerics/headers/cmath/c99_classification_macros_c.cc (test for excess errors)
XPASS: 27_io/fpos/14320-1.cc execution test
=== libstdc++ Summary ===
# of expected passes 4520
# of unexpected failures 1
# of unexpected successes 2
# of expected failures 56
# of unsupported tests 316
Compiler version: 4.3.0 20070828 (experimental) (GCC)
Platform: x86_64-unknown-linux-gnu
configure flags: --enable-checking=yes,rtl