This is the mail archive of the
gcc-testresults@gcc.gnu.org
mailing list for the GCC project.
Results for 4.3.0 20070829 (experimental) [trunk revision 127876] (GCC) testsuite on powerpc64-unknown-linux-gnu
- From: Janis Johnson <janis187 at us dot ibm dot com>
- To: gcc-testresults at gcc dot gnu dot org
- Date: Wed, 29 Aug 2007 00:08:06 -0700
- Subject: Results for 4.3.0 20070829 (experimental) [trunk revision 127876] (GCC) testsuite on powerpc64-unknown-linux-gnu
Linux 2.6.5-7.252-pseries64 ppc64
GNU C Library stable release version 2.3.5 (20050720)
GNU ld version 2.17
GNU assembler 2.17
GNU Make 3.80
DejaGnu:
Expect version is 5.43.0
Tcl version is 8.4
Framework version is 1.4.4
32-bit biarch default32
SVN branch: trunk
This hardware has VMX instructions.
LAST_UPDATED: Wed Aug 29 01:16:04 UTC 2007 (revision 127876)
Native configuration is powerpc64-unknown-linux-gnu
=== gcc tests ===
Running target unix/-m32
FAIL: gcc.c-torture/execute/mayalias-2.c compilation, -O3 -g (internal compiler error)
UNRESOLVED: gcc.c-torture/execute/mayalias-2.c execution, -O3 -g
FAIL: gcc.c-torture/execute/mayalias-3.c compilation, -O3 -g (internal compiler error)
UNRESOLVED: gcc.c-torture/execute/mayalias-3.c execution, -O3 -g
FAIL: gcc.dg/dfp/fe-convert-2.c execution test
FAIL: gcc.dg/builtins-61.c scan-tree-dump return 0.0
FAIL: gcc.dg/memcpy-1.c scan-tree-dump-times nasty_local 0
FAIL: gcc.dg/pr32912-3.c (test for excess errors)
XPASS: gcc.dg/tree-ssa/update-threading.c scan-tree-dump-times Invalid sum 0
FAIL: gcc.dg/vmx/ops.c -O2 (internal compiler error)
FAIL: gcc.dg/vmx/ops.c -O2 (test for excess errors)
FAIL: gcc.dg/vmx/ops.c -O3 -fomit-frame-pointer (internal compiler error)
FAIL: gcc.dg/vmx/ops.c -O3 -fomit-frame-pointer (test for excess errors)
FAIL: gcc.dg/vmx/ops.c -O3 -g (internal compiler error)
FAIL: gcc.dg/vmx/ops.c -O3 -g (test for excess errors)
FAIL: gcc.dg/vmx/ops.c -Os (internal compiler error)
FAIL: gcc.dg/vmx/ops.c -Os (test for excess errors)
=== gcc Summary for unix/-m32 ===
# of expected passes 48088
# of unexpected failures 14
# of unexpected successes 1
# of expected failures 171
# of unresolved testcases 2
# of untested testcases 35
# of unsupported tests 350
Running target unix/-m64
FAIL: gcc.c-torture/execute/mayalias-2.c compilation, -O3 -g (internal compiler error)
UNRESOLVED: gcc.c-torture/execute/mayalias-2.c execution, -O3 -g
FAIL: gcc.c-torture/execute/mayalias-3.c compilation, -O3 -g (internal compiler error)
UNRESOLVED: gcc.c-torture/execute/mayalias-3.c execution, -O3 -g
FAIL: gcc.dg/dfp/fe-convert-2.c execution test
FAIL: gcc.dg/builtins-61.c scan-tree-dump return 0.0
XPASS: gcc.dg/tree-ssa/sra-2.c scan-tree-dump-times link_error 0
XPASS: gcc.dg/tree-ssa/update-threading.c scan-tree-dump-times Invalid sum 0
FAIL: gcc.target/powerpc/ppc-negeq0-1.c scan-assembler-not cntlzw
=== gcc Summary for unix/-m64 ===
# of expected passes 47931
# of unexpected failures 5
# of unexpected successes 2
# of expected failures 171
# of unresolved testcases 2
# of untested testcases 35
# of unsupported tests 421
=== gcc Summary ===
# of expected passes 96019
# of unexpected failures 19
# of unexpected successes 3
# of expected failures 342
# of unresolved testcases 4
# of untested testcases 70
# of unsupported tests 771
/extra_space/gccbuild/build/nightly/build-gcc-trunk/gcc/xgcc version 4.3.0 20070829 (experimental) [trunk revision 127876] (GCC)
=== libgomp tests ===
Running target unix/-m32
=== libgomp Summary for unix/-m32 ===
# of expected passes 159
Running target unix/-m64
WARNING: program timed out.
FAIL: libgomp.c/loop-1.c execution test
WARNING: program timed out.
FAIL: libgomp.c/loop-2.c execution test
WARNING: program timed out.
FAIL: libgomp.c/nestedfn-5.c execution test
WARNING: program timed out.
FAIL: libgomp.c/ordered-1.c execution test
WARNING: program timed out.
FAIL: libgomp.c/ordered-2.c execution test
WARNING: program timed out.
FAIL: libgomp.c/pr29947-1.c execution test
WARNING: program timed out.
FAIL: libgomp.c/pr29947-2.c execution test
WARNING: program timed out.
FAIL: libgomp.c/sections-1.c execution test
=== libgomp Summary for unix/-m64 ===
# of expected passes 151
# of unexpected failures 8
=== libgomp Summary ===
# of expected passes 310
# of unexpected failures 8
=== libmudflap tests ===
Running target unix/-m32
=== libmudflap Summary for unix/-m32 ===
# of expected passes 1692
# of unsupported tests 2
Running target unix/-m64
FAIL: libmudflap.c/fail27-frag.c output pattern test
FAIL: libmudflap.c/fail27-frag.c (-O2) output pattern test
FAIL: libmudflap.c/fail27-frag.c (-O3) output pattern test
=== libmudflap Summary for unix/-m64 ===
# of expected passes 1689
# of unexpected failures 3
# of unsupported tests 2
=== libmudflap Summary ===
# of expected passes 3381
# of unexpected failures 3
# of unsupported tests 4
Compiler version: 4.3.0 20070829 (experimental) [trunk revision 127876] (GCC)
Platform: powerpc64-unknown-linux-gnu
configure flags: --prefix=/opt/gcc-nightly/trunk-20070829 --build=powerpc64-linux --host=powerpc64-linux --target=powerpc64-linux --with-cpu=default32 --with-as=/opt/gcc-nightly/binutils-2.17/bin/as --with-ld=/opt/gcc-nightly/binutils-2.17/bin/ld --enable-threads=posix --enable-shared --enable-__cxa_atexit --enable-languages=c --enable-checking --disable-alsa --with-gmp=/opt/gcc-nightly/gmp-mpfr --with-mpfr=/opt/gcc-nightly/gmp-mpfr --enable-decimal-float
=== Test Framework Summary ===
# of expected passes 2510