This is the mail archive of the
gcc-testresults@gcc.gnu.org
mailing list for the GCC project.
Results for 4.2.2 20070828 (prerelease) testsuite on arm-none-linux-gnueabi
- From: CodeSourcery Automatic Testing System <gcc at codesourcery dot com>
- To: gcc-testresults at gcc dot gnu dot org
- Date: Tue, 28 Aug 2007 12:26:31 -0700
- Subject: Results for 4.2.2 20070828 (prerelease) testsuite on arm-none-linux-gnueabi
LAST_UPDATED: Tue Aug 28 10:26:07 UTC 2007 (/branches/gcc-4_2-branch revision 127848)
Target is arm-none-linux-gnueabi
Host is i686-pc-linux-gnu
=== g++ tests ===
Running target qemu-system
FAIL: g++.dg/abi/local1.C execution test
XPASS: g++.dg/other/packed1.C execution test
FAIL: g++.dg/gomp/pr27325.C (internal compiler error)
FAIL: g++.dg/gomp/pr27325.C (test for excess errors)
FAIL: g++.dg/gomp/pr27337-2.C (internal compiler error)
FAIL: g++.dg/gomp/pr27337-2.C (test for excess errors)
=== g++ Summary ===
# of expected passes 13380
# of unexpected failures 5
# of unexpected successes 1
# of expected failures 66
# of unsupported tests 133
/scratch/gcc/nightly-2007-08-28-4.2/arm-none-linux-gnueabi/build_gcc/build/test-4.2-0-arm-none-linux-gnueabi/host-i686-pc-linux-gnu/fsf-4.2/bin/arm-none-linux-gnueabi-g++ version 4.2.2 20070828 (prerelease)
Host is i686-pc-linux-gnu
=== gcc tests ===
Running target qemu-system
UNRESOLVED: gcc.c-torture/execute/mayalias-2.c execution, -O3 -g
=== gcc Summary ===
# of expected passes 40773
# of expected failures 84
# of unresolved testcases 1
# of untested testcases 28
# of unsupported tests 393
/scratch/gcc/nightly-2007-08-28-4.2/arm-none-linux-gnueabi/build_gcc/build/test-4.2-0-arm-none-linux-gnueabi/host-i686-pc-linux-gnu/fsf-4.2/bin/arm-none-linux-gnueabi-gcc version 4.2.2 20070828 (prerelease)
Host is i686-pc-linux-gnu
=== libstdc++ tests ===
Running target qemu-system
FAIL: abi/header_cxxabi.c (test for excess errors)
=== libstdc++ Summary ===
# of expected passes 3837
# of unexpected failures 1
# of expected failures 16
# of unsupported tests 318
Host is i686-pc-linux-gnu
=== g++ tests ===
Running target qemu-system/-mthumb
FAIL: g++.dg/abi/local1.C execution test
XPASS: g++.dg/other/packed1.C execution test
FAIL: g++.dg/gomp/pr27325.C (internal compiler error)
FAIL: g++.dg/gomp/pr27325.C (test for excess errors)
FAIL: g++.dg/gomp/pr27337-2.C (internal compiler error)
FAIL: g++.dg/gomp/pr27337-2.C (test for excess errors)
=== g++ Summary ===
# of expected passes 13378
# of unexpected failures 5
# of unexpected successes 1
# of expected failures 66
# of unsupported tests 134
/scratch/gcc/nightly-2007-08-28-4.2/arm-none-linux-gnueabi/build_gcc/build/test-4.2-0-arm-none-linux-gnueabi/host-i686-pc-linux-gnu/fsf-4.2/bin/arm-none-linux-gnueabi-g++ version 4.2.2 20070828 (prerelease)
Host is i686-pc-linux-gnu
=== gcc tests ===
Running target qemu-system/-mthumb
XPASS: gcc.c-torture/execute/941014-1.c execution, -O0
UNRESOLVED: gcc.c-torture/execute/mayalias-2.c execution, -O3 -g
FAIL: gcc.dg/nested-func-4.c (test for excess errors)
UNRESOLVED: gcc.dg/nested-func-4.c compilation failed to produce executable
FAIL: gcc.dg/sibcall-3.c execution test
FAIL: gcc.dg/sibcall-4.c execution test
XPASS: gcc.dg/tree-ssa/20040204-1.c scan-tree-dump-times link_error 0
=== gcc Summary ===
# of expected passes 40709
# of unexpected failures 3
# of unexpected successes 2
# of expected failures 83
# of unresolved testcases 2
# of untested testcases 28
# of unsupported tests 403
/scratch/gcc/nightly-2007-08-28-4.2/arm-none-linux-gnueabi/build_gcc/build/test-4.2-0-arm-none-linux-gnueabi/host-i686-pc-linux-gnu/fsf-4.2/bin/arm-none-linux-gnueabi-gcc version 4.2.2 20070828 (prerelease)
Host is i686-pc-linux-gnu
=== libstdc++ tests ===
Running target qemu-system/-mthumb
FAIL: abi/header_cxxabi.c (test for excess errors)
WARNING: program timed out.
FAIL: thread/pthread7-rope.cc execution test
=== libstdc++ Summary ===
# of expected passes 3836
# of unexpected failures 2
# of expected failures 16
# of unsupported tests 318
Compiler version: 4.2.2 20070828 (prerelease)
Platform: arm-none-linux-gnueabi
configure flags: --build=i686-pc-linux-gnu --host=i686-pc-linux-gnu --target=arm-none-linux-gnueabi --enable-threads --disable-libmudflap --disable-libssp --disable-libgomp --disable-libstdcxx-pch --with-gnu-as --with-gnu-ld --enable-languages=c,c++ --enable-shared --enable-symvers=gnu --enable-__cxa_atexit --disable-nls --prefix=/opt/codesourcery --with-sysroot=/opt/codesourcery/arm-none-linux-gnueabi/libc --with-build-sysroot=/scratch/gcc/nightly-2007-08-28-4.2/arm-none-linux-gnueabi/build_gcc/install/arm-none-linux-gnueabi/libc --enable-poison-system-directories --with-build-time-tools=/scratch/gcc/nightly-2007-08-28-4.2/arm-none-linux-gnueabi/build_gcc/install/arm-none-linux-gnueabi/bin --with-build-time-tools=/scratch/gcc/nightly-2007-08-28-4.2/arm-none-linux-gnueabi/build_gcc/install/arm-none-linux-gnueabi/bin