This is the mail archive of the
gcc-testresults@gcc.gnu.org
mailing list for the GCC project.
Results for 4.3.0 20070828 (experimental) [trunk revision 127848] (GCC) testsuite on i686-pc-linux-gnu
- From: Weidong Cui <mason dot cui at gmail dot com>
- To: gcc-testresults at gcc dot gnu dot org
- Date: Tue, 28 Aug 2007 05:12:10 -0700 (PDT)
- Subject: Results for 4.3.0 20070828 (experimental) [trunk revision 127848] (GCC) testsuite on i686-pc-linux-gnu
LAST_UPDATED: Tue Aug 28 08:37:09 UTC 2007 (revision 127848)
Native configuration is i686-pc-linux-gnu
=== gcc tests ===
Running target unix
FAIL: gcc.c-torture/execute/mayalias-2.c compilation, -O3 -g (internal compiler error)
UNRESOLVED: gcc.c-torture/execute/mayalias-2.c execution, -O3 -g
FAIL: gcc.c-torture/execute/mayalias-3.c compilation, -O3 -g (internal compiler error)
UNRESOLVED: gcc.c-torture/execute/mayalias-3.c execution, -O3 -g
FAIL: gcc.dg/builtins-61.c scan-tree-dump return 0.0
XPASS: gcc.dg/tree-ssa/update-threading.c scan-tree-dump-times Invalid sum 0
=== gcc Summary ===
# of expected passes 46609
# of unexpected failures 3
# of unexpected successes 1
# of expected failures 168
# of unresolved testcases 2
# of untested testcases 35
# of unsupported tests 326
/home/cuiwd/gcc4/build/gcc/xgcc version 4.3.0 20070828 (experimental) [trunk revision 127848] (GCC)
=== gfortran tests ===
Running target unix
FAIL: gfortran.dg/fmt_p_1.f90 -O0 execution test
FAIL: gfortran.dg/fmt_p_1.f90 -O1 execution test
FAIL: gfortran.dg/fmt_p_1.f90 -O2 execution test
FAIL: gfortran.dg/fmt_p_1.f90 -O3 -fomit-frame-pointer execution test
FAIL: gfortran.dg/fmt_p_1.f90 -O3 -fomit-frame-pointer -funroll-loops execution test
FAIL: gfortran.dg/fmt_p_1.f90 -O3 -fomit-frame-pointer -funroll-all-loops -finline-functions execution test
FAIL: gfortran.dg/fmt_p_1.f90 -O3 -g execution test
FAIL: gfortran.dg/fmt_p_1.f90 -Os execution test
FAIL: gfortran.dg/large_real_kind_form_io_1.f90 -O0 execution test
FAIL: gfortran.dg/large_real_kind_form_io_1.f90 -O1 execution test
FAIL: gfortran.dg/large_real_kind_form_io_1.f90 -O2 execution test
FAIL: gfortran.dg/large_real_kind_form_io_1.f90 -O3 -fomit-frame-pointer execution test
FAIL: gfortran.dg/large_real_kind_form_io_1.f90 -O3 -fomit-frame-pointer -funroll-loops execution test
FAIL: gfortran.dg/large_real_kind_form_io_1.f90 -O3 -fomit-frame-pointer -funroll-all-loops -finline-functions execution test
FAIL: gfortran.dg/large_real_kind_form_io_1.f90 -O3 -g execution test
FAIL: gfortran.dg/large_real_kind_form_io_1.f90 -Os execution test
FAIL: gfortran.dg/large_real_kind_form_io_2.f90 -O0 execution test
FAIL: gfortran.dg/large_real_kind_form_io_2.f90 -O1 execution test
FAIL: gfortran.dg/large_real_kind_form_io_2.f90 -O2 execution test
FAIL: gfortran.dg/large_real_kind_form_io_2.f90 -O3 -fomit-frame-pointer execution test
FAIL: gfortran.dg/large_real_kind_form_io_2.f90 -O3 -fomit-frame-pointer -funroll-loops execution test
FAIL: gfortran.dg/large_real_kind_form_io_2.f90 -O3 -fomit-frame-pointer -funroll-all-loops -finline-functions execution test
FAIL: gfortran.dg/large_real_kind_form_io_2.f90 -O3 -g execution test
FAIL: gfortran.dg/large_real_kind_form_io_2.f90 -Os execution test
FAIL: gfortran.dg/output_exponents_1.f90 -O0 execution test
FAIL: gfortran.dg/output_exponents_1.f90 -O1 execution test
FAIL: gfortran.dg/output_exponents_1.f90 -O2 execution test
FAIL: gfortran.dg/output_exponents_1.f90 -O3 -fomit-frame-pointer execution test
FAIL: gfortran.dg/output_exponents_1.f90 -O3 -fomit-frame-pointer -funroll-loops execution test
FAIL: gfortran.dg/output_exponents_1.f90 -O3 -fomit-frame-pointer -funroll-all-loops -finline-functions execution test
FAIL: gfortran.dg/output_exponents_1.f90 -O3 -g execution test
FAIL: gfortran.dg/output_exponents_1.f90 -Os execution test
=== gfortran Summary ===
# of expected passes 20765
# of unexpected failures 32
# of expected failures 8
# of unsupported tests 16
/home/cuiwd/gcc4/build/gcc/testsuite/gfortran/../../gfortran version 4.3.0 20070828 (experimental) [trunk revision 127848] (GCC)
=== g++ tests ===
Running target unix
XPASS: g++.dg/tree-ssa/copyprop-1.C scan-tree-dump-not .* = [^>;]*;
XPASS: g++.dg/tree-ssa/ivopts-1.C scan-tree-dump-not offset: -4B
XPASS: g++.dg/tree-ssa/ivopts-1.C scan-tree-dump-not &x\\[5\\]
=== g++ Summary ===
# of expected passes 16472
# of unexpected successes 3
# of expected failures 87
# of unsupported tests 85
/home/cuiwd/gcc4/build/gcc/testsuite/g++/../../g++ version 4.3.0 20070828 (experimental) [trunk revision 127848] (GCC)
=== objc tests ===
Running target unix
=== objc Summary ===
# of expected passes 1812
# of expected failures 7
# of unsupported tests 24
/home/cuiwd/gcc4/build/gcc/xgcc version 4.3.0 20070828 (experimental) [trunk revision 127848] (GCC)
=== libffi tests ===
Running target unix
=== libffi Summary ===
# of expected passes 1108
# of unsupported tests 8
=== libgomp tests ===
Running target unix
FAIL: libgomp.c++/master-1.C -O3 -fomit-frame-pointer -funroll-loops execution test
=== libgomp Summary ===
# of expected passes 1606
# of unexpected failures 1
=== libjava tests ===
Running target unix
FAIL: N19990310_02 -O3 output - source compiled test
FAIL: N19990310_02 -O3 -findirect-dispatch output - source compiled test
=== libjava Summary ===
# of expected passes 2536
# of unexpected failures 2
=== libmudflap tests ===
Running target unix
FAIL: libmudflap.c++/pass41-frag.cxx execution test
FAIL: libmudflap.c++/pass41-frag.cxx (-static) execution test
FAIL: libmudflap.c++/pass41-frag.cxx ( -O) execution test
FAIL: libmudflap.c++/pass41-frag.cxx (-O2) execution test
FAIL: libmudflap.c++/pass41-frag.cxx (-O3) execution test
=== libmudflap Summary ===
# of expected passes 1821
# of unexpected failures 5
=== libstdc++ tests ===
Running target unix
XPASS: 26_numerics/headers/cmath/c99_classification_macros_c.cc (test for excess errors)
=== libstdc++ Summary ===
# of expected passes 4519
# of unexpected successes 1
# of expected failures 57
# of unsupported tests 316
Compiler version: 4.3.0 20070828 (experimental) [trunk revision 127848] (GCC)
Platform: i686-pc-linux-gnu
configure flags: --prefix=/home/cuiwd/gcc4/ins --with-gnu-as --with-as=/home/cuiwd/binutils217/bin/as --with-gnu-ld --with-ld=/home/cuiwd/binutils217/bin/ld --with-mpfr=/home/cuiwd/mpfr --with-gmp=/home/cuiwd/gmp --enable-clocale=gnu --with-system-zlib --enable-shared --enable-threads=posix --enable-decimal-float=bid --with-demangler-in-ld --enable-haifa --enable-checking=assert