This is the mail archive of the
gcc-testresults@gcc.gnu.org
mailing list for the GCC project.
Results for 4.3.0 20070827 (experimental) [trunk revision 127823] (GCC) testsuite on sh4-unknown-linux-gnu
- From: Kaz Kojima <kkojima at rr dot iij4u dot or dot jp>
- To: gcc-testresults at gcc dot gnu dot org
- Date: Mon, 27 Aug 2007 23:08:17 +0900
- Subject: Results for 4.3.0 20070827 (experimental) [trunk revision 127823] (GCC) testsuite on sh4-unknown-linux-gnu
Remote host: linux 2.6.16 sh4
GNU C Library version 2.3.5
LAST_UPDATED: Mon Aug 27 02:02:03 UTC 2007 (revision 127823)
Target is sh4-unknown-linux-gnu
Host is i686-pc-linux-gnu
=== g++ tests ===
Running target unix
WARNING: Assuming target board is the local machine (which is probably wrong).
XPASS: g++.dg/tree-ssa/copyprop-1.C scan-tree-dump-not .* = [^>;]*;
=== g++ Summary ===
# of expected passes 16294
# of unexpected successes 1
# of expected failures 87
# of unsupported tests 138
/exp/ldroot/dodes/xsh-gcc-orig/gcc/testsuite/g++/../../g++ version 4.3.0 20070827 (experimental) [trunk revision 127823] (GCC)
Host is i686-pc-linux-gnu
=== gcc tests ===
Running target unix
WARNING: Assuming target board is the local machine (which is probably wrong).
FAIL: gcc.c-torture/execute/builtin-prefetch-6.c execution, -O0
FAIL: gcc.c-torture/execute/builtin-prefetch-6.c execution, -O1
FAIL: gcc.c-torture/execute/builtin-prefetch-6.c execution, -O2
FAIL: gcc.c-torture/execute/builtin-prefetch-6.c execution, -O3 -fomit-frame-pointer
FAIL: gcc.c-torture/execute/builtin-prefetch-6.c execution, -O3 -fomit-frame-pointer -funroll-loops
FAIL: gcc.c-torture/execute/builtin-prefetch-6.c execution, -O3 -fomit-frame-pointer -funroll-all-loops -finline-functions
FAIL: gcc.c-torture/execute/builtin-prefetch-6.c execution, -O3 -g
FAIL: gcc.c-torture/execute/builtin-prefetch-6.c execution, -Os
FAIL: gcc.c-torture/execute/mayalias-2.c compilation, -O3 -g (internal compiler error)
UNRESOLVED: gcc.c-torture/execute/mayalias-2.c execution, -O3 -g
FAIL: gcc.c-torture/execute/mayalias-3.c compilation, -O3 -g (internal compiler error)
UNRESOLVED: gcc.c-torture/execute/mayalias-3.c execution, -O3 -g
FAIL: gcc.dg/cpp/direct2s.c (test for excess errors)
FAIL: gcc.dg/builtins-61.c scan-tree-dump return 0.0
FAIL: gcc.dg/memcpy-1.c scan-tree-dump-times nasty_local 0
XPASS: gcc.dg/tree-ssa/update-threading.c scan-tree-dump-times Invalid sum 0
=== gcc Summary ===
# of expected passes 43800
# of unexpected failures 13
# of unexpected successes 1
# of expected failures 99
# of unresolved testcases 2
# of untested testcases 35
# of unsupported tests 361
/exp/ldroot/dodes/xsh-gcc-orig/gcc/xgcc version 4.3.0 20070827 (experimental) [trunk revision 127823] (GCC)
Host is i686-pc-linux-gnu
=== gfortran tests ===
Running target unix
WARNING: Assuming target board is the local machine (which is probably wrong).
FAIL: gfortran.dg/common_5.f -O (test for warnings, line 6)
FAIL: gfortran.dg/csqrt_2.f -O0 execution test
FAIL: gfortran.dg/csqrt_2.f -O1 execution test
FAIL: gfortran.dg/csqrt_2.f -O2 execution test
FAIL: gfortran.dg/csqrt_2.f -O3 -fomit-frame-pointer execution test
FAIL: gfortran.dg/csqrt_2.f -O3 -fomit-frame-pointer -funroll-loops execution test
FAIL: gfortran.dg/csqrt_2.f -O3 -fomit-frame-pointer -funroll-all-loops -finline-functions execution test
FAIL: gfortran.dg/csqrt_2.f -O3 -g execution test
FAIL: gfortran.dg/csqrt_2.f -Os execution test
FAIL: gfortran.dg/gamma_1.f90 -O0 (test for excess errors)
WARNING: gfortran.dg/gamma_1.f90 -O0 compilation failed to produce executable
FAIL: gfortran.dg/gamma_1.f90 -O1 (test for excess errors)
WARNING: gfortran.dg/gamma_1.f90 -O1 compilation failed to produce executable
FAIL: gfortran.dg/gamma_1.f90 -O2 (test for excess errors)
WARNING: gfortran.dg/gamma_1.f90 -O2 compilation failed to produce executable
FAIL: gfortran.dg/gamma_1.f90 -O3 -fomit-frame-pointer (test for excess errors)
WARNING: gfortran.dg/gamma_1.f90 -O3 -fomit-frame-pointer compilation failed to produce executable
FAIL: gfortran.dg/gamma_1.f90 -O3 -fomit-frame-pointer -funroll-loops (test for excess errors)
WARNING: gfortran.dg/gamma_1.f90 -O3 -fomit-frame-pointer -funroll-loops compilation failed to produce executable
FAIL: gfortran.dg/gamma_1.f90 -O3 -fomit-frame-pointer -funroll-all-loops -finline-functions (test for excess errors)
WARNING: gfortran.dg/gamma_1.f90 -O3 -fomit-frame-pointer -funroll-all-loops -finline-functions compilation failed to produce executable
FAIL: gfortran.dg/gamma_1.f90 -O3 -g (test for excess errors)
WARNING: gfortran.dg/gamma_1.f90 -O3 -g compilation failed to produce executable
FAIL: gfortran.dg/gamma_1.f90 -Os (test for excess errors)
WARNING: gfortran.dg/gamma_1.f90 -Os compilation failed to produce executable
FAIL: gfortran.dg/gamma_2.f90 -O (test for excess errors)
FAIL: gfortran.dg/isnan_1.f90 -O0 execution test
FAIL: gfortran.dg/isnan_1.f90 -O1 execution test
FAIL: gfortran.dg/isnan_1.f90 -O2 execution test
FAIL: gfortran.dg/isnan_1.f90 -O3 -fomit-frame-pointer execution test
FAIL: gfortran.dg/isnan_1.f90 -O3 -fomit-frame-pointer -funroll-loops execution test
FAIL: gfortran.dg/isnan_1.f90 -O3 -fomit-frame-pointer -funroll-all-loops -finline-functions execution test
FAIL: gfortran.dg/isnan_1.f90 -O3 -g execution test
FAIL: gfortran.dg/isnan_1.f90 -Os execution test
FAIL: gfortran.dg/nan_1.f90 -O0 execution test
FAIL: gfortran.dg/nan_1.f90 -O1 execution test
FAIL: gfortran.dg/nan_1.f90 -O2 execution test
FAIL: gfortran.dg/nan_1.f90 -O3 -fomit-frame-pointer execution test
FAIL: gfortran.dg/nan_1.f90 -O3 -fomit-frame-pointer -funroll-loops execution test
FAIL: gfortran.dg/nan_1.f90 -O3 -fomit-frame-pointer -funroll-all-loops -finline-functions execution test
FAIL: gfortran.dg/nan_1.f90 -O3 -g execution test
FAIL: gfortran.dg/nan_1.f90 -Os execution test
FAIL: gfortran.dg/nearest_1.f90 -O0 execution test
FAIL: gfortran.dg/nearest_1.f90 -O1 execution test
FAIL: gfortran.dg/nearest_1.f90 -O2 execution test
FAIL: gfortran.dg/nearest_1.f90 -O3 -fomit-frame-pointer execution test
FAIL: gfortran.dg/nearest_1.f90 -O3 -fomit-frame-pointer -funroll-loops execution test
FAIL: gfortran.dg/nearest_1.f90 -O3 -fomit-frame-pointer -funroll-all-loops -finline-functions execution test
FAIL: gfortran.dg/nearest_1.f90 -O3 -g execution test
FAIL: gfortran.dg/nearest_1.f90 -Os execution test
FAIL: gfortran.fortran-torture/execute/forall_3.f90 execution, -O3 -fomit-frame-pointer -funroll-loops
FAIL: gfortran.fortran-torture/execute/forall_3.f90 execution, -O3 -fomit-frame-pointer -funroll-all-loops -finline-functions
=== gfortran Summary ===
# of expected passes 20548
# of unexpected failures 44
# of expected failures 8
# of unsupported tests 100
/exp/ldroot/dodes/xsh-gcc-orig/gcc/testsuite/gfortran/../../gfortran version 4.3.0 20070827 (experimental) [trunk revision 127823] (GCC)
Host is i686-pc-linux-gnu
=== objc tests ===
Running target unix
WARNING: Assuming target board is the local machine (which is probably wrong).
=== objc Summary ===
# of expected passes 1812
# of expected failures 7
# of unsupported tests 24
/exp/ldroot/dodes/xsh-gcc-orig/gcc/xgcc version 4.3.0 20070827 (experimental) [trunk revision 127823] (GCC)
Host is sh4-unknown-linux-gnu
=== libffi tests ===
Running target unix
WARNING: Assuming target board is the local machine (which is probably wrong).
=== libffi Summary ===
# of expected passes 1108
# of unsupported tests 8
Host is sh4-unknown-linux-gnu
=== libgomp tests ===
Running target unix
WARNING: Assuming target board is the local machine (which is probably wrong).
=== libgomp Summary ===
# of expected passes 1593
# of unsupported tests 7
Host is sh4-unknown-linux-gnu
=== libjava tests ===
Running target unix
WARNING: Assuming target board is the local machine (which is probably wrong).
FAIL: ExtraClassLoader -findirect-dispatch execution - source compiled test
FAIL: N19990310_02 -O3 output - source compiled test
FAIL: N19990310_02 -O3 -findirect-dispatch output - source compiled test
FAIL: PR26858 -O3 execution - source compiled test
FAIL: StackTrace2 -findirect-dispatch execution - source compiled test
FAIL: StackTrace2 -O3 execution - source compiled test
FAIL: Throw_3 -findirect-dispatch execution - source compiled test
FAIL: Throw_3 -O3 execution - source compiled test
FAIL: stacktrace -O3 -findirect-dispatch execution - source compiled test
=== libjava Summary ===
# of expected passes 2353
# of unexpected failures 9
# of untested testcases 11
Host is sh4-unknown-linux-gnu
=== libmudflap tests ===
Running target unix
WARNING: Assuming target board is the local machine (which is probably wrong).
FAIL: libmudflap.c/fail8-frag.c output pattern test
FAIL: libmudflap.c/fail8-frag.c (-O2) output pattern test
FAIL: libmudflap.c++/pass41-frag.cxx execution test
FAIL: libmudflap.c++/pass41-frag.cxx (-static) execution test
FAIL: libmudflap.c++/pass41-frag.cxx ( -O) execution test
FAIL: libmudflap.c++/pass41-frag.cxx (-O2) execution test
FAIL: libmudflap.c++/pass41-frag.cxx (-O3) execution test
=== libmudflap Summary ===
# of expected passes 1819
# of unexpected failures 7
Host is sh4-unknown-linux-gnu
=== libstdc++ tests ===
Running target unix
WARNING: Assuming target board is the local machine (which is probably wrong).
XPASS: 26_numerics/headers/cmath/c99_classification_macros_c.cc (test for excess errors)
WARNING: program timed out.
FAIL: ext/pb_ds/regression/tree_no_data_map_rand.cc (test for excess errors)
WARNING: ext/pb_ds/regression/tree_no_data_map_rand.cc compilation failed to produce executable
=== libstdc++ Summary ===
# of expected passes 4512
# of unexpected failures 1
# of unexpected successes 1
# of expected failures 57
# of unsupported tests 318
Compiler version: 4.3.0 20070827 (experimental) [trunk revision 127823] (GCC)
Platform: sh4-unknown-linux-gnu
configure flags: --host=i686-pc-linux-gnu --target=sh4-unknown-linux-gnu --enable-shared --enable-threads=posix --enable-clocale=gnu --enable-libgcj --with-ld=/usr/local/bin/sh4-unknown-linux-gnu-ld --with-as=/usr/local/bin/sh4-unknown-linux-gnu-as --with-sysroot=/exp/ldroot --enable-languages=c,c++,fortran,java,objc