This is the mail archive of the
gcc-testresults@gcc.gnu.org
mailing list for the GCC project.
Results for 4.2.2 20070823 (prerelease) testsuite on x86_64-unknown-netbsdelf4.0
- From: Krister Walfridsson <cato at df dot lth dot se>
- To: gcc-testresults at gcc dot gnu dot org
- Date: Fri, 24 Aug 2007 00:14:33 +0200 (CEST)
- Subject: Results for 4.2.2 20070823 (prerelease) testsuite on x86_64-unknown-netbsdelf4.0
LAST_UPDATED: Thu Aug 23 16:48:31 UTC 2007 (revision 127744)
=== acats tests ===
FAIL: c460007
FAIL: c4a011a
FAIL: ce3806d
FAIL: ce3806e
FAIL: ce3810a
FAIL: cxaa008
FAIL: cxaa009
FAIL: cxg1003
FAIL: cxg2001
FAIL: cxg2002
FAIL: cxg2003
FAIL: cxg2004
FAIL: cxg2005
FAIL: cxg2006
FAIL: cxg2007
FAIL: cxg2008
FAIL: cxg2010
FAIL: cxg2011
FAIL: cxg2012
FAIL: cxg2013
FAIL: cxg2014
FAIL: cxg2015
FAIL: cxg2016
FAIL: cxg2017
FAIL: cxg2018
FAIL: cxg2019
FAIL: cxg2020
FAIL: cxg2021
=== acats Summary ===
# of expected passes 1931
# of unexpected failures 28
# of unsupported tests 356
Native configuration is x86_64-unknown-netbsdelf4.0
=== g++ tests ===
Running target unix
FAIL: g++.dg/cpp/_Pragma1.C (test for excess errors)
XPASS: g++.dg/tree-ssa/ivopts-1.C scan-tree-dump-not offset: -4B
XPASS: g++.dg/tree-ssa/ivopts-1.C scan-tree-dump-not &x\\[5\\]
FAIL: g++.old-deja/g++.eh/badalloc1.C execution test
FAIL: g++.old-deja/g++.other/init18.C execution test
WARNING: program timed out.
FAIL: g++.old-deja/g++.other/init19.C execution test
=== g++ Summary ===
# of expected passes 13380
# of unexpected failures 4
# of unexpected successes 2
# of expected failures 66
# of unsupported tests 120
/gcctmp/42gcc070823/build/gcc/testsuite/g++/../../g++ version 4.2.2 20070823 (prerelease)
=== gcc tests ===
Running target unix
FAIL: gcc.c-torture/execute/conversion.c execution, -O0
FAIL: gcc.c-torture/execute/conversion.c execution, -O1
FAIL: gcc.c-torture/execute/conversion.c execution, -O2
UNRESOLVED: gcc.c-torture/execute/mayalias-2.c execution, -O3 -g
FAIL: gcc.dg/compat/struct-complex-1 c_compat_x_tst.o compile
FAIL: gcc.dg/compat/struct-complex-1 c_compat_y_tst.o compile
UNRESOLVED: gcc.dg/compat/struct-complex-1 c_compat_x_tst.o-c_compat_y_tst.o link
UNRESOLVED: gcc.dg/compat/struct-complex-1 c_compat_x_tst.o-c_compat_y_tst.o execute
FAIL: gcc.dg/cpp/_Pragma6.c (test for excess errors)
FAIL: gcc.dg/builtins-20.c (test for excess errors)
FAIL: gcc.dg/builtins-55.c (test for excess errors)
FAIL: largefile.c -O0 -g (test for excess errors)
FAIL: largefile.c -O0 (test for excess errors)
FAIL: largefile.c -O1 (test for excess errors)
FAIL: largefile.c -O2 (test for excess errors)
FAIL: largefile.c -O3 -fomit-frame-pointer (test for excess errors)
FAIL: largefile.c -O3 -g (test for excess errors)
FAIL: largefile.c -Os (test for excess errors)
FAIL: gcc.dg/special/gcsec-1.c execution test
FAIL: gcc.dg/torture/builtin-convert-1.c -O1 (test for excess errors)
FAIL: gcc.dg/torture/builtin-convert-1.c -O2 (test for excess errors)
FAIL: gcc.dg/torture/builtin-convert-1.c -O3 -fomit-frame-pointer (test for excess errors)
FAIL: gcc.dg/torture/builtin-convert-1.c -O3 -g (test for excess errors)
FAIL: gcc.dg/torture/builtin-convert-1.c -Os (test for excess errors)
FAIL: gcc.dg/torture/builtin-convert-2.c -O1 (internal compiler error)
FAIL: gcc.dg/torture/builtin-convert-2.c -O1 (test for excess errors)
FAIL: gcc.dg/torture/builtin-convert-2.c -O2 (internal compiler error)
FAIL: gcc.dg/torture/builtin-convert-2.c -O2 (test for excess errors)
FAIL: gcc.dg/torture/builtin-convert-2.c -O3 -fomit-frame-pointer (internal compiler error)
FAIL: gcc.dg/torture/builtin-convert-2.c -O3 -fomit-frame-pointer (test for excess errors)
FAIL: gcc.dg/torture/builtin-convert-2.c -O3 -g (internal compiler error)
FAIL: gcc.dg/torture/builtin-convert-2.c -O3 -g (test for excess errors)
FAIL: gcc.dg/torture/builtin-convert-2.c -Os (internal compiler error)
FAIL: gcc.dg/torture/builtin-convert-2.c -Os (test for excess errors)
FAIL: gcc.dg/torture/builtin-convert-3.c -O1 (test for excess errors)
FAIL: gcc.dg/torture/builtin-convert-3.c -O2 (test for excess errors)
FAIL: gcc.dg/torture/builtin-convert-3.c -O3 -fomit-frame-pointer (test for excess errors)
FAIL: gcc.dg/torture/builtin-convert-3.c -O3 -g (test for excess errors)
FAIL: gcc.dg/torture/builtin-convert-3.c -Os (test for excess errors)
FAIL: gcc.dg/torture/builtin-power-1.c -O0 (test for excess errors)
FAIL: gcc.dg/torture/builtin-power-1.c -O1 (test for excess errors)
FAIL: gcc.dg/torture/builtin-power-1.c -O2 (test for excess errors)
FAIL: gcc.dg/torture/builtin-power-1.c -O3 -fomit-frame-pointer (test for excess errors)
FAIL: gcc.dg/torture/builtin-power-1.c -O3 -g (test for excess errors)
FAIL: gcc.dg/torture/builtin-power-1.c -Os (test for excess errors)
WARNING: gcc.dg/torture/fp-int-convert-float128-timode.c -O0 compilation failed to produce executable
WARNING: gcc.dg/torture/fp-int-convert-float128-timode.c -O1 compilation failed to produce executable
WARNING: gcc.dg/torture/fp-int-convert-float128-timode.c -O2 compilation failed to produce executable
WARNING: gcc.dg/torture/fp-int-convert-float128-timode.c -O3 -fomit-frame-pointer compilation failed to produce executable
WARNING: gcc.dg/torture/fp-int-convert-float128-timode.c -O3 -g compilation failed to produce executable
WARNING: gcc.dg/torture/fp-int-convert-float128-timode.c -Os compilation failed to produce executable
WARNING: gcc.dg/torture/fp-int-convert-float128.c -O0 compilation failed to produce executable
WARNING: gcc.dg/torture/fp-int-convert-float128.c -O1 compilation failed to produce executable
WARNING: gcc.dg/torture/fp-int-convert-float128.c -O2 compilation failed to produce executable
WARNING: gcc.dg/torture/fp-int-convert-float128.c -O3 -fomit-frame-pointer compilation failed to produce executable
WARNING: gcc.dg/torture/fp-int-convert-float128.c -O3 -g compilation failed to produce executable
WARNING: gcc.dg/torture/fp-int-convert-float128.c -Os compilation failed to produce executable
FAIL: gcc.dg/torture/fp-int-convert-float80-timode.c -O0 execution test
FAIL: gcc.dg/torture/fp-int-convert-float80-timode.c -O1 execution test
FAIL: gcc.dg/torture/fp-int-convert-float80-timode.c -O2 execution test
FAIL: gcc.dg/torture/fp-int-convert-float80-timode.c -O3 -fomit-frame-pointer execution test
FAIL: gcc.dg/torture/fp-int-convert-float80-timode.c -O3 -g execution test
FAIL: gcc.dg/torture/fp-int-convert-float80-timode.c -Os execution test
FAIL: gcc.dg/torture/fp-int-convert-float80.c -O0 execution test
FAIL: gcc.dg/torture/fp-int-convert-float80.c -O1 execution test
FAIL: gcc.dg/torture/fp-int-convert-float80.c -O2 execution test
FAIL: gcc.dg/torture/fp-int-convert-float80.c -O3 -fomit-frame-pointer execution test
FAIL: gcc.dg/torture/fp-int-convert-float80.c -O3 -g execution test
FAIL: gcc.dg/torture/fp-int-convert-float80.c -Os execution test
FAIL: gcc.dg/torture/fp-int-convert-long-double.c -O0 execution test
FAIL: gcc.dg/torture/fp-int-convert-long-double.c -O1 execution test
FAIL: gcc.dg/torture/fp-int-convert-long-double.c -O2 execution test
FAIL: gcc.dg/torture/fp-int-convert-long-double.c -O3 -fomit-frame-pointer execution test
FAIL: gcc.dg/torture/fp-int-convert-long-double.c -O3 -g execution test
FAIL: gcc.dg/torture/fp-int-convert-long-double.c -Os execution test
FAIL: gcc.dg/torture/fp-int-convert-timode.c -O0 execution test
FAIL: gcc.dg/torture/fp-int-convert-timode.c -O1 execution test
FAIL: gcc.dg/torture/fp-int-convert-timode.c -O2 execution test
FAIL: gcc.dg/torture/fp-int-convert-timode.c -O3 -fomit-frame-pointer execution test
FAIL: gcc.dg/torture/fp-int-convert-timode.c -O3 -g execution test
FAIL: gcc.dg/torture/fp-int-convert-timode.c -Os execution test
=== gcc Summary ===
# of expected passes 41839
# of unexpected failures 66
# of expected failures 127
# of unresolved testcases 3
# of untested testcases 35
# of unsupported tests 437
/gcctmp/42gcc070823/build/gcc/xgcc version 4.2.2 20070823 (prerelease)
=== gnat tests ===
Running target unix
FAIL: gnat.dg/frame_overflow.adb (test for errors, line 12)
FAIL: gnat.dg/frame_overflow.adb (test for errors, line 21)
=== gnat Summary ===
# of expected passes 40
# of unexpected failures 2
=== obj-c++ tests ===
Running target unix
FAIL: obj-c++.dg/bitfield-1.mm (test for excess errors)
FAIL: obj-c++.dg/bitfield-4.mm (test for excess errors)
FAIL: obj-c++.dg/cxx-ivars-2.mm execution test
FAIL: obj-c++.dg/encode-8.mm execution test
FAIL: obj-c++.dg/isa-field-1.mm (test for excess errors)
FAIL: obj-c++.dg/layout-1.mm (test for excess errors)
FAIL: obj-c++.dg/lookup-2.mm (test for excess errors)
WARNING: obj-c++.dg/lookup-2.mm compilation failed to produce executable
FAIL: obj-c++.dg/try-catch-2.mm (test for excess errors)
WARNING: obj-c++.dg/try-catch-2.mm compilation failed to produce executable
FAIL: obj-c++.dg/try-catch-9.mm (test for excess errors)
WARNING: obj-c++.dg/try-catch-9.mm compilation failed to produce executable
=== obj-c++ Summary ===
# of expected passes 426
# of unexpected failures 9
# of unsupported tests 13
/gcctmp/42gcc070823/build/gcc/testsuite/obj-c++/../../g++ version 4.2.2 20070823 (prerelease)
=== objc tests ===
Running target unix
=== objc Summary ===
# of expected passes 1806
# of expected failures 7
# of unsupported tests 24
/gcctmp/42gcc070823/build/gcc/xgcc version 4.2.2 20070823 (prerelease)
=== treelang tests ===
Running target unix
=== treelang Summary ===
# of expected passes 52
=== libgomp tests ===
Running target unix
FAIL: libgomp.c++/ctor-1.C -O0 (test for excess errors)
WARNING: libgomp.c++/ctor-1.C -O0 compilation failed to produce executable
FAIL: libgomp.c++/ctor-1.C -O1 (test for excess errors)
WARNING: libgomp.c++/ctor-1.C -O1 compilation failed to produce executable
FAIL: libgomp.c++/ctor-1.C -O2 (test for excess errors)
WARNING: libgomp.c++/ctor-1.C -O2 compilation failed to produce executable
FAIL: libgomp.c++/ctor-1.C -O3 -fomit-frame-pointer (test for excess errors)
WARNING: libgomp.c++/ctor-1.C -O3 -fomit-frame-pointer compilation failed to produce executable
FAIL: libgomp.c++/ctor-1.C -O3 -fomit-frame-pointer -funroll-loops (test for excess errors)
WARNING: libgomp.c++/ctor-1.C -O3 -fomit-frame-pointer -funroll-loops compilation failed to produce executable
FAIL: libgomp.c++/ctor-1.C -O3 -fomit-frame-pointer -funroll-all-loops -finline-functions (test for excess errors)
WARNING: libgomp.c++/ctor-1.C -O3 -fomit-frame-pointer -funroll-all-loops -finline-functions compilation failed to produce executable
FAIL: libgomp.c++/ctor-1.C -O3 -g (test for excess errors)
WARNING: libgomp.c++/ctor-1.C -O3 -g compilation failed to produce executable
FAIL: libgomp.c++/ctor-1.C -Os (test for excess errors)
WARNING: libgomp.c++/ctor-1.C -Os compilation failed to produce executable
FAIL: libgomp.c++/ctor-2.C -O0 (test for excess errors)
WARNING: libgomp.c++/ctor-2.C -O0 compilation failed to produce executable
FAIL: libgomp.c++/ctor-2.C -O1 (test for excess errors)
WARNING: libgomp.c++/ctor-2.C -O1 compilation failed to produce executable
FAIL: libgomp.c++/ctor-2.C -O2 (test for excess errors)
WARNING: libgomp.c++/ctor-2.C -O2 compilation failed to produce executable
FAIL: libgomp.c++/ctor-2.C -O3 -fomit-frame-pointer (test for excess errors)
WARNING: libgomp.c++/ctor-2.C -O3 -fomit-frame-pointer compilation failed to produce executable
FAIL: libgomp.c++/ctor-2.C -O3 -fomit-frame-pointer -funroll-loops (test for excess errors)
WARNING: libgomp.c++/ctor-2.C -O3 -fomit-frame-pointer -funroll-loops compilation failed to produce executable
FAIL: libgomp.c++/ctor-2.C -O3 -fomit-frame-pointer -funroll-all-loops -finline-functions (test for excess errors)
WARNING: libgomp.c++/ctor-2.C -O3 -fomit-frame-pointer -funroll-all-loops -finline-functions compilation failed to produce executable
FAIL: libgomp.c++/ctor-2.C -O3 -g (test for excess errors)
WARNING: libgomp.c++/ctor-2.C -O3 -g compilation failed to produce executable
FAIL: libgomp.c++/ctor-2.C -Os (test for excess errors)
WARNING: libgomp.c++/ctor-2.C -Os compilation failed to produce executable
FAIL: libgomp.c++/ctor-3.C -O0 (test for excess errors)
WARNING: libgomp.c++/ctor-3.C -O0 compilation failed to produce executable
FAIL: libgomp.c++/ctor-3.C -O1 (test for excess errors)
WARNING: libgomp.c++/ctor-3.C -O1 compilation failed to produce executable
FAIL: libgomp.c++/ctor-3.C -O2 (test for excess errors)
WARNING: libgomp.c++/ctor-3.C -O2 compilation failed to produce executable
FAIL: libgomp.c++/ctor-3.C -O3 -fomit-frame-pointer (test for excess errors)
WARNING: libgomp.c++/ctor-3.C -O3 -fomit-frame-pointer compilation failed to produce executable
FAIL: libgomp.c++/ctor-3.C -O3 -fomit-frame-pointer -funroll-loops (test for excess errors)
WARNING: libgomp.c++/ctor-3.C -O3 -fomit-frame-pointer -funroll-loops compilation failed to produce executable
FAIL: libgomp.c++/ctor-3.C -O3 -fomit-frame-pointer -funroll-all-loops -finline-functions (test for excess errors)
WARNING: libgomp.c++/ctor-3.C -O3 -fomit-frame-pointer -funroll-all-loops -finline-functions compilation failed to produce executable
FAIL: libgomp.c++/ctor-3.C -O3 -g (test for excess errors)
WARNING: libgomp.c++/ctor-3.C -O3 -g compilation failed to produce executable
FAIL: libgomp.c++/ctor-3.C -Os (test for excess errors)
WARNING: libgomp.c++/ctor-3.C -Os compilation failed to produce executable
FAIL: libgomp.c++/ctor-4.C -O0 (test for excess errors)
WARNING: libgomp.c++/ctor-4.C -O0 compilation failed to produce executable
FAIL: libgomp.c++/ctor-4.C -O1 (test for excess errors)
WARNING: libgomp.c++/ctor-4.C -O1 compilation failed to produce executable
FAIL: libgomp.c++/ctor-4.C -O2 (test for excess errors)
WARNING: libgomp.c++/ctor-4.C -O2 compilation failed to produce executable
FAIL: libgomp.c++/ctor-4.C -O3 -fomit-frame-pointer (test for excess errors)
WARNING: libgomp.c++/ctor-4.C -O3 -fomit-frame-pointer compilation failed to produce executable
FAIL: libgomp.c++/ctor-4.C -O3 -fomit-frame-pointer -funroll-loops (test for excess errors)
WARNING: libgomp.c++/ctor-4.C -O3 -fomit-frame-pointer -funroll-loops compilation failed to produce executable
FAIL: libgomp.c++/ctor-4.C -O3 -fomit-frame-pointer -funroll-all-loops -finline-functions (test for excess errors)
WARNING: libgomp.c++/ctor-4.C -O3 -fomit-frame-pointer -funroll-all-loops -finline-functions compilation failed to produce executable
FAIL: libgomp.c++/ctor-4.C -O3 -g (test for excess errors)
WARNING: libgomp.c++/ctor-4.C -O3 -g compilation failed to produce executable
FAIL: libgomp.c++/ctor-4.C -Os (test for excess errors)
WARNING: libgomp.c++/ctor-4.C -Os compilation failed to produce executable
FAIL: libgomp.c++/ctor-6.C -O0 (test for excess errors)
WARNING: libgomp.c++/ctor-6.C -O0 compilation failed to produce executable
FAIL: libgomp.c++/ctor-6.C -O1 (test for excess errors)
WARNING: libgomp.c++/ctor-6.C -O1 compilation failed to produce executable
FAIL: libgomp.c++/ctor-6.C -O2 (test for excess errors)
WARNING: libgomp.c++/ctor-6.C -O2 compilation failed to produce executable
FAIL: libgomp.c++/ctor-6.C -O3 -fomit-frame-pointer (test for excess errors)
WARNING: libgomp.c++/ctor-6.C -O3 -fomit-frame-pointer compilation failed to produce executable
FAIL: libgomp.c++/ctor-6.C -O3 -fomit-frame-pointer -funroll-loops (test for excess errors)
WARNING: libgomp.c++/ctor-6.C -O3 -fomit-frame-pointer -funroll-loops compilation failed to produce executable
FAIL: libgomp.c++/ctor-6.C -O3 -fomit-frame-pointer -funroll-all-loops -finline-functions (test for excess errors)
WARNING: libgomp.c++/ctor-6.C -O3 -fomit-frame-pointer -funroll-all-loops -finline-functions compilation failed to produce executable
FAIL: libgomp.c++/ctor-6.C -O3 -g (test for excess errors)
WARNING: libgomp.c++/ctor-6.C -O3 -g compilation failed to produce executable
FAIL: libgomp.c++/ctor-6.C -Os (test for excess errors)
WARNING: libgomp.c++/ctor-6.C -Os compilation failed to produce executable
FAIL: libgomp.c++/ctor-7.C -O0 (test for excess errors)
WARNING: libgomp.c++/ctor-7.C -O0 compilation failed to produce executable
FAIL: libgomp.c++/ctor-7.C -O1 (test for excess errors)
WARNING: libgomp.c++/ctor-7.C -O1 compilation failed to produce executable
FAIL: libgomp.c++/ctor-7.C -O2 (test for excess errors)
WARNING: libgomp.c++/ctor-7.C -O2 compilation failed to produce executable
FAIL: libgomp.c++/ctor-7.C -O3 -fomit-frame-pointer (test for excess errors)
WARNING: libgomp.c++/ctor-7.C -O3 -fomit-frame-pointer compilation failed to produce executable
FAIL: libgomp.c++/ctor-7.C -O3 -fomit-frame-pointer -funroll-loops (test for excess errors)
WARNING: libgomp.c++/ctor-7.C -O3 -fomit-frame-pointer -funroll-loops compilation failed to produce executable
FAIL: libgomp.c++/ctor-7.C -O3 -fomit-frame-pointer -funroll-all-loops -finline-functions (test for excess errors)
WARNING: libgomp.c++/ctor-7.C -O3 -fomit-frame-pointer -funroll-all-loops -finline-functions compilation failed to produce executable
FAIL: libgomp.c++/ctor-7.C -O3 -g (test for excess errors)
WARNING: libgomp.c++/ctor-7.C -O3 -g compilation failed to produce executable
FAIL: libgomp.c++/ctor-7.C -Os (test for excess errors)
WARNING: libgomp.c++/ctor-7.C -Os compilation failed to produce executable
FAIL: libgomp.c++/loop-1.C -O (test for excess errors)
WARNING: libgomp.c++/loop-1.C -O compilation failed to produce executable
FAIL: libgomp.c++/loop-2.C -O (test for excess errors)
WARNING: libgomp.c++/loop-2.C -O compilation failed to produce executable
FAIL: libgomp.c++/loop-3.C -O (test for excess errors)
WARNING: libgomp.c++/loop-3.C -O compilation failed to produce executable
FAIL: libgomp.c++/loop-4.C -O (test for excess errors)
WARNING: libgomp.c++/loop-4.C -O compilation failed to produce executable
FAIL: libgomp.c++/loop-5.C -O (test for excess errors)
WARNING: libgomp.c++/loop-5.C -O compilation failed to produce executable
FAIL: libgomp.c++/loop-6.C -O0 (test for excess errors)
WARNING: libgomp.c++/loop-6.C -O0 compilation failed to produce executable
FAIL: libgomp.c++/loop-6.C -O1 (test for excess errors)
WARNING: libgomp.c++/loop-6.C -O1 compilation failed to produce executable
FAIL: libgomp.c++/loop-6.C -O2 (test for excess errors)
WARNING: libgomp.c++/loop-6.C -O2 compilation failed to produce executable
FAIL: libgomp.c++/loop-6.C -O3 -fomit-frame-pointer (test for excess errors)
WARNING: libgomp.c++/loop-6.C -O3 -fomit-frame-pointer compilation failed to produce executable
FAIL: libgomp.c++/loop-6.C -O3 -fomit-frame-pointer -funroll-loops (test for excess errors)
WARNING: libgomp.c++/loop-6.C -O3 -fomit-frame-pointer -funroll-loops compilation failed to produce executable
FAIL: libgomp.c++/loop-6.C -O3 -fomit-frame-pointer -funroll-all-loops -finline-functions (test for excess errors)
WARNING: libgomp.c++/loop-6.C -O3 -fomit-frame-pointer -funroll-all-loops -finline-functions compilation failed to produce executable
FAIL: libgomp.c++/loop-6.C -O3 -g (test for excess errors)
WARNING: libgomp.c++/loop-6.C -O3 -g compilation failed to produce executable
FAIL: libgomp.c++/loop-6.C -Os (test for excess errors)
WARNING: libgomp.c++/loop-6.C -Os compilation failed to produce executable
FAIL: libgomp.c++/loop-7.C -O0 (test for excess errors)
WARNING: libgomp.c++/loop-7.C -O0 compilation failed to produce executable
FAIL: libgomp.c++/loop-7.C -O1 (test for excess errors)
WARNING: libgomp.c++/loop-7.C -O1 compilation failed to produce executable
FAIL: libgomp.c++/loop-7.C -O2 (test for excess errors)
WARNING: libgomp.c++/loop-7.C -O2 compilation failed to produce executable
FAIL: libgomp.c++/loop-7.C -O3 -fomit-frame-pointer (test for excess errors)
WARNING: libgomp.c++/loop-7.C -O3 -fomit-frame-pointer compilation failed to produce executable
FAIL: libgomp.c++/loop-7.C -O3 -fomit-frame-pointer -funroll-loops (test for excess errors)
WARNING: libgomp.c++/loop-7.C -O3 -fomit-frame-pointer -funroll-loops compilation failed to produce executable
FAIL: libgomp.c++/loop-7.C -O3 -fomit-frame-pointer -funroll-all-loops -finline-functions (test for excess errors)
WARNING: libgomp.c++/loop-7.C -O3 -fomit-frame-pointer -funroll-all-loops -finline-functions compilation failed to produce executable
FAIL: libgomp.c++/loop-7.C -O3 -g (test for excess errors)
WARNING: libgomp.c++/loop-7.C -O3 -g compilation failed to produce executable
FAIL: libgomp.c++/loop-7.C -Os (test for excess errors)
WARNING: libgomp.c++/loop-7.C -Os compilation failed to produce executable
FAIL: libgomp.c++/master-1.C -O0 (test for excess errors)
WARNING: libgomp.c++/master-1.C -O0 compilation failed to produce executable
FAIL: libgomp.c++/master-1.C -O1 (test for excess errors)
WARNING: libgomp.c++/master-1.C -O1 compilation failed to produce executable
FAIL: libgomp.c++/master-1.C -O2 (test for excess errors)
WARNING: libgomp.c++/master-1.C -O2 compilation failed to produce executable
FAIL: libgomp.c++/master-1.C -O3 -fomit-frame-pointer (test for excess errors)
WARNING: libgomp.c++/master-1.C -O3 -fomit-frame-pointer compilation failed to produce executable
FAIL: libgomp.c++/master-1.C -O3 -fomit-frame-pointer -funroll-loops (test for excess errors)
WARNING: libgomp.c++/master-1.C -O3 -fomit-frame-pointer -funroll-loops compilation failed to produce executable
FAIL: libgomp.c++/master-1.C -O3 -fomit-frame-pointer -funroll-all-loops -finline-functions (test for excess errors)
WARNING: libgomp.c++/master-1.C -O3 -fomit-frame-pointer -funroll-all-loops -finline-functions compilation failed to produce executable
FAIL: libgomp.c++/master-1.C -O3 -g (test for excess errors)
WARNING: libgomp.c++/master-1.C -O3 -g compilation failed to produce executable
FAIL: libgomp.c++/master-1.C -Os (test for excess errors)
WARNING: libgomp.c++/master-1.C -Os compilation failed to produce executable
FAIL: libgomp.c++/nested-1.C -O0 (test for excess errors)
WARNING: libgomp.c++/nested-1.C -O0 compilation failed to produce executable
FAIL: libgomp.c++/nested-1.C -O1 (test for excess errors)
WARNING: libgomp.c++/nested-1.C -O1 compilation failed to produce executable
FAIL: libgomp.c++/nested-1.C -O2 (test for excess errors)
WARNING: libgomp.c++/nested-1.C -O2 compilation failed to produce executable
FAIL: libgomp.c++/nested-1.C -O3 -fomit-frame-pointer (test for excess errors)
WARNING: libgomp.c++/nested-1.C -O3 -fomit-frame-pointer compilation failed to produce executable
FAIL: libgomp.c++/nested-1.C -O3 -fomit-frame-pointer -funroll-loops (test for excess errors)
WARNING: libgomp.c++/nested-1.C -O3 -fomit-frame-pointer -funroll-loops compilation failed to produce executable
FAIL: libgomp.c++/nested-1.C -O3 -fomit-frame-pointer -funroll-all-loops -finline-functions (test for excess errors)
WARNING: libgomp.c++/nested-1.C -O3 -fomit-frame-pointer -funroll-all-loops -finline-functions compilation failed to produce executable
FAIL: libgomp.c++/nested-1.C -O3 -g (test for excess errors)
WARNING: libgomp.c++/nested-1.C -O3 -g compilation failed to produce executable
FAIL: libgomp.c++/nested-1.C -Os (test for excess errors)
WARNING: libgomp.c++/nested-1.C -Os compilation failed to produce executable
FAIL: libgomp.c++/parallel-1.C -O (test for excess errors)
WARNING: libgomp.c++/parallel-1.C -O compilation failed to produce executable
FAIL: libgomp.c++/pr26691.C -O (test for excess errors)
WARNING: libgomp.c++/pr26691.C -O compilation failed to produce executable
FAIL: libgomp.c++/pr26943.C -O0 (test for excess errors)
WARNING: libgomp.c++/pr26943.C -O0 compilation failed to produce executable
FAIL: libgomp.c++/pr26943.C -O1 (test for excess errors)
WARNING: libgomp.c++/pr26943.C -O1 compilation failed to produce executable
FAIL: libgomp.c++/pr26943.C -O2 (test for excess errors)
WARNING: libgomp.c++/pr26943.C -O2 compilation failed to produce executable
FAIL: libgomp.c++/pr26943.C -O3 -fomit-frame-pointer (test for excess errors)
WARNING: libgomp.c++/pr26943.C -O3 -fomit-frame-pointer compilation failed to produce executable
FAIL: libgomp.c++/pr26943.C -O3 -fomit-frame-pointer -funroll-loops (test for excess errors)
WARNING: libgomp.c++/pr26943.C -O3 -fomit-frame-pointer -funroll-loops compilation failed to produce executable
FAIL: libgomp.c++/pr26943.C -O3 -fomit-frame-pointer -funroll-all-loops -finline-functions (test for excess errors)
WARNING: libgomp.c++/pr26943.C -O3 -fomit-frame-pointer -funroll-all-loops -finline-functions compilation failed to produce executable
FAIL: libgomp.c++/pr26943.C -O3 -g (test for excess errors)
WARNING: libgomp.c++/pr26943.C -O3 -g compilation failed to produce executable
FAIL: libgomp.c++/pr26943.C -Os (test for excess errors)
WARNING: libgomp.c++/pr26943.C -Os compilation failed to produce executable
FAIL: libgomp.c++/pr27337.C -O0 (test for excess errors)
WARNING: libgomp.c++/pr27337.C -O0 compilation failed to produce executable
FAIL: libgomp.c++/pr27337.C -O1 (test for excess errors)
WARNING: libgomp.c++/pr27337.C -O1 compilation failed to produce executable
FAIL: libgomp.c++/pr27337.C -O2 (test for excess errors)
WARNING: libgomp.c++/pr27337.C -O2 compilation failed to produce executable
FAIL: libgomp.c++/pr27337.C -O3 -fomit-frame-pointer (test for excess errors)
WARNING: libgomp.c++/pr27337.C -O3 -fomit-frame-pointer compilation failed to produce executable
FAIL: libgomp.c++/pr27337.C -O3 -fomit-frame-pointer -funroll-loops (test for excess errors)
WARNING: libgomp.c++/pr27337.C -O3 -fomit-frame-pointer -funroll-loops compilation failed to produce executable
FAIL: libgomp.c++/pr27337.C -O3 -fomit-frame-pointer -funroll-all-loops -finline-functions (test for excess errors)
WARNING: libgomp.c++/pr27337.C -O3 -fomit-frame-pointer -funroll-all-loops -finline-functions compilation failed to produce executable
FAIL: libgomp.c++/pr27337.C -O3 -g (test for excess errors)
WARNING: libgomp.c++/pr27337.C -O3 -g compilation failed to produce executable
FAIL: libgomp.c++/pr27337.C -Os (test for excess errors)
WARNING: libgomp.c++/pr27337.C -Os compilation failed to produce executable
FAIL: libgomp.c++/pr30703.C -O0 (test for excess errors)
WARNING: libgomp.c++/pr30703.C -O0 compilation failed to produce executable
FAIL: libgomp.c++/pr30703.C -O1 (test for excess errors)
WARNING: libgomp.c++/pr30703.C -O1 compilation failed to produce executable
FAIL: libgomp.c++/pr30703.C -O2 (test for excess errors)
WARNING: libgomp.c++/pr30703.C -O2 compilation failed to produce executable
FAIL: libgomp.c++/pr30703.C -O3 -fomit-frame-pointer (test for excess errors)
WARNING: libgomp.c++/pr30703.C -O3 -fomit-frame-pointer compilation failed to produce executable
FAIL: libgomp.c++/pr30703.C -O3 -fomit-frame-pointer -funroll-loops (test for excess errors)
WARNING: libgomp.c++/pr30703.C -O3 -fomit-frame-pointer -funroll-loops compilation failed to produce executable
FAIL: libgomp.c++/pr30703.C -O3 -fomit-frame-pointer -funroll-all-loops -finline-functions (test for excess errors)
WARNING: libgomp.c++/pr30703.C -O3 -fomit-frame-pointer -funroll-all-loops -finline-functions compilation failed to produce executable
FAIL: libgomp.c++/pr30703.C -O3 -g (test for excess errors)
WARNING: libgomp.c++/pr30703.C -O3 -g compilation failed to produce executable
FAIL: libgomp.c++/pr30703.C -Os (test for excess errors)
WARNING: libgomp.c++/pr30703.C -Os compilation failed to produce executable
FAIL: libgomp.c++/reduction-1.C -O (test for excess errors)
WARNING: libgomp.c++/reduction-1.C -O compilation failed to produce executable
FAIL: libgomp.c++/reduction-2.C -O (test for excess errors)
WARNING: libgomp.c++/reduction-2.C -O compilation failed to produce executable
FAIL: libgomp.c++/reduction-3.C -O (test for excess errors)
WARNING: libgomp.c++/reduction-3.C -O compilation failed to produce executable
FAIL: libgomp.c++/sections-1.C -O (test for excess errors)
WARNING: libgomp.c++/sections-1.C -O compilation failed to produce executable
FAIL: libgomp.c++/shared-1.C -O (test for excess errors)
WARNING: libgomp.c++/shared-1.C -O compilation failed to produce executable
FAIL: libgomp.c++/shared-2.C -O (test for excess errors)
WARNING: libgomp.c++/shared-2.C -O compilation failed to produce executable
FAIL: libgomp.c++/single-1.C -O (test for excess errors)
WARNING: libgomp.c++/single-1.C -O compilation failed to produce executable
FAIL: libgomp.c++/single-2.C -O (test for excess errors)
WARNING: libgomp.c++/single-2.C -O compilation failed to produce executable
FAIL: libgomp.c++/single-3.C -O (test for excess errors)
WARNING: libgomp.c++/single-3.C -O compilation failed to produce executable
=== libgomp Summary ===
# of expected passes 150
# of unexpected failures 120
# of unsupported tests 53
=== libstdc++ tests ===
Running target unix
FAIL: 18_support/numeric_limits/digits10.cc (test for excess errors)
WARNING: 18_support/numeric_limits/digits10.cc compilation failed to produce executable
FAIL: 22_locale/ctype/scan/wchar_t/1.cc execution test
FAIL: 23_containers/list/cons/4.cc (test for excess errors)
WARNING: 23_containers/list/cons/4.cc compilation failed to produce executable
FAIL: 23_containers/list/cons/6.cc (test for excess errors)
WARNING: 23_containers/list/cons/6.cc compilation failed to produce executable
FAIL: 25_algorithms/replace_copy/1.cc (test for excess errors)
WARNING: 25_algorithms/replace_copy/1.cc compilation failed to produce executable
FAIL: 26_numerics/cmath/c99_classification_macros_c++.cc (test for excess errors)
FAIL: 26_numerics/cmath/c99_classification_macros_c.cc (test for excess errors)
FAIL: 27_io/basic_filebuf/seekoff/char/12232.cc (test for excess errors)
WARNING: 27_io/basic_filebuf/seekoff/char/12232.cc compilation failed to produce executable
FAIL: 27_io/basic_filebuf/sgetc/char/2-out.cc (test for excess errors)
WARNING: 27_io/basic_filebuf/sgetc/char/2-out.cc compilation failed to produce executable
FAIL: 27_io/basic_filebuf/sputc/char/2-io.cc (test for excess errors)
WARNING: 27_io/basic_filebuf/sputc/char/2-io.cc compilation failed to produce executable
FAIL: 27_io/basic_filebuf/sputc/char/2-out.cc (test for excess errors)
WARNING: 27_io/basic_filebuf/sputc/char/2-out.cc compilation failed to produce executable
FAIL: 27_io/basic_filebuf/sync/char/9182-1.cc (test for excess errors)
WARNING: 27_io/basic_filebuf/sync/char/9182-1.cc compilation failed to produce executable
FAIL: 27_io/basic_ios/locales/char/1.cc (test for excess errors)
WARNING: 27_io/basic_ios/locales/char/1.cc compilation failed to produce executable
FAIL: 27_io/basic_ostream/inserters_character/wchar_t/5.cc (test for excess errors)
WARNING: 27_io/basic_ostream/inserters_character/wchar_t/5.cc compilation failed to produce executable
FAIL: 27_io/basic_ostream/inserters_character/wchar_t/6.cc (test for excess errors)
WARNING: 27_io/basic_ostream/inserters_character/wchar_t/6.cc compilation failed to produce executable
FAIL: 27_io/basic_stringbuf/pbackfail/char/1.cc (test for excess errors)
WARNING: 27_io/basic_stringbuf/pbackfail/char/1.cc compilation failed to produce executable
XPASS: 27_io/fpos/14320-1.cc execution test
FAIL: 27_io/manipulators/adjustfield/wchar_t/2.cc (test for excess errors)
WARNING: 27_io/manipulators/adjustfield/wchar_t/2.cc compilation failed to produce executable
FAIL: abi/demangle/regression/cw-02.cc (test for excess errors)
WARNING: abi/demangle/regression/cw-02.cc compilation failed to produce executable
FAIL: tr1/6_containers/unordered/insert/multimap_single.cc (test for excess errors)
WARNING: tr1/6_containers/unordered/insert/multimap_single.cc compilation failed to produce executable
=== libstdc++ Summary ===
# of expected passes 3804
# of unexpected failures 19
# of unexpected successes 1
# of expected failures 14
# of unsupported tests 318
Compiler version: 4.2.2 20070823 (prerelease)
Platform: x86_64-unknown-netbsdelf4.0
configure flags: --disable-libssp --build=x86_64-unknown-netbsdelf4.0 --host=x86_64-unknown-netbsdelf4.0 --target=x86_64-unknown-netbsdelf4.0 --enable-languages=c,ada,c++,java,objc,obj-c++,treelang