This is the mail archive of the
gcc-testresults@gcc.gnu.org
mailing list for the GCC project.
Results for 4.3.0 20070823 (experimental) [trunk revision 127743] (GCC) testsuite on i686-pc-linux-gnu
- From: hjl at gnu-2 dot sc dot intel dot com
- To: gcc-testresults at gcc dot gnu dot org
- Date: Thu, 23 Aug 2007 12:45:11 -0700 (PDT)
- Subject: Results for 4.3.0 20070823 (experimental) [trunk revision 127743] (GCC) testsuite on i686-pc-linux-gnu
LAST_UPDATED: Thu Aug 23 16:22:35 UTC 2007 (revision 127743)
Native configuration is i686-pc-linux-gnu
=== gcc tests ===
Running target unix
FAIL: gcc.c-torture/execute/mayalias-2.c compilation, -O3 -g (internal compiler error)
UNRESOLVED: gcc.c-torture/execute/mayalias-2.c execution, -O3 -g
FAIL: gcc.c-torture/execute/mayalias-3.c compilation, -O3 -g (internal compiler error)
UNRESOLVED: gcc.c-torture/execute/mayalias-3.c execution, -O3 -g
FAIL: gcc.dg/builtins-61.c scan-tree-dump return 0.0
FAIL: gcc.dg/pr32721.c scan-tree-dump = spinlock.0.
XPASS: gcc.dg/tree-ssa/update-threading.c scan-tree-dump-times Invalid sum 0
FAIL: gcc.target/i386/cmov4.c scan-assembler cmov[^4]
=== gcc Summary ===
# of expected passes 46750
# of unexpected failures 5
# of unexpected successes 1
# of expected failures 168
# of unresolved testcases 2
# of untested testcases 35
# of unsupported tests 287
/export/build/gnu/gcc/build-i686-linux/gcc/xgcc version 4.3.0 20070823 (experimental) [trunk revision 127743] (GCC)
=== gfortran tests ===
Running target unix
=== gfortran Summary ===
# of expected passes 20679
# of expected failures 8
# of unsupported tests 16
/export/build/gnu/gcc/build-i686-linux/gcc/testsuite/gfortran/../../gfortran version 4.3.0 20070823 (experimental) [trunk revision 127743] (GCC)
=== g++ tests ===
Running target unix
XPASS: g++.dg/tree-ssa/copyprop-1.C scan-tree-dump-not .* = [^>;]*;
XPASS: g++.dg/tree-ssa/ivopts-1.C scan-tree-dump-not offset: -4B
XPASS: g++.dg/tree-ssa/ivopts-1.C scan-tree-dump-not &x\\[5\\]
=== g++ Summary ===
# of expected passes 16401
# of unexpected successes 3
# of expected failures 87
# of unsupported tests 85
/export/build/gnu/gcc/build-i686-linux/gcc/testsuite/g++/../../g++ version 4.3.0 20070823 (experimental) [trunk revision 127743] (GCC)
=== objc tests ===
Running target unix
=== objc Summary ===
# of expected passes 1812
# of expected failures 7
# of unsupported tests 24
/export/build/gnu/gcc/build-i686-linux/gcc/xgcc version 4.3.0 20070823 (experimental) [trunk revision 127743] (GCC)
=== libffi tests ===
Running target unix
=== libffi Summary ===
# of expected passes 1096
# of unsupported tests 8
=== libgomp tests ===
Running target unix
=== libgomp Summary ===
# of expected passes 1607
=== libjava tests ===
Running target unix
FAIL: N19990310_02 -O3 output - source compiled test
FAIL: N19990310_02 -O3 -findirect-dispatch output - source compiled test
FAIL: PR27908 execution - source compiled test
=== libjava Summary ===
# of expected passes 2534
# of unexpected failures 3
# of untested testcases 1
=== libmudflap tests ===
Running target unix
FAIL: libmudflap.c++/pass41-frag.cxx execution test
FAIL: libmudflap.c++/pass41-frag.cxx (-static) execution test
FAIL: libmudflap.c++/pass41-frag.cxx ( -O) execution test
FAIL: libmudflap.c++/pass41-frag.cxx (-O2) execution test
FAIL: libmudflap.c++/pass41-frag.cxx (-O3) execution test
=== libmudflap Summary ===
# of expected passes 1821
# of unexpected failures 5
=== libstdc++ tests ===
Running target unix
XPASS: 26_numerics/headers/cmath/c99_classification_macros_c.cc (test for excess errors)
=== libstdc++ Summary ===
# of expected passes 5109
# of unexpected successes 1
# of expected failures 54
Compiler version: 4.3.0 20070823 (experimental) [trunk revision 127743] (GCC)
Platform: i686-pc-linux-gnu
configure flags: --enable-clocale=gnu --with-system-zlib --enable-decimal-float=bid --with-demangler-in-ld --enable-shared --enable-threads=posix --enable-haifa --enable-checking=assert --prefix=/usr/gcc-4.3 --with-local-prefix=/usr/local