This is the mail archive of the
gcc-testresults@gcc.gnu.org
mailing list for the GCC project.
Results for 4.1.3 20070820 (prerelease) gcc testsuite on mips-unknown-elf
- From: Mike Stein <mstein at phenix dot rootshell dot be>
- To: gcc-testresults at gcc dot gnu dot org
- Date: Tue, 21 Aug 2007 21:14:20 +0200
- Subject: Results for 4.1.3 20070820 (prerelease) gcc testsuite on mips-unknown-elf
- Reply-to: gcc at gcc dot gnu dot org
Debian 4 on x86_64
cross tool versions:
GNU assembler (GNU Binutils) 2.17.50.20070629
GNU gdb 6.6.50.20070629-cvs
GNU ld (GNU Binutils) 2.17.50.20070629
GNU Make 3.81
expect version 5.43.0
host gcc version: gcc (GCC) 4.3.0 20070818 (experimental) [trunk revision 127615]
LAST_UPDATED: Mon Aug 20 22:03:26 UTC 2007 (revision 127651)
Target is mips-unknown-elf
Host is x86_64-unknown-linux-gnu
=== gcc tests ===
Running target mips-sim
FAIL: gcc.dg/attr-weakref-1.c (test for excess errors)
UNRESOLVED: gcc.dg/attr-weakref-1.c compilation failed to produce executable
FAIL: gcc.dg/intmax_t-1.c (test for errors, line )
FAIL: gcc.dg/tls/alias-1.c (test for excess errors)
XPASS: gcc.dg/tree-ssa/20040204-1.c scan-tree-dump-times link_error 0
FAIL: gcc.target/mips/memcpy-1.c scan-assembler-not \\tlbu\\t
=== gcc Summary ===
# of expected passes 38113
# of unexpected failures 4
# of unexpected successes 1
# of expected failures 76
# of unresolved testcases 1
# of untested testcases 28
# of unsupported tests 314
/home/mstein/sim/mips-elf/build/gcc/xgcc version 4.1.3 20070820 (prerelease)
Compiler version: 4.1.3 20070820 (prerelease) gcc
Platform: mips-unknown-elf
configure flags: --target=mips-elf --prefix=/n/11/mstein/cross-local/mips-elf --disable-nls --disable-build-warnings --with-ld=/n/11/mstein/cross-local/mips-elf/bin/mips-elf-ld --with-as=/n/11/mstein/cross-local/mips-elf/bin/mips-elf-as --disable-libssp --enable-languages=c