This is the mail archive of the
gcc-testresults@gcc.gnu.org
mailing list for the GCC project.
Results for 4.3.0 20070819 (experimental) [trunk revision 127629] testsuite on hppa-unknown-linux-gnu
- From: John David Anglin <dave at gsyprf11 dot external dot hp dot com>
- To: dave dot anglin at nrc-cnrc dot gc dot ca, gcc-testresults at gcc dot gnu dot org
- Date: Mon, 20 Aug 2007 17:07:58 -0700
- Subject: Results for 4.3.0 20070819 (experimental) [trunk revision 127629] testsuite on hppa-unknown-linux-gnu
LAST_UPDATED: Mon Aug 20 00:15:47 UTC 2007 (revision 127629)
=== acats tests ===
FAIL: cd92001
FAIL: cxh1001
=== acats Summary ===
# of expected passes 2313
# of unexpected failures 2
Native configuration is hppa-unknown-linux-gnu
=== g++ tests ===
Running target unix
WARNING: program timed out.
FAIL: g++.dg/eh/cleanup1.C (test for excess errors)
WARNING: program timed out.
FAIL: g++.dg/opt/longbranch1.C (test for excess errors)
XPASS: g++.dg/tree-ssa/copyprop-1.C scan-tree-dump-not .* = [^>;]*;
XPASS: g++.dg/tree-ssa/ivopts-1.C scan-tree-dump-not offset: -4B
XPASS: g++.dg/tree-ssa/ivopts-1.C scan-tree-dump-not &x\\[5\\]
=== g++ Summary ===
# of expected passes 16277
# of unexpected failures 2
# of unexpected successes 3
# of expected failures 87
# of unsupported tests 129
/home/dave/gcc-4.3/objdir/gcc/testsuite/g++/../../g++ version 4.3.0 20070819 (experimental) [trunk revision 127629]
=== gcc tests ===
Running target unix
WARNING: program timed out.
FAIL: gcc.c-torture/compile/20001226-1.c -O0 (test for excess errors)
WARNING: program timed out.
FAIL: gcc.c-torture/compile/20001226-1.c -O1 (test for excess errors)
WARNING: program timed out.
FAIL: gcc.c-torture/compile/20001226-1.c -O2 (test for excess errors)
WARNING: program timed out.
FAIL: gcc.c-torture/compile/20001226-1.c -O3 -fomit-frame-pointer (test for excess errors)
WARNING: program timed out.
FAIL: gcc.c-torture/compile/20001226-1.c -O3 -g (test for excess errors)
WARNING: program timed out.
FAIL: gcc.c-torture/compile/20001226-1.c -Os (test for excess errors)
FAIL: gcc.c-torture/execute/mayalias-2.c compilation, -O3 -g (internal compiler error)
UNRESOLVED: gcc.c-torture/execute/mayalias-2.c execution, -O3 -g
FAIL: gcc.c-torture/execute/mayalias-3.c compilation, -O3 -g (internal compiler error)
UNRESOLVED: gcc.c-torture/execute/mayalias-3.c execution, -O3 -g
WARNING: program timed out.
FAIL: gcc.c-torture/execute/va-arg-22.c compilation, -O3 -g
UNRESOLVED: gcc.c-torture/execute/va-arg-22.c execution, -O3 -g
WARNING: program timed out.
FAIL: gcc.dg/binary-constants-1.c (test for excess errors)
FAIL: gcc.dg/builtins-61.c scan-tree-dump return 0.0
WARNING: program timed out.
WARNING: program timed out.
FAIL: gcc.dg/c99-intconst-1.c (test for excess errors)
WARNING: program timed out.
FAIL: gcc.dg/torture/fp-int-convert-long-double.c -O3 -fomit-frame-pointer (test for excess errors)
UNRESOLVED: gcc.dg/torture/fp-int-convert-long-double.c -O3 -fomit-frame-pointer compilation failed to produce executable
WARNING: program timed out.
FAIL: gcc.dg/torture/fp-int-convert-long-double.c -O3 -g (test for excess errors)
UNRESOLVED: gcc.dg/torture/fp-int-convert-long-double.c -O3 -g compilation failed to produce executable
XPASS: gcc.dg/tree-ssa/loop-1.c scan-assembler-times foo 5
XPASS: gcc.dg/tree-ssa/update-threading.c scan-tree-dump-times Invalid sum 0
=== gcc Summary ===
# of expected passes 43638
# of unexpected failures 14
# of unexpected successes 2
# of expected failures 98
# of unresolved testcases 5
# of untested testcases 35
# of unsupported tests 392
/home/dave/gcc-4.3/objdir/gcc/xgcc version 4.3.0 20070819 (experimental) [trunk revision 127629]
=== gfortran tests ===
Running target unix
WARNING: program timed out.
FAIL: gfortran.dg/alloc_comp_assign_2.f90 -O3 -fomit-frame-pointer -funroll-all-loops -finline-functions (test for excess errors)
UNRESOLVED: gfortran.dg/alloc_comp_assign_2.f90 -O3 -fomit-frame-pointer -funroll-all-loops -finline-functions compilation failed to produce executable
=== gfortran Summary ===
# of expected passes 20547
# of unexpected failures 1
# of expected failures 8
# of unresolved testcases 1
# of unsupported tests 92
/home/dave/gcc-4.3/objdir/gcc/testsuite/gfortran/../../gfortran version 4.3.0 20070819 (experimental) [trunk revision 127629]
=== gnat tests ===
Running target unix
FAIL: gnat.dg/controlled2.adb (test for excess errors)
=== gnat Summary ===
# of expected passes 270
# of unexpected failures 1
=== obj-c++ tests ===
Running target unix
FAIL: obj-c++.dg/bitfield-1.mm (internal compiler error)
FAIL: obj-c++.dg/bitfield-1.mm (test for excess errors)
UNRESOLVED: obj-c++.dg/bitfield-1.mm compilation failed to produce executable
FAIL: obj-c++.dg/comp-types-10.mm (internal compiler error)
FAIL: obj-c++.dg/comp-types-10.mm (test for excess errors)
FAIL: obj-c++.dg/cxx-ivars-2.mm execution test
FAIL: obj-c++.dg/encode-2.mm scan-assembler {Vec<float>=ffi}
FAIL: obj-c++.dg/encode-2.mm scan-assembler {Vec<double>=ddi}
FAIL: obj-c++.dg/encode-3.mm execution test
FAIL: obj-c++.dg/encode-8.mm execution test
FAIL: obj-c++.dg/gnu-runtime-2.mm (test for excess errors)
FAIL: obj-c++.dg/isa-field-1.mm (test for excess errors)
FAIL: obj-c++.dg/lookup-2.mm (test for excess errors)
UNRESOLVED: obj-c++.dg/lookup-2.mm compilation failed to produce executable
FAIL: obj-c++.dg/try-catch-2.mm (test for excess errors)
UNRESOLVED: obj-c++.dg/try-catch-2.mm compilation failed to produce executable
FAIL: obj-c++.dg/try-catch-9.mm (internal compiler error)
FAIL: obj-c++.dg/try-catch-9.mm (test for excess errors)
UNRESOLVED: obj-c++.dg/try-catch-9.mm compilation failed to produce executable
=== obj-c++ Summary ===
# of expected passes 422
# of unexpected failures 15
# of unresolved testcases 4
# of unsupported tests 13
/home/dave/gcc-4.3/objdir/gcc/testsuite/obj-c++/../../g++ version 4.3.0 20070819 (experimental) [trunk revision 127629]
=== objc tests ===
Running target unix
=== objc Summary ===
# of expected passes 1812
# of expected failures 7
# of unsupported tests 24
/home/dave/gcc-4.3/objdir/gcc/xgcc version 4.3.0 20070819 (experimental) [trunk revision 127629]
=== libffi tests ===
Running target unix
=== libffi Summary ===
# of expected passes 1096
# of unsupported tests 8
=== libgomp tests ===
Running target unix
WARNING: program timed out.
FAIL: libgomp.fortran/vla4.f90 -O2 (test for excess errors)
UNRESOLVED: libgomp.fortran/vla4.f90 -O2 compilation failed to produce executable
WARNING: program timed out.
FAIL: libgomp.fortran/vla5.f90 -O2 (test for excess errors)
UNRESOLVED: libgomp.fortran/vla5.f90 -O2 compilation failed to produce executable
WARNING: program timed out.
FAIL: libgomp.fortran/vla5.f90 -O3 -fomit-frame-pointer -funroll-loops (test for excess errors)
UNRESOLVED: libgomp.fortran/vla5.f90 -O3 -fomit-frame-pointer -funroll-loops compilation failed to produce executable
=== libgomp Summary ===
# of expected passes 1587
# of unexpected failures 3
# of unresolved testcases 3
# of unsupported tests 7
=== libjava tests ===
Running target unix
WARNING: program timed out.
FAIL: ExtraClassLoader -findirect-dispatch compilation from source
WARNING: program timed out.
FAIL: ExtraClassLoader -O3 compilation from source
WARNING: program timed out.
FAIL: ExtraClassLoader -O3 -findirect-dispatch compilation from source
FAIL: N19990310_02 -O3 output - source compiled test
FAIL: N19990310_02 -O3 -findirect-dispatch output - source compiled test
WARNING: program timed out.
FAIL: Process_3 -findirect-dispatch execution - source compiled test
=== libjava Summary ===
# of expected passes 2525
# of unexpected failures 6
# of untested testcases 7
=== libmudflap tests ===
Running target unix
FAIL: libmudflap.c++/pass41-frag.cxx execution test
FAIL: libmudflap.c++/pass41-frag.cxx (-static) execution test
FAIL: libmudflap.c++/pass41-frag.cxx ( -O) execution test
FAIL: libmudflap.c++/pass41-frag.cxx (-O2) execution test
FAIL: libmudflap.c++/pass41-frag.cxx (-O3) execution test
=== libmudflap Summary ===
# of expected passes 1821
# of unexpected failures 5
=== libstdc++ tests ===
Running target unix
FAIL: abi_check
FAIL: 23_containers/bitset/cons/16020.cc execution test
XPASS: 26_numerics/headers/cmath/c99_classification_macros_c.cc (test for excess errors)
WARNING: program timed out.
FAIL: ext/pb_ds/regression/hash_no_data_map_rand.cc (test for excess errors)
UNRESOLVED: ext/pb_ds/regression/hash_no_data_map_rand.cc compilation failed to produce executable
WARNING: program timed out.
FAIL: ext/pb_ds/regression/tree_data_map_rand.cc (test for excess errors)
UNRESOLVED: ext/pb_ds/regression/tree_data_map_rand.cc compilation failed to produce executable
WARNING: program timed out.
FAIL: ext/pb_ds/regression/tree_no_data_map_rand.cc (test for excess errors)
UNRESOLVED: ext/pb_ds/regression/tree_no_data_map_rand.cc compilation failed to produce executable
WARNING: program timed out.
FAIL: ext/pb_ds/regression/trie_data_map_rand.cc (test for excess errors)
UNRESOLVED: ext/pb_ds/regression/trie_data_map_rand.cc compilation failed to produce executable
WARNING: program timed out.
FAIL: ext/pb_ds/regression/trie_no_data_map_rand.cc (test for excess errors)
UNRESOLVED: ext/pb_ds/regression/trie_no_data_map_rand.cc compilation failed to produce executable
WARNING: program timed out.
FAIL: tr1/5_numerical_facilities/special_functions/17_hyperg/check_value.cc (test for excess errors)
UNRESOLVED: tr1/5_numerical_facilities/special_functions/17_hyperg/check_value.cc compilation failed to produce executable
=== libstdc++ Summary ===
# of expected passes 4463
# of unexpected failures 8
# of unexpected successes 1
# of expected failures 54
# of unresolved testcases 6
# of unsupported tests 316
Compiler version: 4.3.0 20070819 (experimental) [trunk revision 127629]
Platform: hppa-unknown-linux-gnu
configure flags: --with-gnu-as --with-gnu-ld --enable-shared --enable-nls --prefix=/home/dave/opt/gnu/gcc/gcc-4.3.0 --with-local-prefix=/home/dave/opt/gnu --enable-threads=posix --enable-__cxa_atexit --build=hppa-linux --enable-clocale=gnu --enable-java-gc=boehm --enable-java-awt=xlib --enable-languages=c,c++,objc,fortran,ada,obj-c++,java