This is the mail archive of the
gcc-testresults@gcc.gnu.org
mailing list for the GCC project.
Results for 4.3.0 20070816 (experimental) [trunk revision 127568] testsuite on mipsel-unknown-linux-gnu
- From: David Daney <daney at avtrex dot com>
- To: gcc-testresults at gcc dot gnu dot org
- Date: Mon, 20 Aug 2007 10:27:55 -0700
- Subject: Results for 4.3.0 20070816 (experimental) [trunk revision 127568] testsuite on mipsel-unknown-linux-gnu
Linux 2.6.15-rc1 kernel
glibc-2.3.3
binutils-2.17 (with http://sources.redhat.com/ml/binutils/2006-11/msg00059.html)
==============================
LAST_UPDATED: Thu Aug 16 23:23:31 UTC 2007 (revision 127568)
Native configuration is mipsel-unknown-linux-gnu
=== g++ tests ===
Running target unix
WARNING: program timed out.
FAIL: g++.dg/eh/cleanup1.C (test for excess errors)
XPASS: g++.dg/tree-ssa/copyprop-1.C scan-tree-dump-not .* = [^>;]*;
=== g++ Summary ===
# of expected passes 16184
# of unexpected failures 1
# of unexpected successes 1
# of expected failures 87
# of unsupported tests 141
/home/build/gcc-build/gcc/testsuite/g++/../../g++ version 4.3.0 20070816 (experimental) [trunk revision 127568]
=== gcc tests ===
Running target unix
WARNING: program timed out.
FAIL: gcc.c-torture/compile/20001226-1.c -O1 (test for excess errors)
WARNING: program timed out.
FAIL: gcc.c-torture/compile/20001226-1.c -O2 (test for excess errors)
WARNING: program timed out.
FAIL: gcc.c-torture/compile/20001226-1.c -O3 -fomit-frame-pointer (test for excess errors)
WARNING: program timed out.
FAIL: gcc.c-torture/compile/20001226-1.c -O3 -g (test for excess errors)
WARNING: program timed out.
FAIL: gcc.c-torture/compile/20001226-1.c -Os (test for excess errors)
WARNING: program timed out.
FAIL: gcc.c-torture/compile/limits-fnargs.c -O2 (test for excess errors)
WARNING: program timed out.
FAIL: gcc.c-torture/compile/limits-fnargs.c -O3 -fomit-frame-pointer (test for excess errors)
WARNING: program timed out.
FAIL: gcc.c-torture/compile/limits-fnargs.c -O3 -g (test for excess errors)
WARNING: program timed out.
FAIL: gcc.c-torture/compile/limits-fnargs.c -Os (test for excess errors)
FAIL: gcc.c-torture/execute/builtin-bitops-1.c execution, -O3 -fomit-frame-pointer -funroll-loops
FAIL: gcc.c-torture/execute/builtin-bitops-1.c execution, -O3 -fomit-frame-pointer -funroll-all-loops -finline-functions
FAIL: gcc.c-torture/execute/mayalias-2.c compilation, -O3 -g (internal compiler error)
UNRESOLVED: gcc.c-torture/execute/mayalias-2.c execution, -O3 -g
FAIL: gcc.c-torture/execute/mayalias-3.c compilation, -O3 -g (internal compiler error)
UNRESOLVED: gcc.c-torture/execute/mayalias-3.c execution, -O3 -g
XPASS: gcc.dg/cpp/cmdlne-dI-M.c scan-file (^|\\\\n)cmdlne-dI-M.*:[^\\\\n]*cmdlne-dI-M.c
XPASS: gcc.dg/cpp/cmdlne-dM-M.c scan-file (^|\\\\n)cmdlne-dM-M[^\\\\n]*:[^\\\\n]*cmdlne-dM-M.c
FAIL: gcc.dg/attr-alias-3.c (test for excess errors)
FAIL: gcc.dg/builtins-61.c scan-tree-dump return 0.0
FAIL: gcc.dg/memcpy-1.c scan-tree-dump-times nasty_local 0
FAIL: gcc.dg/pr30957-1.c scan-rtl-dump Expanding Accumulator
FAIL: gcc.dg/var-expand1.c scan-rtl-dump Expanding Accumulator
XPASS: gcc.dg/tree-ssa/20040204-1.c scan-tree-dump-times link_error 0
XPASS: gcc.dg/tree-ssa/update-threading.c scan-tree-dump-times Invalid sum 0
FAIL: gcc.target/mips/code-readable-1.c (internal compiler error)
FAIL: gcc.target/mips/code-readable-1.c (test for excess errors)
ERROR: gcc.target/mips/code-readable-1.c: error executing dg-final: couldn't open "code-readable-1.s": no such file or directory
UNRESOLVED: gcc.target/mips/code-readable-1.c: error executing dg-final: couldn't open "code-readable-1.s": no such file or directory
FAIL: gcc.target/mips/code-readable-2.c (internal compiler error)
FAIL: gcc.target/mips/code-readable-2.c (test for excess errors)
ERROR: gcc.target/mips/code-readable-2.c: error executing dg-final: couldn't open "code-readable-2.s": no such file or directory
UNRESOLVED: gcc.target/mips/code-readable-2.c: error executing dg-final: couldn't open "code-readable-2.s": no such file or directory
FAIL: gcc.target/mips/code-readable-3.c (internal compiler error)
FAIL: gcc.target/mips/code-readable-3.c (test for excess errors)
ERROR: gcc.target/mips/code-readable-3.c: error executing dg-final: couldn't open "code-readable-3.s": no such file or directory
UNRESOLVED: gcc.target/mips/code-readable-3.c: error executing dg-final: couldn't open "code-readable-3.s": no such file or directory
=== gcc Summary ===
# of expected passes 43944
# of unexpected failures 24
# of unexpected successes 4
# of expected failures 94
# of unresolved testcases 5
# of untested testcases 35
# of unsupported tests 385
/home/build/gcc-build/gcc/xgcc version 4.3.0 20070816 (experimental) [trunk revision 127568]
=== libgomp tests ===
Running target unix
=== libgomp Summary ===
# of expected passes 480
# of unsupported tests 9
=== libstdc++ tests ===
Running target unix
FAIL: abi_check
XPASS: 26_numerics/headers/cmath/c99_classification_macros_c.cc (test for excess errors)
WARNING: program timed out.
FAIL: ext/pb_ds/regression/hash_data_map_rand.cc (test for excess errors)
WARNING: ext/pb_ds/regression/hash_data_map_rand.cc compilation failed to produce executable
WARNING: program timed out.
FAIL: ext/pb_ds/regression/hash_no_data_map_rand.cc (test for excess errors)
WARNING: ext/pb_ds/regression/hash_no_data_map_rand.cc compilation failed to produce executable
WARNING: program timed out.
FAIL: ext/pb_ds/regression/priority_queue_rand.cc (test for excess errors)
WARNING: ext/pb_ds/regression/priority_queue_rand.cc compilation failed to produce executable
WARNING: program timed out.
FAIL: ext/pb_ds/regression/tree_data_map_rand.cc (test for excess errors)
WARNING: ext/pb_ds/regression/tree_data_map_rand.cc compilation failed to produce executable
WARNING: program timed out.
FAIL: ext/pb_ds/regression/tree_no_data_map_rand.cc (test for excess errors)
WARNING: ext/pb_ds/regression/tree_no_data_map_rand.cc compilation failed to produce executable
WARNING: program timed out.
FAIL: ext/pb_ds/regression/trie_data_map_rand.cc (test for excess errors)
WARNING: ext/pb_ds/regression/trie_data_map_rand.cc compilation failed to produce executable
WARNING: program timed out.
FAIL: ext/pb_ds/regression/trie_no_data_map_rand.cc (test for excess errors)
WARNING: ext/pb_ds/regression/trie_no_data_map_rand.cc compilation failed to produce executable
WARNING: program timed out.
FAIL: tr1/5_numerical_facilities/special_functions/20_riemann_zeta/check_value_neg.cc execution test
WARNING: program timed out.
FAIL: tr1/5_numerical_facilities/special_functions/20_riemann_zeta/check_value_pos.cc execution test
=== libstdc++ Summary ===
# of expected passes 4459
# of unexpected failures 10
# of unexpected successes 1
# of expected failures 54
# of unsupported tests 316
Compiler version: 4.3.0 20070816 (experimental) [trunk revision 127568]
Platform: mipsel-unknown-linux-gnu
configure flags: --with-arch=mips32 --with-float=soft --disable-java-awt --without-x --disable-tls --enable-__cxa_atexit --disable-jvmpi --disable-static --disable-libmudflap --enable-languages=c,c++