This is the mail archive of the
gcc-testresults@gcc.gnu.org
mailing list for the GCC project.
Results for 4.3.0 20070820 (experimental) [URL: file:///mounts/users-space/schwab/repro/gcc-svn/trunk revision 127637] testsuite on ia64-suse-linux-gnu
- From: Andreas Schwab <schwab at suse dot de>
- To: gcc-testresults at gcc dot gnu dot org
- Date: Mon, 20 Aug 2007 11:56:55 +0200
- Subject: Results for 4.3.0 20070820 (experimental) [URL: file:///mounts/users-space/schwab/repro/gcc-svn/trunk revision 127637] testsuite on ia64-suse-linux-gnu
LAST_UPDATED: Mon Aug 20 08:00:51 UTC 2007 (revision 127637)
=== acats tests ===
FAIL: c41103a
FAIL: c41103b
FAIL: cd92001
FAIL: cxb3014
FAIL: cxb3016
FAIL: cxh1001
=== acats Summary ===
# of expected passes 2309
# of unexpected failures 6
Native configuration is ia64-suse-linux-gnu
=== g++ tests ===
Running target unix
XPASS: g++.dg/tree-ssa/copyprop-1.C scan-tree-dump-not .* = [^>;]*;
FAIL: g++.dg/tree-ssa/pr28003.C execution test
FAIL: g++.dg/tree-prof/indir-call-prof.C scan-tree-dump Indirect call -> direct call.* AA transformation on insn
FAIL: g++.dg/tree-prof/indir-call-prof.C scan-tree-dump Indirect call -> direct call.* AA transformation on insn
FAIL: g++.dg/tree-prof/indir-call-prof.C scan-tree-dump Indirect call -> direct call.* AA transformation on insn
FAIL: g++.dg/tree-prof/indir-call-prof.C scan-tree-dump Indirect call -> direct call.* AA transformation on insn
FAIL: g++.dg/tree-prof/indir-call-prof.C scan-tree-dump Indirect call -> direct call.* AA transformation on insn
FAIL: g++.dg/tree-prof/indir-call-prof.C scan-tree-dump Indirect call -> direct call.* AA transformation on insn
FAIL: g++.dg/tree-prof/indir-call-prof.C scan-tree-dump Indirect call -> direct call.* AA transformation on insn
=== g++ Summary ===
# of expected passes 15628
# of unexpected failures 8
# of unexpected successes 1
# of expected failures 87
# of unsupported tests 126
/tmp/cvs/gcc-20070820/Build/gcc/testsuite/g++/../../g++ version 4.3.0 20070820 (experimental) [URL: file:///mounts/users-space/schwab/repro/gcc-svn/trunk revision 127637]
=== gcc tests ===
Running target unix
FAIL: gcc.c-torture/execute/mayalias-2.c compilation, -O3 -g (internal compiler error)
UNRESOLVED: gcc.c-torture/execute/mayalias-2.c execution, -O3 -g
FAIL: gcc.c-torture/execute/mayalias-3.c compilation, -O3 -g (internal compiler error)
UNRESOLVED: gcc.c-torture/execute/mayalias-3.c execution, -O3 -g
FAIL: gcc.dg/builtin-apply4.c execution test
FAIL: gcc.dg/builtins-61.c scan-tree-dump return 0.0
FAIL: gcc.dg/pr30643.c scan-assembler-not undefined
FAIL: gcc.dg/sms-antideps.c (internal compiler error)
FAIL: gcc.dg/sms-antideps.c (test for excess errors)
WARNING: gcc.dg/sms-antideps.c compilation failed to produce executable
WARNING: gcc.dg/torture/fp-int-convert-float128-timode.c -O0 compilation failed to produce executable
WARNING: gcc.dg/torture/fp-int-convert-float128-timode.c -O1 compilation failed to produce executable
WARNING: gcc.dg/torture/fp-int-convert-float128-timode.c -O2 compilation failed to produce executable
WARNING: gcc.dg/torture/fp-int-convert-float128-timode.c -O3 -fomit-frame-pointer compilation failed to produce executable
WARNING: gcc.dg/torture/fp-int-convert-float128-timode.c -O3 -g compilation failed to produce executable
WARNING: gcc.dg/torture/fp-int-convert-float128-timode.c -Os compilation failed to produce executable
FAIL: gcc.dg/torture/fp-int-convert-float128.c -O0 (test for excess errors)
WARNING: gcc.dg/torture/fp-int-convert-float128.c -O0 compilation failed to produce executable
FAIL: gcc.dg/torture/fp-int-convert-float128.c -O1 (test for excess errors)
WARNING: gcc.dg/torture/fp-int-convert-float128.c -O1 compilation failed to produce executable
FAIL: gcc.dg/torture/fp-int-convert-float128.c -O2 (test for excess errors)
WARNING: gcc.dg/torture/fp-int-convert-float128.c -O2 compilation failed to produce executable
FAIL: gcc.dg/torture/fp-int-convert-float128.c -O3 -fomit-frame-pointer (test for excess errors)
WARNING: gcc.dg/torture/fp-int-convert-float128.c -O3 -fomit-frame-pointer compilation failed to produce executable
FAIL: gcc.dg/torture/fp-int-convert-float128.c -O3 -g (test for excess errors)
WARNING: gcc.dg/torture/fp-int-convert-float128.c -O3 -g compilation failed to produce executable
FAIL: gcc.dg/torture/fp-int-convert-float128.c -Os (test for excess errors)
WARNING: gcc.dg/torture/fp-int-convert-float128.c -Os compilation failed to produce executable
XPASS: gcc.dg/tree-ssa/loop-1.c scan-assembler-times foo 5
XPASS: gcc.dg/tree-ssa/update-threading.c scan-tree-dump-times Invalid sum 0
FAIL: gcc.dg/vect/vect-104.c scan-tree-dump-times vectorized 1 loops 0
FAIL: gcc.dg/vect/vect-iv-6.c scan-tree-dump-times vectorized 1 loops 1
FAIL: gcc.dg/vect/vect-outer-2.c scan-tree-dump-times OUTER LOOP VECTORIZED 1
FAIL: gcc.dg/vect/vect-outer-2a.c scan-tree-dump-times OUTER LOOP VECTORIZED 1
FAIL: gcc.dg/vect/vect-outer-2c.c scan-tree-dump-times OUTER LOOP VECTORIZED 1
FAIL: gcc.dg/vect/vect-outer-4c.c scan-tree-dump-times OUTER LOOP VECTORIZED 1
FAIL: gcc.dg/vect/vect-outer-5.c scan-tree-dump-times zero step in outer loop. 1
FAIL: gcc.dg/vect/vect-strided-store-u16-i4.c scan-tree-dump-times vectorized 1 loops 1
FAIL: gcc.dg/vect/no-vfa-pr29145.c scan-tree-dump-times vectorized 0 loops 2
FAIL: gcc.dg/vect/no-vfa-pr29145.c scan-tree-dump-times vectorized 1 loops 1
FAIL: gcc.dg/vect/no-scevccp-outer-16.c scan-tree-dump-times OUTER LOOP VECTORIZED. 1
FAIL: gcc.dg/vect/no-scevccp-outer-17.c scan-tree-dump-times OUTER LOOP VECTORIZED. 1
FAIL: gcc.dg/vect/no-scevccp-outer-18.c scan-tree-dump-times OUTER LOOP VECTORIZED. 1
FAIL: gcc.dg/vect/no-scevccp-outer-19.c scan-tree-dump-times OUTER LOOP VECTORIZED. 1
FAIL: gcc.dg/vect/no-scevccp-outer-21.c scan-tree-dump-times OUTER LOOP VECTORIZED. 1
=== gcc Summary ===
# of expected passes 44033
# of unexpected failures 28
# of unexpected successes 2
# of expected failures 208
# of unresolved testcases 2
# of untested testcases 35
# of unsupported tests 374
/tmp/cvs/gcc-20070820/Build/gcc/xgcc version 4.3.0 20070820 (experimental) [URL: file:///mounts/users-space/schwab/repro/gcc-svn/trunk revision 127637]
=== gfortran tests ===
Running target unix
=== gfortran Summary ===
# of expected passes 20702
# of expected failures 16
# of unsupported tests 28
/tmp/cvs/gcc-20070820/Build/gcc/testsuite/gfortran/../../gfortran version 4.3.0 20070820 (experimental) [URL: file:///mounts/users-space/schwab/repro/gcc-svn/trunk revision 127637]
=== gnat tests ===
Running target unix
FAIL: gnat.dg/addr2.adb execution test
FAIL: gnat.dg/controlled2.adb (test for excess errors)
FAIL: gnat.dg/frame_overflow.adb (test for errors, line 12)
FAIL: gnat.dg/frame_overflow.adb (test for errors, line 21)
FAIL: gnat.dg/specs/uc1.ads (test for excess errors)
=== gnat Summary ===
# of expected passes 266
# of unexpected failures 5
=== obj-c++ tests ===
Running target unix
FAIL: obj-c++.dg/bitfield-1.mm (internal compiler error)
FAIL: obj-c++.dg/bitfield-1.mm (test for excess errors)
WARNING: obj-c++.dg/bitfield-1.mm compilation failed to produce executable
FAIL: obj-c++.dg/bitfield-4.mm (test for excess errors)
FAIL: obj-c++.dg/comp-types-10.mm (internal compiler error)
FAIL: obj-c++.dg/comp-types-10.mm (test for excess errors)
FAIL: obj-c++.dg/cxx-ivars-2.mm execution test
FAIL: obj-c++.dg/cxx-scope-2.mm (internal compiler error)
FAIL: obj-c++.dg/cxx-scope-2.mm (test for warnings, line 14)
FAIL: obj-c++.dg/cxx-scope-2.mm (test for warnings, line 16)
FAIL: obj-c++.dg/cxx-scope-2.mm (test for excess errors)
FAIL: obj-c++.dg/encode-2.mm scan-assembler {Vec<float>=ffi}
FAIL: obj-c++.dg/encode-2.mm scan-assembler {Vec<double>=ddi}
FAIL: obj-c++.dg/encode-3.mm execution test
FAIL: obj-c++.dg/encode-8.mm execution test
FAIL: obj-c++.dg/gnu-runtime-2.mm (test for excess errors)
FAIL: obj-c++.dg/isa-field-1.mm (test for excess errors)
FAIL: obj-c++.dg/layout-1.mm (test for excess errors)
FAIL: obj-c++.dg/lookup-2.mm (test for excess errors)
WARNING: obj-c++.dg/lookup-2.mm compilation failed to produce executable
FAIL: obj-c++.dg/try-catch-2.mm (test for excess errors)
WARNING: obj-c++.dg/try-catch-2.mm compilation failed to produce executable
FAIL: obj-c++.dg/try-catch-9.mm (internal compiler error)
FAIL: obj-c++.dg/try-catch-9.mm (test for excess errors)
WARNING: obj-c++.dg/try-catch-9.mm compilation failed to produce executable
=== obj-c++ Summary ===
# of expected passes 417
# of unexpected failures 21
# of unsupported tests 13
/tmp/cvs/gcc-20070820/Build/gcc/testsuite/obj-c++/../../g++ version 4.3.0 20070820 (experimental) [URL: file:///mounts/users-space/schwab/repro/gcc-svn/trunk revision 127637]
=== objc tests ===
Running target unix
=== objc Summary ===
# of expected passes 1810
# of expected failures 7
# of unsupported tests 25
/tmp/cvs/gcc-20070820/Build/gcc/xgcc version 4.3.0 20070820 (experimental) [URL: file:///mounts/users-space/schwab/repro/gcc-svn/trunk revision 127637]
=== libffi tests ===
Running target unix
=== libffi Summary ===
# of expected passes 1096
# of unsupported tests 8
=== libgomp tests ===
Running target unix
=== libgomp Summary ===
# of expected passes 1607
=== libjava tests ===
Running target unix
FAIL: getlocalvartable output
FAIL: N19990310_02 -O3 output - source compiled test
FAIL: N19990310_02 -O3 -findirect-dispatch output - source compiled test
FAIL: Throw_3 -O3 output - source compiled test
FAIL: Throw_3 -O3 -findirect-dispatch output - source compiled test
=== libjava Summary ===
# of expected passes 2533
# of unexpected failures 5
=== libmudflap tests ===
Running target unix
FAIL: libmudflap.c++/pass41-frag.cxx execution test
FAIL: libmudflap.c++/pass41-frag.cxx ( -O) execution test
FAIL: libmudflap.c++/pass41-frag.cxx (-O2) execution test
FAIL: libmudflap.c++/pass41-frag.cxx (-O3) execution test
FAIL: libmudflap.cth/pass39-frag.c (-O3) (rerun 7) execution test
FAIL: libmudflap.cth/pass39-frag.c (-O3) (rerun 7) output pattern test
=== libmudflap Summary ===
# of expected passes 1369
# of unexpected failures 6
=== libstdc++ tests ===
Running target unix
FAIL: 22_locale/moneypunct_byname/named_equivalence.cc (test for excess errors)
WARNING: 22_locale/moneypunct_byname/named_equivalence.cc compilation failed to produce executable
XPASS: 26_numerics/headers/cmath/c99_classification_macros_c.cc (test for excess errors)
XPASS: 27_io/fpos/14320-1.cc execution test
=== libstdc++ Summary ===
# of expected passes 5107
# of unexpected failures 1
# of unexpected successes 2
# of expected failures 53
Compiler version: 4.3.0 20070820 (experimental) [URL: file:///mounts/users-space/schwab/repro/gcc-svn/trunk revision 127637]
Platform: ia64-suse-linux-gnu
configure flags: --prefix=/tmp/cvs/gcc-20070820/Build/root --build=ia64-suse-linux --host=ia64-suse-linux --enable-shared --enable-threads --enable-__cxa_atexit --with-system-zlib --with-system-libunwind