This is the mail archive of the
gcc-testresults@gcc.gnu.org
mailing list for the GCC project.
Results for 4.3.0 20070820 (experimental) [trunk revision 127635] testsuite on i386-apple-darwin8.10.1
- From: "Andrew Pinski" <pinskia at gcc dot gnu dot org>
- To: gcc-testresults at gcc dot gnu dot org
- Date: Mon, 20 Aug 2007 02:36:17 -0700
- Subject: Results for 4.3.0 20070820 (experimental) [trunk revision 127635] testsuite on i386-apple-darwin8.10.1
LAST_UPDATED: Mon Aug 20 05:36:55 UTC 2007 (revision 127635)
Native configuration is i386-apple-darwin8.10.1
=== g++ tests ===
Running target unix
FAIL: tmpdir-g++.dg-struct-layout-1/t026
cp_compat_x_tst.o-cp_compat_y_tst.o execute
FAIL: g++.dg/other/unused1.C scan-assembler (string|ascii?)z?[\\t
]"class2("|\\\\\\\\0)
FAIL: g++.dg/other/unused1.C scan-assembler (string|ascii?)z?[\\t
]"printer("|\\\\\\\\0)
FAIL: g++.dg/template/spec35.C scan-assembler .glob(a|)l[\\t ]*_Z2f2IfEvT_
FAIL: g++.dg/template/spec35.C scan-assembler .weak[\\t ]*_Z2f2IiEvT_
XPASS: g++.dg/tree-ssa/copyprop-1.C scan-tree-dump-not .* = [^>;]*;
XPASS: g++.dg/tree-ssa/ivopts-1.C scan-tree-dump-not offset: -4B
XPASS: g++.dg/tree-ssa/ivopts-1.C scan-tree-dump-not &x\\[5\\]
FAIL: g++.dg/special/conpr-3.C execution test
FAIL: g++.dg/special/initpri1.C execution test
=== g++ Summary ===
# of expected passes 16238
# of unexpected failures 7
# of unexpected successes 3
# of expected failures 87
# of unsupported tests 125
/Users/apinski/src/other/gcc/objdir/gcc/testsuite/g++/../../g++
version 4.3.0 20070820 (experimental) [trunk revision 127635]
=== gcc tests ===
Running target unix
FAIL: gcc.c-torture/compile/20061005-1.c -O0 (test for excess errors)
FAIL: gcc.c-torture/compile/20061005-1.c -O1 (test for excess errors)
FAIL: gcc.c-torture/compile/20061005-1.c -O2 (test for excess errors)
FAIL: gcc.c-torture/compile/20061005-1.c -O3 -fomit-frame-pointer
(test for excess errors)
FAIL: gcc.c-torture/compile/20061005-1.c -O3 -g (test for excess errors)
FAIL: gcc.c-torture/compile/20061005-1.c -Os (test for excess errors)
FAIL: gcc.c-torture/compile/sync-1.c -O0 (test for excess errors)
FAIL: gcc.c-torture/compile/sync-1.c -O1 (test for excess errors)
FAIL: gcc.c-torture/compile/sync-1.c -O2 (test for excess errors)
FAIL: gcc.c-torture/compile/sync-1.c -O3 -fomit-frame-pointer (test
for excess errors)
FAIL: gcc.c-torture/compile/sync-1.c -O3 -g (test for excess errors)
FAIL: gcc.c-torture/compile/sync-1.c -Os (test for excess errors)
FAIL: gcc.c-torture/compile/sync-2.c -O0 (test for excess errors)
FAIL: gcc.c-torture/compile/sync-2.c -O1 (test for excess errors)
FAIL: gcc.c-torture/compile/sync-2.c -O2 (test for excess errors)
FAIL: gcc.c-torture/compile/sync-2.c -O3 -fomit-frame-pointer (test
for excess errors)
FAIL: gcc.c-torture/compile/sync-2.c -O3 -g (test for excess errors)
FAIL: gcc.c-torture/compile/sync-2.c -Os (test for excess errors)
FAIL: gcc.c-torture/execute/va-arg-25.c compilation, -Os (internal
compiler error)
UNRESOLVED: gcc.c-torture/execute/va-arg-25.c execution, -Os
FAIL: gcc.dg/20061124-1.c (test for excess errors)
UNRESOLVED: gcc.dg/20061124-1.c compilation failed to produce executable
FAIL: gcc.dg/builtins-61.c scan-tree-dump return 0.0
FAIL: gcc.dg/ia64-sync-1.c (test for excess errors)
UNRESOLVED: gcc.dg/ia64-sync-1.c compilation failed to produce executable
FAIL: gcc.dg/ia64-sync-2.c (test for excess errors)
UNRESOLVED: gcc.dg/ia64-sync-2.c compilation failed to produce executable
FAIL: gcc.dg/ia64-sync-3.c (test for excess errors)
UNRESOLVED: gcc.dg/ia64-sync-3.c compilation failed to produce executable
FAIL: gcc.dg/initpri1.c execution test
FAIL: gcc.dg/sibcall-6.c execution test
FAIL: gcc.dg/ssp-2.c (test for excess errors)
FAIL: gcc.dg/sync-2.c (test for excess errors)
UNRESOLVED: gcc.dg/sync-2.c compilation failed to produce executable
FAIL: gcc.dg/tree-ssa/gen-vect-11b.c scan-tree-dump-times vectorized 0 loops 1
FAIL: gcc.dg/tree-ssa/gen-vect-11c.c scan-tree-dump-times vectorized 0 loops 1
XPASS: gcc.dg/tree-ssa/update-threading.c scan-tree-dump-times Invalid sum 0
XPASS: gcc.target/i386/builtin-apply-mmx.c execution test
FAIL: gcc.target/i386/cmov4.c scan-assembler cmov
FAIL: gcc.target/i386/local2.c scan-assembler-not sub[^\\\\n]*sp
FAIL: gcc.target/i386/pow-1.c scan-assembler-not call
=== gcc Summary ===
# of expected passes 45434
# of unexpected failures 33
# of unexpected successes 2
# of expected failures 164
# of unresolved testcases 6
# of untested testcases 35
# of unsupported tests 474
/Users/apinski/src/other/gcc/objdir/gcc/xgcc version 4.3.0 20070820
(experimental) [trunk revision 127635]
=== gfortran tests ===
Running target unix
=== gfortran Summary ===
# of expected passes 20629
# of expected failures 8
# of unsupported tests 46
/Users/apinski/src/other/gcc/objdir/gcc/testsuite/gfortran/../../gfortran
version 4.3.0 20070820 (experimental) [trunk revision 127635]
=== objc tests ===
Running target unix
FAIL: objc.dg/stret-2.m scan-assembler objc_msgSend_stret
FAIL: objc.dg/stret-2.m scan-assembler-not objc_msgSend[^_S]
FAIL: objc.dg/stret-2.m scan-assembler-not objc_msgSendSuper[^_]
FAIL: objc.dg/stubify-1.m (test for excess errors)
ERROR: objc.dg/stubify-1.m: error executing dg-final: couldn't open
"stubify-1.s": no such file or directory
UNRESOLVED: objc.dg/stubify-1.m: error executing dg-final: couldn't
open "stubify-1.s": no such file or directory
FAIL: objc.dg/stubify-2.m (test for excess errors)
ERROR: objc.dg/stubify-2.m: error executing dg-final: no files matched
glob pattern "stubify-2.m.[0-9][0-9][0-9]r.jump"
UNRESOLVED: objc.dg/stubify-2.m: error executing dg-final: no files
matched glob pattern "stubify-2.m.[0-9][0-9][0-9]r.jump"
FAIL: objc.dg/symtab-1.m scan-assembler
L_OBJC_SYMBOLS.*:\\n\\t.long\\t0\\n\\t.long\\t0\\n\\t.short\\t2\\n\\t.short\\t0\\n\\t.long\\tL_OBJC_CLASS_Derived.*\\n\\t.long\\tL_OBJC_CLASS_Base.*\\n
=== objc Summary ===
# of expected passes 3048
# of unexpected failures 6
# of expected failures 7
# of unresolved testcases 2
# of unsupported tests 2
/Users/apinski/src/other/gcc/objdir/gcc/xgcc version 4.3.0 20070820
(experimental) [trunk revision 127635]
=== libffi tests ===
Running target unix
FAIL: libffi.call/return_sc.c -O0 -W -Wall execution test
FAIL: libffi.call/return_sc.c -O2 execution test
FAIL: libffi.call/return_sc.c -O3 execution test
=== libffi Summary ===
# of expected passes 1093
# of unexpected failures 3
# of unsupported tests 8
=== libgomp tests ===
Running target unix
FAIL: libgomp.c/appendix-a/a.16.1.c (test for excess errors)
UNRESOLVED: libgomp.c/appendix-a/a.16.1.c compilation failed to
produce executable
FAIL: libgomp.c/appendix-a/a.19.1.c (test for excess errors)
UNRESOLVED: libgomp.c/appendix-a/a.19.1.c compilation failed to
produce executable
FAIL: libgomp.c/atomic-1.c (test for excess errors)
UNRESOLVED: libgomp.c/atomic-1.c compilation failed to produce executable
FAIL: libgomp.c/atomic-10.c (test for excess errors)
UNRESOLVED: libgomp.c/atomic-10.c compilation failed to produce executable
FAIL: libgomp.c/lib-1.c (test for excess errors)
UNRESOLVED: libgomp.c/lib-1.c compilation failed to produce executable
FAIL: libgomp.c/nestedfn-1.c (test for excess errors)
UNRESOLVED: libgomp.c/nestedfn-1.c compilation failed to produce executable
FAIL: libgomp.c/nestedfn-3.c (test for excess errors)
UNRESOLVED: libgomp.c/nestedfn-3.c compilation failed to produce executable
FAIL: libgomp.c/nestedfn-4.c (test for excess errors)
UNRESOLVED: libgomp.c/nestedfn-4.c compilation failed to produce executable
FAIL: libgomp.c/nestedfn-5.c (test for excess errors)
UNRESOLVED: libgomp.c/nestedfn-5.c compilation failed to produce executable
FAIL: libgomp.c/omp-nested-1.c (test for excess errors)
UNRESOLVED: libgomp.c/omp-nested-1.c compilation failed to produce executable
FAIL: libgomp.c/omp_orphan.c (test for excess errors)
UNRESOLVED: libgomp.c/omp_orphan.c compilation failed to produce executable
FAIL: libgomp.c/omp_reduction.c (test for excess errors)
UNRESOLVED: libgomp.c/omp_reduction.c compilation failed to produce executable
FAIL: libgomp.c/ordered-2.c (test for excess errors)
UNRESOLVED: libgomp.c/ordered-2.c compilation failed to produce executable
FAIL: libgomp.c/pr26943-1.c (test for excess errors)
UNRESOLVED: libgomp.c/pr26943-1.c compilation failed to produce executable
FAIL: libgomp.c/pr26943-2.c (test for excess errors)
UNRESOLVED: libgomp.c/pr26943-2.c compilation failed to produce executable
FAIL: libgomp.c/pr26943-3.c (test for excess errors)
UNRESOLVED: libgomp.c/pr26943-3.c compilation failed to produce executable
FAIL: libgomp.c/pr26943-4.c (test for excess errors)
UNRESOLVED: libgomp.c/pr26943-4.c compilation failed to produce executable
FAIL: libgomp.c/pr29947-1.c (test for excess errors)
UNRESOLVED: libgomp.c/pr29947-1.c compilation failed to produce executable
FAIL: libgomp.c/pr29947-2.c (test for excess errors)
UNRESOLVED: libgomp.c/pr29947-2.c compilation failed to produce executable
FAIL: libgomp.c/pr30494.c (test for excess errors)
UNRESOLVED: libgomp.c/pr30494.c compilation failed to produce executable
FAIL: libgomp.c/reduction-1.c (test for excess errors)
UNRESOLVED: libgomp.c/reduction-1.c compilation failed to produce executable
FAIL: libgomp.c/reduction-2.c (test for excess errors)
UNRESOLVED: libgomp.c/reduction-2.c compilation failed to produce executable
FAIL: libgomp.c/reduction-3.c (test for excess errors)
UNRESOLVED: libgomp.c/reduction-3.c compilation failed to produce executable
FAIL: libgomp.c/reduction-4.c (test for excess errors)
UNRESOLVED: libgomp.c/reduction-4.c compilation failed to produce executable
FAIL: libgomp.c/shared-1.c (test for excess errors)
UNRESOLVED: libgomp.c/shared-1.c compilation failed to produce executable
FAIL: libgomp.c/vla-1.c (test for excess errors)
UNRESOLVED: libgomp.c/vla-1.c compilation failed to produce executable
FAIL: libgomp.c++/ctor-1.C -O0 (test for excess errors)
UNRESOLVED: libgomp.c++/ctor-1.C -O0 compilation failed to produce executable
FAIL: libgomp.c++/ctor-1.C -O1 (test for excess errors)
UNRESOLVED: libgomp.c++/ctor-1.C -O1 compilation failed to produce executable
FAIL: libgomp.c++/ctor-1.C -O2 (test for excess errors)
UNRESOLVED: libgomp.c++/ctor-1.C -O2 compilation failed to produce executable
FAIL: libgomp.c++/ctor-1.C -O3 -fomit-frame-pointer (test for excess errors)
UNRESOLVED: libgomp.c++/ctor-1.C -O3 -fomit-frame-pointer
compilation failed to produce executable
FAIL: libgomp.c++/ctor-1.C -O3 -fomit-frame-pointer -funroll-loops
(test for excess errors)
UNRESOLVED: libgomp.c++/ctor-1.C -O3 -fomit-frame-pointer
-funroll-loops compilation failed to produce executable
FAIL: libgomp.c++/ctor-1.C -O3 -fomit-frame-pointer
-funroll-all-loops -finline-functions (test for excess errors)
UNRESOLVED: libgomp.c++/ctor-1.C -O3 -fomit-frame-pointer
-funroll-all-loops -finline-functions compilation failed to produce
executable
FAIL: libgomp.c++/ctor-1.C -O3 -g (test for excess errors)
UNRESOLVED: libgomp.c++/ctor-1.C -O3 -g compilation failed to
produce executable
FAIL: libgomp.c++/ctor-1.C -Os (test for excess errors)
UNRESOLVED: libgomp.c++/ctor-1.C -Os compilation failed to produce executable
FAIL: libgomp.c++/ctor-2.C -O0 (test for excess errors)
UNRESOLVED: libgomp.c++/ctor-2.C -O0 compilation failed to produce executable
FAIL: libgomp.c++/ctor-2.C -O1 (test for excess errors)
UNRESOLVED: libgomp.c++/ctor-2.C -O1 compilation failed to produce executable
FAIL: libgomp.c++/ctor-2.C -O2 (test for excess errors)
UNRESOLVED: libgomp.c++/ctor-2.C -O2 compilation failed to produce executable
FAIL: libgomp.c++/ctor-2.C -O3 -fomit-frame-pointer (test for excess errors)
UNRESOLVED: libgomp.c++/ctor-2.C -O3 -fomit-frame-pointer
compilation failed to produce executable
FAIL: libgomp.c++/ctor-2.C -O3 -fomit-frame-pointer -funroll-loops
(test for excess errors)
UNRESOLVED: libgomp.c++/ctor-2.C -O3 -fomit-frame-pointer
-funroll-loops compilation failed to produce executable
FAIL: libgomp.c++/ctor-2.C -O3 -fomit-frame-pointer
-funroll-all-loops -finline-functions (test for excess errors)
UNRESOLVED: libgomp.c++/ctor-2.C -O3 -fomit-frame-pointer
-funroll-all-loops -finline-functions compilation failed to produce
executable
FAIL: libgomp.c++/ctor-2.C -O3 -g (test for excess errors)
UNRESOLVED: libgomp.c++/ctor-2.C -O3 -g compilation failed to
produce executable
FAIL: libgomp.c++/ctor-2.C -Os (test for excess errors)
UNRESOLVED: libgomp.c++/ctor-2.C -Os compilation failed to produce executable
FAIL: libgomp.c++/ctor-3.C -O0 (test for excess errors)
UNRESOLVED: libgomp.c++/ctor-3.C -O0 compilation failed to produce executable
FAIL: libgomp.c++/ctor-3.C -O1 (test for excess errors)
UNRESOLVED: libgomp.c++/ctor-3.C -O1 compilation failed to produce executable
FAIL: libgomp.c++/ctor-3.C -O2 (test for excess errors)
UNRESOLVED: libgomp.c++/ctor-3.C -O2 compilation failed to produce executable
FAIL: libgomp.c++/ctor-3.C -O3 -fomit-frame-pointer (test for excess errors)
UNRESOLVED: libgomp.c++/ctor-3.C -O3 -fomit-frame-pointer
compilation failed to produce executable
FAIL: libgomp.c++/ctor-3.C -O3 -fomit-frame-pointer -funroll-loops
(test for excess errors)
UNRESOLVED: libgomp.c++/ctor-3.C -O3 -fomit-frame-pointer
-funroll-loops compilation failed to produce executable
FAIL: libgomp.c++/ctor-3.C -O3 -fomit-frame-pointer
-funroll-all-loops -finline-functions (test for excess errors)
UNRESOLVED: libgomp.c++/ctor-3.C -O3 -fomit-frame-pointer
-funroll-all-loops -finline-functions compilation failed to produce
executable
FAIL: libgomp.c++/ctor-3.C -O3 -g (test for excess errors)
UNRESOLVED: libgomp.c++/ctor-3.C -O3 -g compilation failed to
produce executable
FAIL: libgomp.c++/ctor-3.C -Os (test for excess errors)
UNRESOLVED: libgomp.c++/ctor-3.C -Os compilation failed to produce executable
FAIL: libgomp.c++/ctor-4.C -O0 (test for excess errors)
UNRESOLVED: libgomp.c++/ctor-4.C -O0 compilation failed to produce executable
FAIL: libgomp.c++/ctor-4.C -O1 (test for excess errors)
UNRESOLVED: libgomp.c++/ctor-4.C -O1 compilation failed to produce executable
FAIL: libgomp.c++/ctor-4.C -O2 (test for excess errors)
UNRESOLVED: libgomp.c++/ctor-4.C -O2 compilation failed to produce executable
FAIL: libgomp.c++/ctor-4.C -O3 -fomit-frame-pointer (test for excess errors)
UNRESOLVED: libgomp.c++/ctor-4.C -O3 -fomit-frame-pointer
compilation failed to produce executable
FAIL: libgomp.c++/ctor-4.C -O3 -fomit-frame-pointer -funroll-loops
(test for excess errors)
UNRESOLVED: libgomp.c++/ctor-4.C -O3 -fomit-frame-pointer
-funroll-loops compilation failed to produce executable
FAIL: libgomp.c++/ctor-4.C -O3 -fomit-frame-pointer
-funroll-all-loops -finline-functions (test for excess errors)
UNRESOLVED: libgomp.c++/ctor-4.C -O3 -fomit-frame-pointer
-funroll-all-loops -finline-functions compilation failed to produce
executable
FAIL: libgomp.c++/ctor-4.C -O3 -g (test for excess errors)
UNRESOLVED: libgomp.c++/ctor-4.C -O3 -g compilation failed to
produce executable
FAIL: libgomp.c++/ctor-4.C -Os (test for excess errors)
UNRESOLVED: libgomp.c++/ctor-4.C -Os compilation failed to produce executable
FAIL: libgomp.c++/ctor-6.C -O0 (test for excess errors)
UNRESOLVED: libgomp.c++/ctor-6.C -O0 compilation failed to produce executable
FAIL: libgomp.c++/ctor-6.C -O1 (test for excess errors)
UNRESOLVED: libgomp.c++/ctor-6.C -O1 compilation failed to produce executable
FAIL: libgomp.c++/ctor-6.C -O2 (test for excess errors)
UNRESOLVED: libgomp.c++/ctor-6.C -O2 compilation failed to produce executable
FAIL: libgomp.c++/ctor-6.C -O3 -fomit-frame-pointer (test for excess errors)
UNRESOLVED: libgomp.c++/ctor-6.C -O3 -fomit-frame-pointer
compilation failed to produce executable
FAIL: libgomp.c++/ctor-6.C -O3 -fomit-frame-pointer -funroll-loops
(test for excess errors)
UNRESOLVED: libgomp.c++/ctor-6.C -O3 -fomit-frame-pointer
-funroll-loops compilation failed to produce executable
FAIL: libgomp.c++/ctor-6.C -O3 -fomit-frame-pointer
-funroll-all-loops -finline-functions (test for excess errors)
UNRESOLVED: libgomp.c++/ctor-6.C -O3 -fomit-frame-pointer
-funroll-all-loops -finline-functions compilation failed to produce
executable
FAIL: libgomp.c++/ctor-6.C -O3 -g (test for excess errors)
UNRESOLVED: libgomp.c++/ctor-6.C -O3 -g compilation failed to
produce executable
FAIL: libgomp.c++/ctor-6.C -Os (test for excess errors)
UNRESOLVED: libgomp.c++/ctor-6.C -Os compilation failed to produce executable
FAIL: libgomp.c++/ctor-7.C -O0 (test for excess errors)
UNRESOLVED: libgomp.c++/ctor-7.C -O0 compilation failed to produce executable
FAIL: libgomp.c++/ctor-7.C -O1 (test for excess errors)
UNRESOLVED: libgomp.c++/ctor-7.C -O1 compilation failed to produce executable
FAIL: libgomp.c++/ctor-7.C -O2 (test for excess errors)
UNRESOLVED: libgomp.c++/ctor-7.C -O2 compilation failed to produce executable
FAIL: libgomp.c++/ctor-7.C -O3 -fomit-frame-pointer (test for excess errors)
UNRESOLVED: libgomp.c++/ctor-7.C -O3 -fomit-frame-pointer
compilation failed to produce executable
FAIL: libgomp.c++/ctor-7.C -O3 -fomit-frame-pointer -funroll-loops
(test for excess errors)
UNRESOLVED: libgomp.c++/ctor-7.C -O3 -fomit-frame-pointer
-funroll-loops compilation failed to produce executable
FAIL: libgomp.c++/ctor-7.C -O3 -fomit-frame-pointer
-funroll-all-loops -finline-functions (test for excess errors)
UNRESOLVED: libgomp.c++/ctor-7.C -O3 -fomit-frame-pointer
-funroll-all-loops -finline-functions compilation failed to produce
executable
FAIL: libgomp.c++/ctor-7.C -O3 -g (test for excess errors)
UNRESOLVED: libgomp.c++/ctor-7.C -O3 -g compilation failed to
produce executable
FAIL: libgomp.c++/ctor-7.C -Os (test for excess errors)
UNRESOLVED: libgomp.c++/ctor-7.C -Os compilation failed to produce executable
FAIL: libgomp.c++/nested-1.C -O0 (test for excess errors)
UNRESOLVED: libgomp.c++/nested-1.C -O0 compilation failed to produce
executable
FAIL: libgomp.c++/nested-1.C -O1 (test for excess errors)
UNRESOLVED: libgomp.c++/nested-1.C -O1 compilation failed to produce
executable
FAIL: libgomp.c++/nested-1.C -O2 (test for excess errors)
UNRESOLVED: libgomp.c++/nested-1.C -O2 compilation failed to produce
executable
FAIL: libgomp.c++/nested-1.C -O3 -fomit-frame-pointer (test for excess errors)
UNRESOLVED: libgomp.c++/nested-1.C -O3 -fomit-frame-pointer
compilation failed to produce executable
FAIL: libgomp.c++/nested-1.C -O3 -fomit-frame-pointer -funroll-loops
(test for excess errors)
UNRESOLVED: libgomp.c++/nested-1.C -O3 -fomit-frame-pointer
-funroll-loops compilation failed to produce executable
FAIL: libgomp.c++/nested-1.C -O3 -fomit-frame-pointer
-funroll-all-loops -finline-functions (test for excess errors)
UNRESOLVED: libgomp.c++/nested-1.C -O3 -fomit-frame-pointer
-funroll-all-loops -finline-functions compilation failed to produce
executable
FAIL: libgomp.c++/nested-1.C -O3 -g (test for excess errors)
UNRESOLVED: libgomp.c++/nested-1.C -O3 -g compilation failed to
produce executable
FAIL: libgomp.c++/nested-1.C -Os (test for excess errors)
UNRESOLVED: libgomp.c++/nested-1.C -Os compilation failed to produce
executable
FAIL: libgomp.c++/pr26691.C -O (test for excess errors)
UNRESOLVED: libgomp.c++/pr26691.C -O compilation failed to produce executable
FAIL: libgomp.c++/pr27337.C -O0 (test for excess errors)
UNRESOLVED: libgomp.c++/pr27337.C -O0 compilation failed to produce executable
FAIL: libgomp.c++/pr27337.C -O1 (test for excess errors)
UNRESOLVED: libgomp.c++/pr27337.C -O1 compilation failed to produce executable
FAIL: libgomp.c++/pr27337.C -O2 (test for excess errors)
UNRESOLVED: libgomp.c++/pr27337.C -O2 compilation failed to produce executable
FAIL: libgomp.c++/pr27337.C -O3 -fomit-frame-pointer (test for excess errors)
UNRESOLVED: libgomp.c++/pr27337.C -O3 -fomit-frame-pointer
compilation failed to produce executable
FAIL: libgomp.c++/pr27337.C -O3 -fomit-frame-pointer -funroll-loops
(test for excess errors)
UNRESOLVED: libgomp.c++/pr27337.C -O3 -fomit-frame-pointer
-funroll-loops compilation failed to produce executable
FAIL: libgomp.c++/pr27337.C -O3 -fomit-frame-pointer
-funroll-all-loops -finline-functions (test for excess errors)
UNRESOLVED: libgomp.c++/pr27337.C -O3 -fomit-frame-pointer
-funroll-all-loops -finline-functions compilation failed to produce
executable
FAIL: libgomp.c++/pr27337.C -O3 -g (test for excess errors)
UNRESOLVED: libgomp.c++/pr27337.C -O3 -g compilation failed to
produce executable
FAIL: libgomp.c++/pr27337.C -Os (test for excess errors)
UNRESOLVED: libgomp.c++/pr27337.C -Os compilation failed to produce executable
FAIL: libgomp.c++/pr30703.C -O0 (test for excess errors)
UNRESOLVED: libgomp.c++/pr30703.C -O0 compilation failed to produce executable
FAIL: libgomp.c++/pr30703.C -O1 (test for excess errors)
UNRESOLVED: libgomp.c++/pr30703.C -O1 compilation failed to produce executable
FAIL: libgomp.c++/pr30703.C -O2 (test for excess errors)
UNRESOLVED: libgomp.c++/pr30703.C -O2 compilation failed to produce executable
FAIL: libgomp.c++/pr30703.C -O3 -fomit-frame-pointer (test for excess errors)
UNRESOLVED: libgomp.c++/pr30703.C -O3 -fomit-frame-pointer
compilation failed to produce executable
FAIL: libgomp.c++/pr30703.C -O3 -fomit-frame-pointer -funroll-loops
(test for excess errors)
UNRESOLVED: libgomp.c++/pr30703.C -O3 -fomit-frame-pointer
-funroll-loops compilation failed to produce executable
FAIL: libgomp.c++/pr30703.C -O3 -fomit-frame-pointer
-funroll-all-loops -finline-functions (test for excess errors)
UNRESOLVED: libgomp.c++/pr30703.C -O3 -fomit-frame-pointer
-funroll-all-loops -finline-functions compilation failed to produce
executable
FAIL: libgomp.c++/pr30703.C -O3 -g (test for excess errors)
UNRESOLVED: libgomp.c++/pr30703.C -O3 -g compilation failed to
produce executable
FAIL: libgomp.c++/pr30703.C -Os (test for excess errors)
UNRESOLVED: libgomp.c++/pr30703.C -Os compilation failed to produce executable
FAIL: libgomp.c++/reduction-1.C -O (test for excess errors)
UNRESOLVED: libgomp.c++/reduction-1.C -O compilation failed to
produce executable
FAIL: libgomp.c++/reduction-2.C -O (test for excess errors)
UNRESOLVED: libgomp.c++/reduction-2.C -O compilation failed to
produce executable
FAIL: libgomp.c++/reduction-3.C -O (test for excess errors)
UNRESOLVED: libgomp.c++/reduction-3.C -O compilation failed to
produce executable
FAIL: libgomp.c++/shared-1.C -O (test for excess errors)
UNRESOLVED: libgomp.c++/shared-1.C -O compilation failed to produce executable
FAIL: libgomp.fortran/appendix-a/a.16.1.f90 -O0 (test for excess errors)
UNRESOLVED: libgomp.fortran/appendix-a/a.16.1.f90 -O0 compilation
failed to produce executable
FAIL: libgomp.fortran/appendix-a/a.16.1.f90 -O1 (test for excess errors)
UNRESOLVED: libgomp.fortran/appendix-a/a.16.1.f90 -O1 compilation
failed to produce executable
FAIL: libgomp.fortran/appendix-a/a.16.1.f90 -O2 (test for excess errors)
UNRESOLVED: libgomp.fortran/appendix-a/a.16.1.f90 -O2 compilation
failed to produce executable
FAIL: libgomp.fortran/appendix-a/a.16.1.f90 -O3 -fomit-frame-pointer
(test for excess errors)
UNRESOLVED: libgomp.fortran/appendix-a/a.16.1.f90 -O3
-fomit-frame-pointer compilation failed to produce executable
FAIL: libgomp.fortran/appendix-a/a.16.1.f90 -O3 -fomit-frame-pointer
-funroll-loops (test for excess errors)
UNRESOLVED: libgomp.fortran/appendix-a/a.16.1.f90 -O3
-fomit-frame-pointer -funroll-loops compilation failed to produce
executable
FAIL: libgomp.fortran/appendix-a/a.16.1.f90 -O3 -fomit-frame-pointer
-funroll-all-loops -finline-functions (test for excess errors)
UNRESOLVED: libgomp.fortran/appendix-a/a.16.1.f90 -O3
-fomit-frame-pointer -funroll-all-loops -finline-functions
compilation failed to produce executable
FAIL: libgomp.fortran/appendix-a/a.16.1.f90 -O3 -g (test for excess errors)
UNRESOLVED: libgomp.fortran/appendix-a/a.16.1.f90 -O3 -g compilation
failed to produce executable
FAIL: libgomp.fortran/appendix-a/a.16.1.f90 -Os (test for excess errors)
UNRESOLVED: libgomp.fortran/appendix-a/a.16.1.f90 -Os compilation
failed to produce executable
FAIL: libgomp.fortran/appendix-a/a.19.1.f90 -O0 (test for excess errors)
UNRESOLVED: libgomp.fortran/appendix-a/a.19.1.f90 -O0 compilation
failed to produce executable
FAIL: libgomp.fortran/appendix-a/a.19.1.f90 -O1 (test for excess errors)
UNRESOLVED: libgomp.fortran/appendix-a/a.19.1.f90 -O1 compilation
failed to produce executable
FAIL: libgomp.fortran/appendix-a/a.19.1.f90 -O2 (test for excess errors)
UNRESOLVED: libgomp.fortran/appendix-a/a.19.1.f90 -O2 compilation
failed to produce executable
FAIL: libgomp.fortran/appendix-a/a.19.1.f90 -O3 -fomit-frame-pointer
(test for excess errors)
UNRESOLVED: libgomp.fortran/appendix-a/a.19.1.f90 -O3
-fomit-frame-pointer compilation failed to produce executable
FAIL: libgomp.fortran/appendix-a/a.19.1.f90 -O3 -fomit-frame-pointer
-funroll-loops (test for excess errors)
UNRESOLVED: libgomp.fortran/appendix-a/a.19.1.f90 -O3
-fomit-frame-pointer -funroll-loops compilation failed to produce
executable
FAIL: libgomp.fortran/appendix-a/a.19.1.f90 -O3 -fomit-frame-pointer
-funroll-all-loops -finline-functions (test for excess errors)
UNRESOLVED: libgomp.fortran/appendix-a/a.19.1.f90 -O3
-fomit-frame-pointer -funroll-all-loops -finline-functions
compilation failed to produce executable
FAIL: libgomp.fortran/appendix-a/a.19.1.f90 -O3 -g (test for excess errors)
UNRESOLVED: libgomp.fortran/appendix-a/a.19.1.f90 -O3 -g compilation
failed to produce executable
FAIL: libgomp.fortran/appendix-a/a.19.1.f90 -Os (test for excess errors)
UNRESOLVED: libgomp.fortran/appendix-a/a.19.1.f90 -Os compilation
failed to produce executable
FAIL: libgomp.fortran/appendix-a/a.31.4.f90 -O0 (test for excess errors)
UNRESOLVED: libgomp.fortran/appendix-a/a.31.4.f90 -O0 compilation
failed to produce executable
FAIL: libgomp.fortran/appendix-a/a.31.4.f90 -O1 (test for excess errors)
UNRESOLVED: libgomp.fortran/appendix-a/a.31.4.f90 -O1 compilation
failed to produce executable
FAIL: libgomp.fortran/appendix-a/a.31.4.f90 -O2 (test for excess errors)
UNRESOLVED: libgomp.fortran/appendix-a/a.31.4.f90 -O2 compilation
failed to produce executable
FAIL: libgomp.fortran/appendix-a/a.31.4.f90 -O3 -fomit-frame-pointer
(test for excess errors)
UNRESOLVED: libgomp.fortran/appendix-a/a.31.4.f90 -O3
-fomit-frame-pointer compilation failed to produce executable
FAIL: libgomp.fortran/appendix-a/a.31.4.f90 -O3 -fomit-frame-pointer
-funroll-loops (test for excess errors)
UNRESOLVED: libgomp.fortran/appendix-a/a.31.4.f90 -O3
-fomit-frame-pointer -funroll-loops compilation failed to produce
executable
FAIL: libgomp.fortran/appendix-a/a.31.4.f90 -O3 -fomit-frame-pointer
-funroll-all-loops -finline-functions (test for excess errors)
UNRESOLVED: libgomp.fortran/appendix-a/a.31.4.f90 -O3
-fomit-frame-pointer -funroll-all-loops -finline-functions
compilation failed to produce executable
FAIL: libgomp.fortran/appendix-a/a.31.4.f90 -O3 -g (test for excess errors)
UNRESOLVED: libgomp.fortran/appendix-a/a.31.4.f90 -O3 -g compilation
failed to produce executable
FAIL: libgomp.fortran/appendix-a/a.31.4.f90 -Os (test for excess errors)
UNRESOLVED: libgomp.fortran/appendix-a/a.31.4.f90 -Os compilation
failed to produce executable
FAIL: libgomp.fortran/appendix-a/a.31.5.f90 -O0 (test for excess errors)
UNRESOLVED: libgomp.fortran/appendix-a/a.31.5.f90 -O0 compilation
failed to produce executable
FAIL: libgomp.fortran/appendix-a/a.31.5.f90 -O1 (test for excess errors)
UNRESOLVED: libgomp.fortran/appendix-a/a.31.5.f90 -O1 compilation
failed to produce executable
FAIL: libgomp.fortran/appendix-a/a.31.5.f90 -O2 (test for excess errors)
UNRESOLVED: libgomp.fortran/appendix-a/a.31.5.f90 -O2 compilation
failed to produce executable
FAIL: libgomp.fortran/appendix-a/a.31.5.f90 -O3 -fomit-frame-pointer
(test for excess errors)
UNRESOLVED: libgomp.fortran/appendix-a/a.31.5.f90 -O3
-fomit-frame-pointer compilation failed to produce executable
FAIL: libgomp.fortran/appendix-a/a.31.5.f90 -O3 -fomit-frame-pointer
-funroll-loops (test for excess errors)
UNRESOLVED: libgomp.fortran/appendix-a/a.31.5.f90 -O3
-fomit-frame-pointer -funroll-loops compilation failed to produce
executable
FAIL: libgomp.fortran/appendix-a/a.31.5.f90 -O3 -fomit-frame-pointer
-funroll-all-loops -finline-functions (test for excess errors)
UNRESOLVED: libgomp.fortran/appendix-a/a.31.5.f90 -O3
-fomit-frame-pointer -funroll-all-loops -finline-functions
compilation failed to produce executable
FAIL: libgomp.fortran/appendix-a/a.31.5.f90 -O3 -g (test for excess errors)
UNRESOLVED: libgomp.fortran/appendix-a/a.31.5.f90 -O3 -g compilation
failed to produce executable
FAIL: libgomp.fortran/appendix-a/a.31.5.f90 -Os (test for excess errors)
UNRESOLVED: libgomp.fortran/appendix-a/a.31.5.f90 -Os compilation
failed to produce executable
FAIL: libgomp.fortran/character1.f90 -O0 (test for excess errors)
UNRESOLVED: libgomp.fortran/character1.f90 -O0 compilation failed to
produce executable
FAIL: libgomp.fortran/character1.f90 -O1 (test for excess errors)
UNRESOLVED: libgomp.fortran/character1.f90 -O1 compilation failed to
produce executable
FAIL: libgomp.fortran/character1.f90 -O2 (test for excess errors)
UNRESOLVED: libgomp.fortran/character1.f90 -O2 compilation failed to
produce executable
FAIL: libgomp.fortran/character1.f90 -O3 -fomit-frame-pointer (test
for excess errors)
UNRESOLVED: libgomp.fortran/character1.f90 -O3 -fomit-frame-pointer
compilation failed to produce executable
FAIL: libgomp.fortran/character1.f90 -O3 -fomit-frame-pointer
-funroll-loops (test for excess errors)
UNRESOLVED: libgomp.fortran/character1.f90 -O3 -fomit-frame-pointer
-funroll-loops compilation failed to produce executable
FAIL: libgomp.fortran/character1.f90 -O3 -fomit-frame-pointer
-funroll-all-loops -finline-functions (test for excess errors)
UNRESOLVED: libgomp.fortran/character1.f90 -O3 -fomit-frame-pointer
-funroll-all-loops -finline-functions compilation failed to produce
executable
FAIL: libgomp.fortran/character1.f90 -O3 -g (test for excess errors)
UNRESOLVED: libgomp.fortran/character1.f90 -O3 -g compilation failed
to produce executable
FAIL: libgomp.fortran/character1.f90 -Os (test for excess errors)
UNRESOLVED: libgomp.fortran/character1.f90 -Os compilation failed to
produce executable
FAIL: libgomp.fortran/character2.f90 -O0 (test for excess errors)
UNRESOLVED: libgomp.fortran/character2.f90 -O0 compilation failed to
produce executable
FAIL: libgomp.fortran/character2.f90 -O1 (test for excess errors)
UNRESOLVED: libgomp.fortran/character2.f90 -O1 compilation failed to
produce executable
FAIL: libgomp.fortran/character2.f90 -O2 (test for excess errors)
UNRESOLVED: libgomp.fortran/character2.f90 -O2 compilation failed to
produce executable
FAIL: libgomp.fortran/character2.f90 -O3 -fomit-frame-pointer (test
for excess errors)
UNRESOLVED: libgomp.fortran/character2.f90 -O3 -fomit-frame-pointer
compilation failed to produce executable
FAIL: libgomp.fortran/character2.f90 -O3 -fomit-frame-pointer
-funroll-loops (test for excess errors)
UNRESOLVED: libgomp.fortran/character2.f90 -O3 -fomit-frame-pointer
-funroll-loops compilation failed to produce executable
FAIL: libgomp.fortran/character2.f90 -O3 -fomit-frame-pointer
-funroll-all-loops -finline-functions (test for excess errors)
UNRESOLVED: libgomp.fortran/character2.f90 -O3 -fomit-frame-pointer
-funroll-all-loops -finline-functions compilation failed to produce
executable
FAIL: libgomp.fortran/character2.f90 -O3 -g (test for excess errors)
UNRESOLVED: libgomp.fortran/character2.f90 -O3 -g compilation failed
to produce executable
FAIL: libgomp.fortran/character2.f90 -Os (test for excess errors)
UNRESOLVED: libgomp.fortran/character2.f90 -Os compilation failed to
produce executable
FAIL: libgomp.fortran/crayptr1.f90 -O0 (test for excess errors)
UNRESOLVED: libgomp.fortran/crayptr1.f90 -O0 compilation failed to
produce executable
FAIL: libgomp.fortran/crayptr1.f90 -O1 (test for excess errors)
UNRESOLVED: libgomp.fortran/crayptr1.f90 -O1 compilation failed to
produce executable
FAIL: libgomp.fortran/crayptr1.f90 -O2 (test for excess errors)
UNRESOLVED: libgomp.fortran/crayptr1.f90 -O2 compilation failed to
produce executable
FAIL: libgomp.fortran/crayptr1.f90 -O3 -fomit-frame-pointer (test
for excess errors)
UNRESOLVED: libgomp.fortran/crayptr1.f90 -O3 -fomit-frame-pointer
compilation failed to produce executable
FAIL: libgomp.fortran/crayptr1.f90 -O3 -fomit-frame-pointer
-funroll-loops (test for excess errors)
UNRESOLVED: libgomp.fortran/crayptr1.f90 -O3 -fomit-frame-pointer
-funroll-loops compilation failed to produce executable
FAIL: libgomp.fortran/crayptr1.f90 -O3 -fomit-frame-pointer
-funroll-all-loops -finline-functions (test for excess errors)
UNRESOLVED: libgomp.fortran/crayptr1.f90 -O3 -fomit-frame-pointer
-funroll-all-loops -finline-functions compilation failed to produce
executable
FAIL: libgomp.fortran/crayptr1.f90 -O3 -g (test for excess errors)
UNRESOLVED: libgomp.fortran/crayptr1.f90 -O3 -g compilation failed
to produce executable
FAIL: libgomp.fortran/crayptr1.f90 -Os (test for excess errors)
UNRESOLVED: libgomp.fortran/crayptr1.f90 -Os compilation failed to
produce executable
FAIL: libgomp.fortran/crayptr2.f90 -O0 (test for excess errors)
UNRESOLVED: libgomp.fortran/crayptr2.f90 -O0 compilation failed to
produce executable
FAIL: libgomp.fortran/crayptr2.f90 -O1 (test for excess errors)
UNRESOLVED: libgomp.fortran/crayptr2.f90 -O1 compilation failed to
produce executable
FAIL: libgomp.fortran/crayptr2.f90 -O2 (test for excess errors)
UNRESOLVED: libgomp.fortran/crayptr2.f90 -O2 compilation failed to
produce executable
FAIL: libgomp.fortran/crayptr2.f90 -O3 -fomit-frame-pointer (test
for excess errors)
UNRESOLVED: libgomp.fortran/crayptr2.f90 -O3 -fomit-frame-pointer
compilation failed to produce executable
FAIL: libgomp.fortran/crayptr2.f90 -O3 -fomit-frame-pointer
-funroll-loops (test for excess errors)
UNRESOLVED: libgomp.fortran/crayptr2.f90 -O3 -fomit-frame-pointer
-funroll-loops compilation failed to produce executable
FAIL: libgomp.fortran/crayptr2.f90 -O3 -fomit-frame-pointer
-funroll-all-loops -finline-functions (test for excess errors)
UNRESOLVED: libgomp.fortran/crayptr2.f90 -O3 -fomit-frame-pointer
-funroll-all-loops -finline-functions compilation failed to produce
executable
FAIL: libgomp.fortran/crayptr2.f90 -O3 -g (test for excess errors)
UNRESOLVED: libgomp.fortran/crayptr2.f90 -O3 -g compilation failed
to produce executable
FAIL: libgomp.fortran/crayptr2.f90 -Os (test for excess errors)
UNRESOLVED: libgomp.fortran/crayptr2.f90 -Os compilation failed to
produce executable
FAIL: libgomp.fortran/lib1.f90 -O0 (test for excess errors)
UNRESOLVED: libgomp.fortran/lib1.f90 -O0 compilation failed to
produce executable
FAIL: libgomp.fortran/lib1.f90 -O1 (test for excess errors)
UNRESOLVED: libgomp.fortran/lib1.f90 -O1 compilation failed to
produce executable
FAIL: libgomp.fortran/lib1.f90 -O2 (test for excess errors)
UNRESOLVED: libgomp.fortran/lib1.f90 -O2 compilation failed to
produce executable
FAIL: libgomp.fortran/lib1.f90 -O3 -fomit-frame-pointer (test for
excess errors)
UNRESOLVED: libgomp.fortran/lib1.f90 -O3 -fomit-frame-pointer
compilation failed to produce executable
FAIL: libgomp.fortran/lib1.f90 -O3 -fomit-frame-pointer
-funroll-loops (test for excess errors)
UNRESOLVED: libgomp.fortran/lib1.f90 -O3 -fomit-frame-pointer
-funroll-loops compilation failed to produce executable
FAIL: libgomp.fortran/lib1.f90 -O3 -fomit-frame-pointer
-funroll-all-loops -finline-functions (test for excess errors)
UNRESOLVED: libgomp.fortran/lib1.f90 -O3 -fomit-frame-pointer
-funroll-all-loops -finline-functions compilation failed to produce
executable
FAIL: libgomp.fortran/lib1.f90 -O3 -g (test for excess errors)
UNRESOLVED: libgomp.fortran/lib1.f90 -O3 -g compilation failed to
produce executable
FAIL: libgomp.fortran/lib1.f90 -Os (test for excess errors)
UNRESOLVED: libgomp.fortran/lib1.f90 -Os compilation failed to
produce executable
FAIL: libgomp.fortran/lib2.f -O0 (test for excess errors)
UNRESOLVED: libgomp.fortran/lib2.f -O0 compilation failed to produce
executable
FAIL: libgomp.fortran/lib2.f -O1 (test for excess errors)
UNRESOLVED: libgomp.fortran/lib2.f -O1 compilation failed to produce
executable
FAIL: libgomp.fortran/lib2.f -O2 (test for excess errors)
UNRESOLVED: libgomp.fortran/lib2.f -O2 compilation failed to produce
executable
FAIL: libgomp.fortran/lib2.f -O3 -fomit-frame-pointer (test for excess errors)
UNRESOLVED: libgomp.fortran/lib2.f -O3 -fomit-frame-pointer
compilation failed to produce executable
FAIL: libgomp.fortran/lib2.f -O3 -fomit-frame-pointer -funroll-loops
(test for excess errors)
UNRESOLVED: libgomp.fortran/lib2.f -O3 -fomit-frame-pointer
-funroll-loops compilation failed to produce executable
FAIL: libgomp.fortran/lib2.f -O3 -fomit-frame-pointer
-funroll-all-loops -finline-functions (test for excess errors)
UNRESOLVED: libgomp.fortran/lib2.f -O3 -fomit-frame-pointer
-funroll-all-loops -finline-functions compilation failed to produce
executable
FAIL: libgomp.fortran/lib2.f -O3 -g (test for excess errors)
UNRESOLVED: libgomp.fortran/lib2.f -O3 -g compilation failed to
produce executable
FAIL: libgomp.fortran/lib2.f -Os (test for excess errors)
UNRESOLVED: libgomp.fortran/lib2.f -Os compilation failed to produce
executable
FAIL: libgomp.fortran/lib3.f -O0 (test for excess errors)
UNRESOLVED: libgomp.fortran/lib3.f -O0 compilation failed to produce
executable
FAIL: libgomp.fortran/lib3.f -O1 (test for excess errors)
UNRESOLVED: libgomp.fortran/lib3.f -O1 compilation failed to produce
executable
FAIL: libgomp.fortran/lib3.f -O2 (test for excess errors)
UNRESOLVED: libgomp.fortran/lib3.f -O2 compilation failed to produce
executable
FAIL: libgomp.fortran/lib3.f -O3 -fomit-frame-pointer (test for excess errors)
UNRESOLVED: libgomp.fortran/lib3.f -O3 -fomit-frame-pointer
compilation failed to produce executable
FAIL: libgomp.fortran/lib3.f -O3 -fomit-frame-pointer -funroll-loops
(test for excess errors)
UNRESOLVED: libgomp.fortran/lib3.f -O3 -fomit-frame-pointer
-funroll-loops compilation failed to produce executable
FAIL: libgomp.fortran/lib3.f -O3 -fomit-frame-pointer
-funroll-all-loops -finline-functions (test for excess errors)
UNRESOLVED: libgomp.fortran/lib3.f -O3 -fomit-frame-pointer
-funroll-all-loops -finline-functions compilation failed to produce
executable
FAIL: libgomp.fortran/lib3.f -O3 -g (test for excess errors)
UNRESOLVED: libgomp.fortran/lib3.f -O3 -g compilation failed to
produce executable
FAIL: libgomp.fortran/lib3.f -Os (test for excess errors)
UNRESOLVED: libgomp.fortran/lib3.f -Os compilation failed to produce
executable
FAIL: libgomp.fortran/nestedfn1.f90 -O0 (test for excess errors)
UNRESOLVED: libgomp.fortran/nestedfn1.f90 -O0 compilation failed to
produce executable
FAIL: libgomp.fortran/nestedfn1.f90 -O1 (test for excess errors)
UNRESOLVED: libgomp.fortran/nestedfn1.f90 -O1 compilation failed to
produce executable
FAIL: libgomp.fortran/nestedfn1.f90 -O2 (test for excess errors)
UNRESOLVED: libgomp.fortran/nestedfn1.f90 -O2 compilation failed to
produce executable
FAIL: libgomp.fortran/nestedfn1.f90 -O3 -fomit-frame-pointer (test
for excess errors)
UNRESOLVED: libgomp.fortran/nestedfn1.f90 -O3 -fomit-frame-pointer
compilation failed to produce executable
FAIL: libgomp.fortran/nestedfn1.f90 -O3 -fomit-frame-pointer
-funroll-loops (test for excess errors)
UNRESOLVED: libgomp.fortran/nestedfn1.f90 -O3 -fomit-frame-pointer
-funroll-loops compilation failed to produce executable
FAIL: libgomp.fortran/nestedfn1.f90 -O3 -fomit-frame-pointer
-funroll-all-loops -finline-functions (test for excess errors)
UNRESOLVED: libgomp.fortran/nestedfn1.f90 -O3 -fomit-frame-pointer
-funroll-all-loops -finline-functions compilation failed to produce
executable
FAIL: libgomp.fortran/nestedfn1.f90 -O3 -g (test for excess errors)
UNRESOLVED: libgomp.fortran/nestedfn1.f90 -O3 -g compilation failed
to produce executable
FAIL: libgomp.fortran/nestedfn1.f90 -Os (test for excess errors)
UNRESOLVED: libgomp.fortran/nestedfn1.f90 -Os compilation failed to
produce executable
FAIL: libgomp.fortran/nestedfn3.f90 -O0 (test for excess errors)
UNRESOLVED: libgomp.fortran/nestedfn3.f90 -O0 compilation failed to
produce executable
FAIL: libgomp.fortran/nestedfn3.f90 -O1 (test for excess errors)
UNRESOLVED: libgomp.fortran/nestedfn3.f90 -O1 compilation failed to
produce executable
FAIL: libgomp.fortran/nestedfn3.f90 -O2 (test for excess errors)
UNRESOLVED: libgomp.fortran/nestedfn3.f90 -O2 compilation failed to
produce executable
FAIL: libgomp.fortran/nestedfn3.f90 -O3 -fomit-frame-pointer (test
for excess errors)
UNRESOLVED: libgomp.fortran/nestedfn3.f90 -O3 -fomit-frame-pointer
compilation failed to produce executable
FAIL: libgomp.fortran/nestedfn3.f90 -O3 -fomit-frame-pointer
-funroll-loops (test for excess errors)
UNRESOLVED: libgomp.fortran/nestedfn3.f90 -O3 -fomit-frame-pointer
-funroll-loops compilation failed to produce executable
FAIL: libgomp.fortran/nestedfn3.f90 -O3 -fomit-frame-pointer
-funroll-all-loops -finline-functions (test for excess errors)
UNRESOLVED: libgomp.fortran/nestedfn3.f90 -O3 -fomit-frame-pointer
-funroll-all-loops -finline-functions compilation failed to produce
executable
FAIL: libgomp.fortran/nestedfn3.f90 -O3 -g (test for excess errors)
UNRESOLVED: libgomp.fortran/nestedfn3.f90 -O3 -g compilation failed
to produce executable
FAIL: libgomp.fortran/nestedfn3.f90 -Os (test for excess errors)
UNRESOLVED: libgomp.fortran/nestedfn3.f90 -Os compilation failed to
produce executable
FAIL: libgomp.fortran/omp_atomic1.f90 -O0 (test for excess errors)
UNRESOLVED: libgomp.fortran/omp_atomic1.f90 -O0 compilation failed
to produce executable
FAIL: libgomp.fortran/omp_atomic1.f90 -O1 (test for excess errors)
UNRESOLVED: libgomp.fortran/omp_atomic1.f90 -O1 compilation failed
to produce executable
FAIL: libgomp.fortran/omp_atomic1.f90 -O2 (test for excess errors)
UNRESOLVED: libgomp.fortran/omp_atomic1.f90 -O2 compilation failed
to produce executable
FAIL: libgomp.fortran/omp_atomic1.f90 -O3 -fomit-frame-pointer (test
for excess errors)
UNRESOLVED: libgomp.fortran/omp_atomic1.f90 -O3 -fomit-frame-pointer
compilation failed to produce executable
FAIL: libgomp.fortran/omp_atomic1.f90 -O3 -fomit-frame-pointer
-funroll-loops (test for excess errors)
UNRESOLVED: libgomp.fortran/omp_atomic1.f90 -O3 -fomit-frame-pointer
-funroll-loops compilation failed to produce executable
FAIL: libgomp.fortran/omp_atomic1.f90 -O3 -fomit-frame-pointer
-funroll-all-loops -finline-functions (test for excess errors)
UNRESOLVED: libgomp.fortran/omp_atomic1.f90 -O3 -fomit-frame-pointer
-funroll-all-loops -finline-functions compilation failed to produce
executable
FAIL: libgomp.fortran/omp_atomic1.f90 -O3 -g (test for excess errors)
UNRESOLVED: libgomp.fortran/omp_atomic1.f90 -O3 -g compilation
failed to produce executable
FAIL: libgomp.fortran/omp_atomic1.f90 -Os (test for excess errors)
UNRESOLVED: libgomp.fortran/omp_atomic1.f90 -Os compilation failed
to produce executable
FAIL: libgomp.fortran/omp_atomic2.f90 -O0 (test for excess errors)
UNRESOLVED: libgomp.fortran/omp_atomic2.f90 -O0 compilation failed
to produce executable
FAIL: libgomp.fortran/omp_atomic2.f90 -O1 (test for excess errors)
UNRESOLVED: libgomp.fortran/omp_atomic2.f90 -O1 compilation failed
to produce executable
FAIL: libgomp.fortran/omp_atomic2.f90 -O2 (test for excess errors)
UNRESOLVED: libgomp.fortran/omp_atomic2.f90 -O2 compilation failed
to produce executable
FAIL: libgomp.fortran/omp_atomic2.f90 -O3 -fomit-frame-pointer (test
for excess errors)
UNRESOLVED: libgomp.fortran/omp_atomic2.f90 -O3 -fomit-frame-pointer
compilation failed to produce executable
FAIL: libgomp.fortran/omp_atomic2.f90 -O3 -fomit-frame-pointer
-funroll-loops (test for excess errors)
UNRESOLVED: libgomp.fortran/omp_atomic2.f90 -O3 -fomit-frame-pointer
-funroll-loops compilation failed to produce executable
FAIL: libgomp.fortran/omp_atomic2.f90 -O3 -fomit-frame-pointer
-funroll-all-loops -finline-functions (test for excess errors)
UNRESOLVED: libgomp.fortran/omp_atomic2.f90 -O3 -fomit-frame-pointer
-funroll-all-loops -finline-functions compilation failed to produce
executable
FAIL: libgomp.fortran/omp_atomic2.f90 -O3 -g (test for excess errors)
UNRESOLVED: libgomp.fortran/omp_atomic2.f90 -O3 -g compilation
failed to produce executable
FAIL: libgomp.fortran/omp_atomic2.f90 -Os (test for excess errors)
UNRESOLVED: libgomp.fortran/omp_atomic2.f90 -Os compilation failed
to produce executable
FAIL: libgomp.fortran/omp_parse1.f90 -O0 (test for excess errors)
UNRESOLVED: libgomp.fortran/omp_parse1.f90 -O0 compilation failed to
produce executable
FAIL: libgomp.fortran/omp_parse1.f90 -O1 (test for excess errors)
UNRESOLVED: libgomp.fortran/omp_parse1.f90 -O1 compilation failed to
produce executable
FAIL: libgomp.fortran/omp_parse1.f90 -O2 (test for excess errors)
UNRESOLVED: libgomp.fortran/omp_parse1.f90 -O2 compilation failed to
produce executable
FAIL: libgomp.fortran/omp_parse1.f90 -O3 -fomit-frame-pointer (test
for excess errors)
UNRESOLVED: libgomp.fortran/omp_parse1.f90 -O3 -fomit-frame-pointer
compilation failed to produce executable
FAIL: libgomp.fortran/omp_parse1.f90 -O3 -fomit-frame-pointer
-funroll-loops (test for excess errors)
UNRESOLVED: libgomp.fortran/omp_parse1.f90 -O3 -fomit-frame-pointer
-funroll-loops compilation failed to produce executable
FAIL: libgomp.fortran/omp_parse1.f90 -O3 -fomit-frame-pointer
-funroll-all-loops -finline-functions (test for excess errors)
UNRESOLVED: libgomp.fortran/omp_parse1.f90 -O3 -fomit-frame-pointer
-funroll-all-loops -finline-functions compilation failed to produce
executable
FAIL: libgomp.fortran/omp_parse1.f90 -O3 -g (test for excess errors)
UNRESOLVED: libgomp.fortran/omp_parse1.f90 -O3 -g compilation failed
to produce executable
FAIL: libgomp.fortran/omp_parse1.f90 -Os (test for excess errors)
UNRESOLVED: libgomp.fortran/omp_parse1.f90 -Os compilation failed to
produce executable
FAIL: libgomp.fortran/omp_parse2.f90 -O0 (test for excess errors)
UNRESOLVED: libgomp.fortran/omp_parse2.f90 -O0 compilation failed to
produce executable
FAIL: libgomp.fortran/omp_parse2.f90 -O1 (test for excess errors)
UNRESOLVED: libgomp.fortran/omp_parse2.f90 -O1 compilation failed to
produce executable
FAIL: libgomp.fortran/omp_parse2.f90 -O2 (test for excess errors)
UNRESOLVED: libgomp.fortran/omp_parse2.f90 -O2 compilation failed to
produce executable
FAIL: libgomp.fortran/omp_parse2.f90 -O3 -fomit-frame-pointer (test
for excess errors)
UNRESOLVED: libgomp.fortran/omp_parse2.f90 -O3 -fomit-frame-pointer
compilation failed to produce executable
FAIL: libgomp.fortran/omp_parse2.f90 -O3 -fomit-frame-pointer
-funroll-loops (test for excess errors)
UNRESOLVED: libgomp.fortran/omp_parse2.f90 -O3 -fomit-frame-pointer
-funroll-loops compilation failed to produce executable
FAIL: libgomp.fortran/omp_parse2.f90 -O3 -fomit-frame-pointer
-funroll-all-loops -finline-functions (test for excess errors)
UNRESOLVED: libgomp.fortran/omp_parse2.f90 -O3 -fomit-frame-pointer
-funroll-all-loops -finline-functions compilation failed to produce
executable
FAIL: libgomp.fortran/omp_parse2.f90 -O3 -g (test for excess errors)
UNRESOLVED: libgomp.fortran/omp_parse2.f90 -O3 -g compilation failed
to produce executable
FAIL: libgomp.fortran/omp_parse2.f90 -Os (test for excess errors)
UNRESOLVED: libgomp.fortran/omp_parse2.f90 -Os compilation failed to
produce executable
FAIL: libgomp.fortran/omp_parse4.f90 -O0 (test for excess errors)
UNRESOLVED: libgomp.fortran/omp_parse4.f90 -O0 compilation failed to
produce executable
FAIL: libgomp.fortran/omp_parse4.f90 -O1 (test for excess errors)
UNRESOLVED: libgomp.fortran/omp_parse4.f90 -O1 compilation failed to
produce executable
FAIL: libgomp.fortran/omp_parse4.f90 -O2 (test for excess errors)
UNRESOLVED: libgomp.fortran/omp_parse4.f90 -O2 compilation failed to
produce executable
FAIL: libgomp.fortran/omp_parse4.f90 -O3 -fomit-frame-pointer (test
for excess errors)
UNRESOLVED: libgomp.fortran/omp_parse4.f90 -O3 -fomit-frame-pointer
compilation failed to produce executable
FAIL: libgomp.fortran/omp_parse4.f90 -O3 -fomit-frame-pointer
-funroll-loops (test for excess errors)
UNRESOLVED: libgomp.fortran/omp_parse4.f90 -O3 -fomit-frame-pointer
-funroll-loops compilation failed to produce executable
FAIL: libgomp.fortran/omp_parse4.f90 -O3 -fomit-frame-pointer
-funroll-all-loops -finline-functions (test for excess errors)
UNRESOLVED: libgomp.fortran/omp_parse4.f90 -O3 -fomit-frame-pointer
-funroll-all-loops -finline-functions compilation failed to produce
executable
FAIL: libgomp.fortran/omp_parse4.f90 -O3 -g (test for excess errors)
UNRESOLVED: libgomp.fortran/omp_parse4.f90 -O3 -g compilation failed
to produce executable
FAIL: libgomp.fortran/omp_parse4.f90 -Os (test for excess errors)
UNRESOLVED: libgomp.fortran/omp_parse4.f90 -Os compilation failed to
produce executable
FAIL: libgomp.fortran/omp_reduction.f -O (test for excess errors)
UNRESOLVED: libgomp.fortran/omp_reduction.f -O compilation failed to
produce executable
FAIL: libgomp.fortran/pr27916-1.f90 -O0 (test for excess errors)
UNRESOLVED: libgomp.fortran/pr27916-1.f90 -O0 compilation failed to
produce executable
FAIL: libgomp.fortran/pr27916-1.f90 -O1 (test for excess errors)
UNRESOLVED: libgomp.fortran/pr27916-1.f90 -O1 compilation failed to
produce executable
FAIL: libgomp.fortran/pr27916-1.f90 -O2 (test for excess errors)
UNRESOLVED: libgomp.fortran/pr27916-1.f90 -O2 compilation failed to
produce executable
FAIL: libgomp.fortran/pr27916-1.f90 -O3 -fomit-frame-pointer (test
for excess errors)
UNRESOLVED: libgomp.fortran/pr27916-1.f90 -O3 -fomit-frame-pointer
compilation failed to produce executable
FAIL: libgomp.fortran/pr27916-1.f90 -O3 -fomit-frame-pointer
-funroll-loops (test for excess errors)
UNRESOLVED: libgomp.fortran/pr27916-1.f90 -O3 -fomit-frame-pointer
-funroll-loops compilation failed to produce executable
FAIL: libgomp.fortran/pr27916-1.f90 -O3 -fomit-frame-pointer
-funroll-all-loops -finline-functions (test for excess errors)
UNRESOLVED: libgomp.fortran/pr27916-1.f90 -O3 -fomit-frame-pointer
-funroll-all-loops -finline-functions compilation failed to produce
executable
FAIL: libgomp.fortran/pr27916-1.f90 -O3 -g (test for excess errors)
UNRESOLVED: libgomp.fortran/pr27916-1.f90 -O3 -g compilation failed
to produce executable
FAIL: libgomp.fortran/pr27916-1.f90 -Os (test for excess errors)
UNRESOLVED: libgomp.fortran/pr27916-1.f90 -Os compilation failed to
produce executable
FAIL: libgomp.fortran/pr27916-2.f90 -O0 (test for excess errors)
UNRESOLVED: libgomp.fortran/pr27916-2.f90 -O0 compilation failed to
produce executable
FAIL: libgomp.fortran/pr27916-2.f90 -O1 (test for excess errors)
UNRESOLVED: libgomp.fortran/pr27916-2.f90 -O1 compilation failed to
produce executable
FAIL: libgomp.fortran/pr27916-2.f90 -O2 (test for excess errors)
UNRESOLVED: libgomp.fortran/pr27916-2.f90 -O2 compilation failed to
produce executable
FAIL: libgomp.fortran/pr27916-2.f90 -O3 -fomit-frame-pointer (test
for excess errors)
UNRESOLVED: libgomp.fortran/pr27916-2.f90 -O3 -fomit-frame-pointer
compilation failed to produce executable
FAIL: libgomp.fortran/pr27916-2.f90 -O3 -fomit-frame-pointer
-funroll-loops (test for excess errors)
UNRESOLVED: libgomp.fortran/pr27916-2.f90 -O3 -fomit-frame-pointer
-funroll-loops compilation failed to produce executable
FAIL: libgomp.fortran/pr27916-2.f90 -O3 -fomit-frame-pointer
-funroll-all-loops -finline-functions (test for excess errors)
UNRESOLVED: libgomp.fortran/pr27916-2.f90 -O3 -fomit-frame-pointer
-funroll-all-loops -finline-functions compilation failed to produce
executable
FAIL: libgomp.fortran/pr27916-2.f90 -O3 -g (test for excess errors)
UNRESOLVED: libgomp.fortran/pr27916-2.f90 -O3 -g compilation failed
to produce executable
FAIL: libgomp.fortran/pr27916-2.f90 -Os (test for excess errors)
UNRESOLVED: libgomp.fortran/pr27916-2.f90 -Os compilation failed to
produce executable
FAIL: libgomp.fortran/pr32550.f90 -O0 (test for excess errors)
UNRESOLVED: libgomp.fortran/pr32550.f90 -O0 compilation failed to
produce executable
FAIL: libgomp.fortran/pr32550.f90 -O1 (test for excess errors)
UNRESOLVED: libgomp.fortran/pr32550.f90 -O1 compilation failed to
produce executable
FAIL: libgomp.fortran/pr32550.f90 -O2 (test for excess errors)
UNRESOLVED: libgomp.fortran/pr32550.f90 -O2 compilation failed to
produce executable
FAIL: libgomp.fortran/pr32550.f90 -O3 -fomit-frame-pointer (test for
excess errors)
UNRESOLVED: libgomp.fortran/pr32550.f90 -O3 -fomit-frame-pointer
compilation failed to produce executable
FAIL: libgomp.fortran/pr32550.f90 -O3 -fomit-frame-pointer
-funroll-loops (test for excess errors)
UNRESOLVED: libgomp.fortran/pr32550.f90 -O3 -fomit-frame-pointer
-funroll-loops compilation failed to produce executable
FAIL: libgomp.fortran/pr32550.f90 -O3 -fomit-frame-pointer
-funroll-all-loops -finline-functions (test for excess errors)
UNRESOLVED: libgomp.fortran/pr32550.f90 -O3 -fomit-frame-pointer
-funroll-all-loops -finline-functions compilation failed to produce
executable
FAIL: libgomp.fortran/pr32550.f90 -O3 -g (test for excess errors)
UNRESOLVED: libgomp.fortran/pr32550.f90 -O3 -g compilation failed to
produce executable
FAIL: libgomp.fortran/pr32550.f90 -Os (test for excess errors)
UNRESOLVED: libgomp.fortran/pr32550.f90 -Os compilation failed to
produce executable
FAIL: libgomp.fortran/reduction5.f90 -O0 (test for excess errors)
UNRESOLVED: libgomp.fortran/reduction5.f90 -O0 compilation failed to
produce executable
FAIL: libgomp.fortran/reduction5.f90 -O1 (test for excess errors)
UNRESOLVED: libgomp.fortran/reduction5.f90 -O1 compilation failed to
produce executable
FAIL: libgomp.fortran/reduction5.f90 -O2 (test for excess errors)
UNRESOLVED: libgomp.fortran/reduction5.f90 -O2 compilation failed to
produce executable
FAIL: libgomp.fortran/reduction5.f90 -O3 -fomit-frame-pointer (test
for excess errors)
UNRESOLVED: libgomp.fortran/reduction5.f90 -O3 -fomit-frame-pointer
compilation failed to produce executable
FAIL: libgomp.fortran/reduction5.f90 -O3 -fomit-frame-pointer
-funroll-loops (test for excess errors)
UNRESOLVED: libgomp.fortran/reduction5.f90 -O3 -fomit-frame-pointer
-funroll-loops compilation failed to produce executable
FAIL: libgomp.fortran/reduction5.f90 -O3 -fomit-frame-pointer
-funroll-all-loops -finline-functions (test for excess errors)
UNRESOLVED: libgomp.fortran/reduction5.f90 -O3 -fomit-frame-pointer
-funroll-all-loops -finline-functions compilation failed to produce
executable
FAIL: libgomp.fortran/reduction5.f90 -O3 -g (test for excess errors)
UNRESOLVED: libgomp.fortran/reduction5.f90 -O3 -g compilation failed
to produce executable
FAIL: libgomp.fortran/reduction5.f90 -Os (test for excess errors)
UNRESOLVED: libgomp.fortran/reduction5.f90 -Os compilation failed to
produce executable
FAIL: libgomp.fortran/reduction6.f90 -O0 (test for excess errors)
UNRESOLVED: libgomp.fortran/reduction6.f90 -O0 compilation failed to
produce executable
FAIL: libgomp.fortran/reduction6.f90 -O1 (test for excess errors)
UNRESOLVED: libgomp.fortran/reduction6.f90 -O1 compilation failed to
produce executable
FAIL: libgomp.fortran/reduction6.f90 -O2 (test for excess errors)
UNRESOLVED: libgomp.fortran/reduction6.f90 -O2 compilation failed to
produce executable
FAIL: libgomp.fortran/reduction6.f90 -O3 -fomit-frame-pointer (test
for excess errors)
UNRESOLVED: libgomp.fortran/reduction6.f90 -O3 -fomit-frame-pointer
compilation failed to produce executable
FAIL: libgomp.fortran/reduction6.f90 -O3 -fomit-frame-pointer
-funroll-loops (test for excess errors)
UNRESOLVED: libgomp.fortran/reduction6.f90 -O3 -fomit-frame-pointer
-funroll-loops compilation failed to produce executable
FAIL: libgomp.fortran/reduction6.f90 -O3 -fomit-frame-pointer
-funroll-all-loops -finline-functions (test for excess errors)
UNRESOLVED: libgomp.fortran/reduction6.f90 -O3 -fomit-frame-pointer
-funroll-all-loops -finline-functions compilation failed to produce
executable
FAIL: libgomp.fortran/reduction6.f90 -O3 -g (test for excess errors)
UNRESOLVED: libgomp.fortran/reduction6.f90 -O3 -g compilation failed
to produce executable
FAIL: libgomp.fortran/reduction6.f90 -Os (test for excess errors)
UNRESOLVED: libgomp.fortran/reduction6.f90 -Os compilation failed to
produce executable
FAIL: libgomp.fortran/reference1.f90 -O0 (test for excess errors)
UNRESOLVED: libgomp.fortran/reference1.f90 -O0 compilation failed to
produce executable
FAIL: libgomp.fortran/reference1.f90 -O1 (test for excess errors)
UNRESOLVED: libgomp.fortran/reference1.f90 -O1 compilation failed to
produce executable
FAIL: libgomp.fortran/reference1.f90 -O2 (test for excess errors)
UNRESOLVED: libgomp.fortran/reference1.f90 -O2 compilation failed to
produce executable
FAIL: libgomp.fortran/reference1.f90 -O3 -fomit-frame-pointer (test
for excess errors)
UNRESOLVED: libgomp.fortran/reference1.f90 -O3 -fomit-frame-pointer
compilation failed to produce executable
FAIL: libgomp.fortran/reference1.f90 -O3 -fomit-frame-pointer
-funroll-loops (test for excess errors)
UNRESOLVED: libgomp.fortran/reference1.f90 -O3 -fomit-frame-pointer
-funroll-loops compilation failed to produce executable
FAIL: libgomp.fortran/reference1.f90 -O3 -fomit-frame-pointer
-funroll-all-loops -finline-functions (test for excess errors)
UNRESOLVED: libgomp.fortran/reference1.f90 -O3 -fomit-frame-pointer
-funroll-all-loops -finline-functions compilation failed to produce
executable
FAIL: libgomp.fortran/reference1.f90 -O3 -g (test for excess errors)
UNRESOLVED: libgomp.fortran/reference1.f90 -O3 -g compilation failed
to produce executable
FAIL: libgomp.fortran/reference1.f90 -Os (test for excess errors)
UNRESOLVED: libgomp.fortran/reference1.f90 -Os compilation failed to
produce executable
FAIL: libgomp.fortran/reference2.f90 -O0 (test for excess errors)
UNRESOLVED: libgomp.fortran/reference2.f90 -O0 compilation failed to
produce executable
FAIL: libgomp.fortran/reference2.f90 -O1 (test for excess errors)
UNRESOLVED: libgomp.fortran/reference2.f90 -O1 compilation failed to
produce executable
FAIL: libgomp.fortran/reference2.f90 -O2 (test for excess errors)
UNRESOLVED: libgomp.fortran/reference2.f90 -O2 compilation failed to
produce executable
FAIL: libgomp.fortran/reference2.f90 -O3 -fomit-frame-pointer (test
for excess errors)
UNRESOLVED: libgomp.fortran/reference2.f90 -O3 -fomit-frame-pointer
compilation failed to produce executable
FAIL: libgomp.fortran/reference2.f90 -O3 -fomit-frame-pointer
-funroll-loops (test for excess errors)
UNRESOLVED: libgomp.fortran/reference2.f90 -O3 -fomit-frame-pointer
-funroll-loops compilation failed to produce executable
FAIL: libgomp.fortran/reference2.f90 -O3 -fomit-frame-pointer
-funroll-all-loops -finline-functions (test for excess errors)
UNRESOLVED: libgomp.fortran/reference2.f90 -O3 -fomit-frame-pointer
-funroll-all-loops -finline-functions compilation failed to produce
executable
FAIL: libgomp.fortran/reference2.f90 -O3 -g (test for excess errors)
UNRESOLVED: libgomp.fortran/reference2.f90 -O3 -g compilation failed
to produce executable
FAIL: libgomp.fortran/reference2.f90 -Os (test for excess errors)
UNRESOLVED: libgomp.fortran/reference2.f90 -Os compilation failed to
produce executable
FAIL: libgomp.fortran/retval1.f90 -O0 (test for excess errors)
UNRESOLVED: libgomp.fortran/retval1.f90 -O0 compilation failed to
produce executable
FAIL: libgomp.fortran/retval1.f90 -O1 (test for excess errors)
UNRESOLVED: libgomp.fortran/retval1.f90 -O1 compilation failed to
produce executable
FAIL: libgomp.fortran/retval1.f90 -O2 (test for excess errors)
UNRESOLVED: libgomp.fortran/retval1.f90 -O2 compilation failed to
produce executable
FAIL: libgomp.fortran/retval1.f90 -O3 -fomit-frame-pointer (test for
excess errors)
UNRESOLVED: libgomp.fortran/retval1.f90 -O3 -fomit-frame-pointer
compilation failed to produce executable
FAIL: libgomp.fortran/retval1.f90 -O3 -fomit-frame-pointer
-funroll-loops (test for excess errors)
UNRESOLVED: libgomp.fortran/retval1.f90 -O3 -fomit-frame-pointer
-funroll-loops compilation failed to produce executable
FAIL: libgomp.fortran/retval1.f90 -O3 -fomit-frame-pointer
-funroll-all-loops -finline-functions (test for excess errors)
UNRESOLVED: libgomp.fortran/retval1.f90 -O3 -fomit-frame-pointer
-funroll-all-loops -finline-functions compilation failed to produce
executable
FAIL: libgomp.fortran/retval1.f90 -O3 -g (test for excess errors)
UNRESOLVED: libgomp.fortran/retval1.f90 -O3 -g compilation failed to
produce executable
FAIL: libgomp.fortran/retval1.f90 -Os (test for excess errors)
UNRESOLVED: libgomp.fortran/retval1.f90 -Os compilation failed to
produce executable
FAIL: libgomp.fortran/retval2.f90 -O0 (test for excess errors)
UNRESOLVED: libgomp.fortran/retval2.f90 -O0 compilation failed to
produce executable
FAIL: libgomp.fortran/retval2.f90 -O1 (test for excess errors)
UNRESOLVED: libgomp.fortran/retval2.f90 -O1 compilation failed to
produce executable
FAIL: libgomp.fortran/retval2.f90 -O2 (test for excess errors)
UNRESOLVED: libgomp.fortran/retval2.f90 -O2 compilation failed to
produce executable
FAIL: libgomp.fortran/retval2.f90 -O3 -fomit-frame-pointer (test for
excess errors)
UNRESOLVED: libgomp.fortran/retval2.f90 -O3 -fomit-frame-pointer
compilation failed to produce executable
FAIL: libgomp.fortran/retval2.f90 -O3 -fomit-frame-pointer
-funroll-loops (test for excess errors)
UNRESOLVED: libgomp.fortran/retval2.f90 -O3 -fomit-frame-pointer
-funroll-loops compilation failed to produce executable
FAIL: libgomp.fortran/retval2.f90 -O3 -fomit-frame-pointer
-funroll-all-loops -finline-functions (test for excess errors)
UNRESOLVED: libgomp.fortran/retval2.f90 -O3 -fomit-frame-pointer
-funroll-all-loops -finline-functions compilation failed to produce
executable
FAIL: libgomp.fortran/retval2.f90 -O3 -g (test for excess errors)
UNRESOLVED: libgomp.fortran/retval2.f90 -O3 -g compilation failed to
produce executable
FAIL: libgomp.fortran/retval2.f90 -Os (test for excess errors)
UNRESOLVED: libgomp.fortran/retval2.f90 -Os compilation failed to
produce executable
FAIL: libgomp.fortran/sharing1.f90 -O0 (test for excess errors)
UNRESOLVED: libgomp.fortran/sharing1.f90 -O0 compilation failed to
produce executable
FAIL: libgomp.fortran/sharing1.f90 -O1 (test for excess errors)
UNRESOLVED: libgomp.fortran/sharing1.f90 -O1 compilation failed to
produce executable
FAIL: libgomp.fortran/sharing1.f90 -O2 (test for excess errors)
UNRESOLVED: libgomp.fortran/sharing1.f90 -O2 compilation failed to
produce executable
FAIL: libgomp.fortran/sharing1.f90 -O3 -fomit-frame-pointer (test
for excess errors)
UNRESOLVED: libgomp.fortran/sharing1.f90 -O3 -fomit-frame-pointer
compilation failed to produce executable
FAIL: libgomp.fortran/sharing1.f90 -O3 -fomit-frame-pointer
-funroll-loops (test for excess errors)
UNRESOLVED: libgomp.fortran/sharing1.f90 -O3 -fomit-frame-pointer
-funroll-loops compilation failed to produce executable
FAIL: libgomp.fortran/sharing1.f90 -O3 -fomit-frame-pointer
-funroll-all-loops -finline-functions (test for excess errors)
UNRESOLVED: libgomp.fortran/sharing1.f90 -O3 -fomit-frame-pointer
-funroll-all-loops -finline-functions compilation failed to produce
executable
FAIL: libgomp.fortran/sharing1.f90 -O3 -g (test for excess errors)
UNRESOLVED: libgomp.fortran/sharing1.f90 -O3 -g compilation failed
to produce executable
FAIL: libgomp.fortran/sharing1.f90 -Os (test for excess errors)
UNRESOLVED: libgomp.fortran/sharing1.f90 -Os compilation failed to
produce executable
FAIL: libgomp.fortran/sharing2.f90 -O0 (test for excess errors)
UNRESOLVED: libgomp.fortran/sharing2.f90 -O0 compilation failed to
produce executable
FAIL: libgomp.fortran/sharing2.f90 -O1 (test for excess errors)
UNRESOLVED: libgomp.fortran/sharing2.f90 -O1 compilation failed to
produce executable
FAIL: libgomp.fortran/sharing2.f90 -O2 (test for excess errors)
UNRESOLVED: libgomp.fortran/sharing2.f90 -O2 compilation failed to
produce executable
FAIL: libgomp.fortran/sharing2.f90 -O3 -fomit-frame-pointer (test
for excess errors)
UNRESOLVED: libgomp.fortran/sharing2.f90 -O3 -fomit-frame-pointer
compilation failed to produce executable
FAIL: libgomp.fortran/sharing2.f90 -O3 -fomit-frame-pointer
-funroll-loops (test for excess errors)
UNRESOLVED: libgomp.fortran/sharing2.f90 -O3 -fomit-frame-pointer
-funroll-loops compilation failed to produce executable
FAIL: libgomp.fortran/sharing2.f90 -O3 -fomit-frame-pointer
-funroll-all-loops -finline-functions (test for excess errors)
UNRESOLVED: libgomp.fortran/sharing2.f90 -O3 -fomit-frame-pointer
-funroll-all-loops -finline-functions compilation failed to produce
executable
FAIL: libgomp.fortran/sharing2.f90 -O3 -g (test for excess errors)
UNRESOLVED: libgomp.fortran/sharing2.f90 -O3 -g compilation failed
to produce executable
FAIL: libgomp.fortran/sharing2.f90 -Os (test for excess errors)
UNRESOLVED: libgomp.fortran/sharing2.f90 -Os compilation failed to
produce executable
FAIL: libgomp.fortran/vla1.f90 -O0 (test for excess errors)
UNRESOLVED: libgomp.fortran/vla1.f90 -O0 compilation failed to
produce executable
FAIL: libgomp.fortran/vla1.f90 -O1 (test for excess errors)
UNRESOLVED: libgomp.fortran/vla1.f90 -O1 compilation failed to
produce executable
FAIL: libgomp.fortran/vla1.f90 -O2 (test for excess errors)
UNRESOLVED: libgomp.fortran/vla1.f90 -O2 compilation failed to
produce executable
FAIL: libgomp.fortran/vla1.f90 -O3 -fomit-frame-pointer (test for
excess errors)
UNRESOLVED: libgomp.fortran/vla1.f90 -O3 -fomit-frame-pointer
compilation failed to produce executable
FAIL: libgomp.fortran/vla1.f90 -O3 -fomit-frame-pointer
-funroll-loops (test for excess errors)
UNRESOLVED: libgomp.fortran/vla1.f90 -O3 -fomit-frame-pointer
-funroll-loops compilation failed to produce executable
FAIL: libgomp.fortran/vla1.f90 -O3 -fomit-frame-pointer
-funroll-all-loops -finline-functions (test for excess errors)
UNRESOLVED: libgomp.fortran/vla1.f90 -O3 -fomit-frame-pointer
-funroll-all-loops -finline-functions compilation failed to produce
executable
FAIL: libgomp.fortran/vla1.f90 -O3 -g (test for excess errors)
UNRESOLVED: libgomp.fortran/vla1.f90 -O3 -g compilation failed to
produce executable
FAIL: libgomp.fortran/vla1.f90 -Os (test for excess errors)
UNRESOLVED: libgomp.fortran/vla1.f90 -Os compilation failed to
produce executable
FAIL: libgomp.fortran/vla2.f90 -O0 (test for excess errors)
UNRESOLVED: libgomp.fortran/vla2.f90 -O0 compilation failed to
produce executable
FAIL: libgomp.fortran/vla2.f90 -O1 (test for excess errors)
UNRESOLVED: libgomp.fortran/vla2.f90 -O1 compilation failed to
produce executable
FAIL: libgomp.fortran/vla2.f90 -O2 (test for excess errors)
UNRESOLVED: libgomp.fortran/vla2.f90 -O2 compilation failed to
produce executable
FAIL: libgomp.fortran/vla2.f90 -O3 -fomit-frame-pointer (test for
excess errors)
UNRESOLVED: libgomp.fortran/vla2.f90 -O3 -fomit-frame-pointer
compilation failed to produce executable
FAIL: libgomp.fortran/vla2.f90 -O3 -fomit-frame-pointer
-funroll-loops (test for excess errors)
UNRESOLVED: libgomp.fortran/vla2.f90 -O3 -fomit-frame-pointer
-funroll-loops compilation failed to produce executable
FAIL: libgomp.fortran/vla2.f90 -O3 -fomit-frame-pointer
-funroll-all-loops -finline-functions (test for excess errors)
UNRESOLVED: libgomp.fortran/vla2.f90 -O3 -fomit-frame-pointer
-funroll-all-loops -finline-functions compilation failed to produce
executable
FAIL: libgomp.fortran/vla2.f90 -O3 -g (test for excess errors)
UNRESOLVED: libgomp.fortran/vla2.f90 -O3 -g compilation failed to
produce executable
FAIL: libgomp.fortran/vla2.f90 -Os (test for excess errors)
UNRESOLVED: libgomp.fortran/vla2.f90 -Os compilation failed to
produce executable
FAIL: libgomp.fortran/vla3.f90 -O0 (test for excess errors)
UNRESOLVED: libgomp.fortran/vla3.f90 -O0 compilation failed to
produce executable
FAIL: libgomp.fortran/vla3.f90 -O1 (test for excess errors)
UNRESOLVED: libgomp.fortran/vla3.f90 -O1 compilation failed to
produce executable
FAIL: libgomp.fortran/vla3.f90 -O2 (test for excess errors)
UNRESOLVED: libgomp.fortran/vla3.f90 -O2 compilation failed to
produce executable
FAIL: libgomp.fortran/vla3.f90 -O3 -fomit-frame-pointer (test for
excess errors)
UNRESOLVED: libgomp.fortran/vla3.f90 -O3 -fomit-frame-pointer
compilation failed to produce executable
FAIL: libgomp.fortran/vla3.f90 -O3 -fomit-frame-pointer
-funroll-loops (test for excess errors)
UNRESOLVED: libgomp.fortran/vla3.f90 -O3 -fomit-frame-pointer
-funroll-loops compilation failed to produce executable
FAIL: libgomp.fortran/vla3.f90 -O3 -fomit-frame-pointer
-funroll-all-loops -finline-functions (test for excess errors)
UNRESOLVED: libgomp.fortran/vla3.f90 -O3 -fomit-frame-pointer
-funroll-all-loops -finline-functions compilation failed to produce
executable
FAIL: libgomp.fortran/vla3.f90 -O3 -g (test for excess errors)
UNRESOLVED: libgomp.fortran/vla3.f90 -O3 -g compilation failed to
produce executable
FAIL: libgomp.fortran/vla3.f90 -Os (test for excess errors)
UNRESOLVED: libgomp.fortran/vla3.f90 -Os compilation failed to
produce executable
FAIL: libgomp.fortran/vla4.f90 -O0 (test for excess errors)
UNRESOLVED: libgomp.fortran/vla4.f90 -O0 compilation failed to
produce executable
FAIL: libgomp.fortran/vla4.f90 -O1 (test for excess errors)
UNRESOLVED: libgomp.fortran/vla4.f90 -O1 compilation failed to
produce executable
FAIL: libgomp.fortran/vla4.f90 -O2 (test for excess errors)
UNRESOLVED: libgomp.fortran/vla4.f90 -O2 compilation failed to
produce executable
FAIL: libgomp.fortran/vla4.f90 -O3 -fomit-frame-pointer (test for
excess errors)
UNRESOLVED: libgomp.fortran/vla4.f90 -O3 -fomit-frame-pointer
compilation failed to produce executable
FAIL: libgomp.fortran/vla4.f90 -O3 -fomit-frame-pointer
-funroll-loops (test for excess errors)
UNRESOLVED: libgomp.fortran/vla4.f90 -O3 -fomit-frame-pointer
-funroll-loops compilation failed to produce executable
FAIL: libgomp.fortran/vla4.f90 -O3 -fomit-frame-pointer
-funroll-all-loops -finline-functions (test for excess errors)
UNRESOLVED: libgomp.fortran/vla4.f90 -O3 -fomit-frame-pointer
-funroll-all-loops -finline-functions compilation failed to produce
executable
FAIL: libgomp.fortran/vla4.f90 -O3 -g (test for excess errors)
UNRESOLVED: libgomp.fortran/vla4.f90 -O3 -g compilation failed to
produce executable
FAIL: libgomp.fortran/vla4.f90 -Os (test for excess errors)
UNRESOLVED: libgomp.fortran/vla4.f90 -Os compilation failed to
produce executable
FAIL: libgomp.fortran/vla5.f90 -O0 (test for excess errors)
UNRESOLVED: libgomp.fortran/vla5.f90 -O0 compilation failed to
produce executable
FAIL: libgomp.fortran/vla5.f90 -O1 (test for excess errors)
UNRESOLVED: libgomp.fortran/vla5.f90 -O1 compilation failed to
produce executable
FAIL: libgomp.fortran/vla5.f90 -O2 (test for excess errors)
UNRESOLVED: libgomp.fortran/vla5.f90 -O2 compilation failed to
produce executable
FAIL: libgomp.fortran/vla5.f90 -O3 -fomit-frame-pointer (test for
excess errors)
UNRESOLVED: libgomp.fortran/vla5.f90 -O3 -fomit-frame-pointer
compilation failed to produce executable
FAIL: libgomp.fortran/vla5.f90 -O3 -fomit-frame-pointer
-funroll-loops (test for excess errors)
UNRESOLVED: libgomp.fortran/vla5.f90 -O3 -fomit-frame-pointer
-funroll-loops compilation failed to produce executable
FAIL: libgomp.fortran/vla5.f90 -O3 -fomit-frame-pointer
-funroll-all-loops -finline-functions (test for excess errors)
UNRESOLVED: libgomp.fortran/vla5.f90 -O3 -fomit-frame-pointer
-funroll-all-loops -finline-functions compilation failed to produce
executable
FAIL: libgomp.fortran/vla5.f90 -O3 -g (test for excess errors)
UNRESOLVED: libgomp.fortran/vla5.f90 -O3 -g compilation failed to
produce executable
FAIL: libgomp.fortran/vla5.f90 -Os (test for excess errors)
UNRESOLVED: libgomp.fortran/vla5.f90 -Os compilation failed to
produce executable
FAIL: libgomp.fortran/vla6.f90 -O0 (test for excess errors)
UNRESOLVED: libgomp.fortran/vla6.f90 -O0 compilation failed to
produce executable
FAIL: libgomp.fortran/vla6.f90 -O1 (test for excess errors)
UNRESOLVED: libgomp.fortran/vla6.f90 -O1 compilation failed to
produce executable
FAIL: libgomp.fortran/vla6.f90 -O2 (test for excess errors)
UNRESOLVED: libgomp.fortran/vla6.f90 -O2 compilation failed to
produce executable
FAIL: libgomp.fortran/vla6.f90 -O3 -fomit-frame-pointer (test for
excess errors)
UNRESOLVED: libgomp.fortran/vla6.f90 -O3 -fomit-frame-pointer
compilation failed to produce executable
FAIL: libgomp.fortran/vla6.f90 -O3 -fomit-frame-pointer
-funroll-loops (test for excess errors)
UNRESOLVED: libgomp.fortran/vla6.f90 -O3 -fomit-frame-pointer
-funroll-loops compilation failed to produce executable
FAIL: libgomp.fortran/vla6.f90 -O3 -fomit-frame-pointer
-funroll-all-loops -finline-functions (test for excess errors)
UNRESOLVED: libgomp.fortran/vla6.f90 -O3 -fomit-frame-pointer
-funroll-all-loops -finline-functions compilation failed to produce
executable
FAIL: libgomp.fortran/vla6.f90 -O3 -g (test for excess errors)
UNRESOLVED: libgomp.fortran/vla6.f90 -O3 -g compilation failed to
produce executable
FAIL: libgomp.fortran/vla6.f90 -Os (test for excess errors)
UNRESOLVED: libgomp.fortran/vla6.f90 -Os compilation failed to
produce executable
FAIL: libgomp.fortran/vla7.f90 -O0 (test for excess errors)
UNRESOLVED: libgomp.fortran/vla7.f90 -O0 compilation failed to
produce executable
FAIL: libgomp.fortran/vla7.f90 -O1 (test for excess errors)
UNRESOLVED: libgomp.fortran/vla7.f90 -O1 compilation failed to
produce executable
FAIL: libgomp.fortran/vla7.f90 -O2 (test for excess errors)
UNRESOLVED: libgomp.fortran/vla7.f90 -O2 compilation failed to
produce executable
FAIL: libgomp.fortran/vla7.f90 -O3 -fomit-frame-pointer (test for
excess errors)
UNRESOLVED: libgomp.fortran/vla7.f90 -O3 -fomit-frame-pointer
compilation failed to produce executable
FAIL: libgomp.fortran/vla7.f90 -O3 -fomit-frame-pointer
-funroll-loops (test for excess errors)
UNRESOLVED: libgomp.fortran/vla7.f90 -O3 -fomit-frame-pointer
-funroll-loops compilation failed to produce executable
FAIL: libgomp.fortran/vla7.f90 -O3 -fomit-frame-pointer
-funroll-all-loops -finline-functions (test for excess errors)
UNRESOLVED: libgomp.fortran/vla7.f90 -O3 -fomit-frame-pointer
-funroll-all-loops -finline-functions compilation failed to produce
executable
FAIL: libgomp.fortran/vla7.f90 -O3 -g (test for excess errors)
UNRESOLVED: libgomp.fortran/vla7.f90 -O3 -g compilation failed to
produce executable
FAIL: libgomp.fortran/vla7.f90 -Os (test for excess errors)
UNRESOLVED: libgomp.fortran/vla7.f90 -Os compilation failed to
produce executable
=== libgomp Summary ===
# of expected passes 603
# of unexpected failures 392
# of unresolved testcases 392
# of unsupported tests 111
=== libjava tests ===
Running target unix
FAIL: /Users/apinski/src/other/gcc/libjava/testsuite/libjava.jar/TestClosureGC.jar
execution - gij test
FAIL: N19990310_02 -O3 output - source compiled test
FAIL: N19990310_02 -O3 -findirect-dispatch output - source compiled test
FAIL: Throw_2 execution - source compiled test
FAIL: Throw_2 -findirect-dispatch execution - source compiled test
FAIL: Throw_2 -O3 execution - source compiled test
FAIL: Throw_2 -O3 -findirect-dispatch execution - source compiled test
=== libjava Summary ===
# of expected passes 2526
# of unexpected failures 7
# of untested testcases 5
=== libstdc++ tests ===
Running target unix
XPASS: 21_strings/basic_string/element_access/char/21674.cc execution test
XPASS: 21_strings/basic_string/element_access/wchar_t/21674.cc execution test
FAIL: 26_numerics/complex/13450.cc execution test
XPASS: 26_numerics/headers/cmath/c99_classification_macros_c.cc (test
for excess errors)
FAIL: ext/mt_allocator/deallocate_local_thread-5.cc execution test
FAIL: ext/mt_allocator/deallocate_local_thread-7.cc execution test
=== libstdc++ Summary ===
# of expected passes 4469
# of unexpected failures 3
# of unexpected successes 3
# of expected failures 52
# of unsupported tests 318
Compiler version: 4.3.0 20070820 (experimental) [trunk revision 127635]
Platform: i386-apple-darwin8.10.1
configure flags: --prefix=/Users/apinski/other-gcc --disable-multilib