This is the mail archive of the
gcc-testresults@gcc.gnu.org
mailing list for the GCC project.
Results for 4.3.0 20070817 (experimental) [trunk revision 127575] testsuite on i686-pc-linux-gnu
- From: Chris Douty <Chris_Douty at ampex dot com>
- To: gcc-testresults at gcc dot gnu dot org
- Date: Fri, 17 Aug 2007 17:27:46 -0700
- Subject: Results for 4.3.0 20070817 (experimental) [trunk revision 127575] testsuite on i686-pc-linux-gnu
LAST_UPDATED: Fri Aug 17 00:24:28 UTC 2007 (revision 127575)
=== acats tests ===
FAIL: cd92001
FAIL: cxh1001
=== acats Summary ===
# of expected passes 2313
# of unexpected failures 2
Native configuration is i686-pc-linux-gnu
=== gcc tests ===
Running target unix
FAIL: gcc.c-torture/execute/20040709-2.c compilation, -O3 -fomit-
frame-pointer -funroll-loops (internal compiler error)
UNRESOLVED: gcc.c-torture/execute/20040709-2.c execution, -O3 -fomit-
frame-pointer -funroll-loops
FAIL: gcc.c-torture/execute/mayalias-2.c compilation, -O3 -g
(internal compiler error)
UNRESOLVED: gcc.c-torture/execute/mayalias-2.c execution, -O3 -g
FAIL: gcc.c-torture/execute/mayalias-3.c compilation, -O3 -g
(internal compiler error)
UNRESOLVED: gcc.c-torture/execute/mayalias-3.c execution, -O3 -g
FAIL: gcc.dg/builtins-61.c scan-tree-dump return 0.0
FAIL: gcc.dg/cleanup-10.c execution test
FAIL: gcc.dg/cleanup-11.c execution test
FAIL: gcc.dg/cleanup-8.c execution test
FAIL: gcc.dg/cleanup-9.c execution test
XPASS: gcc.dg/tree-ssa/update-threading.c scan-tree-dump-times
Invalid sum 0
FAIL: gcc.dg/vect/pr20122.c scan-tree-dump-times vectorized 1 loops 2
=== gcc Summary ===
# of expected passes 46304
# of unexpected failures 9
# of unexpected successes 1
# of expected failures 139
# of unresolved testcases 3
# of untested testcases 35
# of unsupported tests 395
/localhome/cdouty/src/gcc-stuff/i686-pc-linux-gnu/gcc/xgcc version
4.3.0 20070817 (experimental) [trunk revision 127575]
=== gfortran tests ===
Running target unix
FAIL: gfortran.dg/csqrt_2.f -O0 execution test
FAIL: gfortran.dg/csqrt_2.f -O1 execution test
FAIL: gfortran.dg/csqrt_2.f -O2 execution test
FAIL: gfortran.dg/csqrt_2.f -O3 -fomit-frame-pointer execution test
FAIL: gfortran.dg/csqrt_2.f -O3 -fomit-frame-pointer -funroll-loops
execution test
FAIL: gfortran.dg/csqrt_2.f -O3 -fomit-frame-pointer -funroll-all-
loops -finline-functions execution test
FAIL: gfortran.dg/csqrt_2.f -O3 -g execution test
FAIL: gfortran.dg/csqrt_2.f -Os execution test
=== gfortran Summary ===
# of expected passes 20687
# of unexpected failures 8
# of expected failures 8
# of unsupported tests 16
/localhome/cdouty/src/gcc-stuff/i686-pc-linux-gnu/gcc/testsuite/
gfortran/../../gfortran version 4.3.0 20070817 (experimental) [trunk
revision 127575]
=== g++ tests ===
Running target unix
FAIL: g++.dg/ext/cleanup-10.C execution test
FAIL: g++.dg/ext/cleanup-11.C execution test
FAIL: g++.dg/ext/cleanup-8.C execution test
FAIL: g++.dg/ext/cleanup-9.C execution test
XPASS: g++.dg/tree-ssa/copyprop-1.C scan-tree-dump-not .* = [^>;]*;
XPASS: g++.dg/tree-ssa/ivopts-1.C scan-tree-dump-not offset: -4B
XPASS: g++.dg/tree-ssa/ivopts-1.C scan-tree-dump-not &x\\[5\\]
=== g++ Summary ===
# of expected passes 16359
# of unexpected failures 4
# of unexpected successes 3
# of expected failures 87
# of unsupported tests 84
/localhome/cdouty/src/gcc-stuff/i686-pc-linux-gnu/gcc/testsuite/g+
+/../../g++ version 4.3.0 20070817 (experimental) [trunk revision
127575]
=== gnat tests ===
Running target unix
FAIL: gnat.dg/controlled2.adb (test for excess errors)
=== gnat Summary ===
# of expected passes 270
# of unexpected failures 1
=== obj-c++ tests ===
Running target unix
FAIL: obj-c++.dg/bitfield-1.mm (internal compiler error)
FAIL: obj-c++.dg/bitfield-1.mm (test for excess errors)
WARNING: obj-c++.dg/bitfield-1.mm compilation failed to produce
executable
FAIL: obj-c++.dg/comp-types-10.mm (internal compiler error)
FAIL: obj-c++.dg/comp-types-10.mm (test for excess errors)
FAIL: obj-c++.dg/cxx-ivars-2.mm execution test
FAIL: obj-c++.dg/encode-2.mm scan-assembler {Vec<float>=ffi}
FAIL: obj-c++.dg/encode-2.mm scan-assembler {Vec<double>=ddi}
FAIL: obj-c++.dg/encode-3.mm execution test
FAIL: obj-c++.dg/encode-8.mm execution test
FAIL: obj-c++.dg/gnu-runtime-2.mm (test for excess errors)
FAIL: obj-c++.dg/isa-field-1.mm (test for excess errors)
FAIL: obj-c++.dg/lookup-2.mm (test for excess errors)
WARNING: obj-c++.dg/lookup-2.mm compilation failed to produce executable
FAIL: obj-c++.dg/try-catch-2.mm (test for excess errors)
WARNING: obj-c++.dg/try-catch-2.mm compilation failed to produce
executable
FAIL: obj-c++.dg/try-catch-9.mm (internal compiler error)
FAIL: obj-c++.dg/try-catch-9.mm (test for excess errors)
WARNING: obj-c++.dg/try-catch-9.mm compilation failed to produce
executable
=== obj-c++ Summary ===
# of expected passes 422
# of unexpected failures 15
# of unsupported tests 13
/localhome/cdouty/src/gcc-stuff/i686-pc-linux-gnu/gcc/testsuite/obj-c+
+/../../g++ version 4.3.0 20070817 (experimental) [trunk revision
127575]
=== objc tests ===
Running target unix
=== objc Summary ===
# of expected passes 1812
# of expected failures 7
# of unsupported tests 24
/localhome/cdouty/src/gcc-stuff/i686-pc-linux-gnu/gcc/xgcc version
4.3.0 20070817 (experimental) [trunk revision 127575]
=== libffi tests ===
Running target unix
=== libffi Summary ===
# of expected passes 1096
# of unsupported tests 8
=== libgomp tests ===
Running target unix
=== libgomp Summary ===
# of expected passes 1607
=== libjava tests ===
Running target unix
FAIL: events output
=== libjava Summary ===
# of expected passes 2537
# of unexpected failures 1
=== libmudflap tests ===
Running target unix
FAIL: libmudflap.c++/pass41-frag.cxx execution test
FAIL: libmudflap.c++/pass41-frag.cxx (-static) execution test
FAIL: libmudflap.c++/pass41-frag.cxx ( -O) execution test
FAIL: libmudflap.c++/pass41-frag.cxx (-O2) execution test
FAIL: libmudflap.c++/pass41-frag.cxx (-O3) execution test
FAIL: libmudflap.cth/pass37-frag.c (-static -DSTATIC) execution test
FAIL: libmudflap.cth/pass37-frag.c (-static -DSTATIC) output pattern
test
FAIL: libmudflap.cth/pass37-frag.c (-static -DSTATIC) (rerun 1)
execution test
FAIL: libmudflap.cth/pass37-frag.c (-static -DSTATIC) (rerun 1)
output pattern test
FAIL: libmudflap.cth/pass37-frag.c (-static -DSTATIC) (rerun 2)
execution test
FAIL: libmudflap.cth/pass37-frag.c (-static -DSTATIC) (rerun 2)
output pattern test
FAIL: libmudflap.cth/pass37-frag.c (-static -DSTATIC) (rerun 3)
execution test
FAIL: libmudflap.cth/pass37-frag.c (-static -DSTATIC) (rerun 3)
output pattern test
FAIL: libmudflap.cth/pass37-frag.c (-static -DSTATIC) (rerun 4)
execution test
FAIL: libmudflap.cth/pass37-frag.c (-static -DSTATIC) (rerun 4)
output pattern test
FAIL: libmudflap.cth/pass37-frag.c (-static -DSTATIC) (rerun 5)
execution test
FAIL: libmudflap.cth/pass37-frag.c (-static -DSTATIC) (rerun 5)
output pattern test
FAIL: libmudflap.cth/pass37-frag.c (-static -DSTATIC) (rerun 6)
execution test
FAIL: libmudflap.cth/pass37-frag.c (-static -DSTATIC) (rerun 6)
output pattern test
FAIL: libmudflap.cth/pass37-frag.c (-static -DSTATIC) (rerun 7)
execution test
FAIL: libmudflap.cth/pass37-frag.c (-static -DSTATIC) (rerun 7)
output pattern test
FAIL: libmudflap.cth/pass37-frag.c (-static -DSTATIC) (rerun 8)
execution test
FAIL: libmudflap.cth/pass37-frag.c (-static -DSTATIC) (rerun 8)
output pattern test
FAIL: libmudflap.cth/pass37-frag.c (-static -DSTATIC) (rerun 9)
execution test
FAIL: libmudflap.cth/pass37-frag.c (-static -DSTATIC) (rerun 9)
output pattern test
FAIL: libmudflap.cth/pass37-frag.c (-static -DSTATIC) (rerun 10)
execution test
FAIL: libmudflap.cth/pass37-frag.c (-static -DSTATIC) (rerun 10)
output pattern test
FAIL: libmudflap.cth/pass37-frag.c (-static -DSTATIC) (rerun 11)
execution test
FAIL: libmudflap.cth/pass37-frag.c (-static -DSTATIC) (rerun 11)
output pattern test
FAIL: libmudflap.cth/pass37-frag.c (-static -DSTATIC) (rerun 12)
execution test
FAIL: libmudflap.cth/pass37-frag.c (-static -DSTATIC) (rerun 12)
output pattern test
FAIL: libmudflap.cth/pass37-frag.c (-static -DSTATIC) (rerun 13)
execution test
FAIL: libmudflap.cth/pass37-frag.c (-static -DSTATIC) (rerun 13)
output pattern test
FAIL: libmudflap.cth/pass37-frag.c (-static -DSTATIC) (rerun 14)
execution test
FAIL: libmudflap.cth/pass37-frag.c (-static -DSTATIC) (rerun 14)
output pattern test
FAIL: libmudflap.cth/pass37-frag.c (-static -DSTATIC) (rerun 15)
execution test
FAIL: libmudflap.cth/pass37-frag.c (-static -DSTATIC) (rerun 15)
output pattern test
FAIL: libmudflap.cth/pass37-frag.c (-static -DSTATIC) (rerun 16)
execution test
FAIL: libmudflap.cth/pass37-frag.c (-static -DSTATIC) (rerun 16)
output pattern test
FAIL: libmudflap.cth/pass37-frag.c (-static -DSTATIC) (rerun 17)
execution test
FAIL: libmudflap.cth/pass37-frag.c (-static -DSTATIC) (rerun 17)
output pattern test
FAIL: libmudflap.cth/pass37-frag.c (-static -DSTATIC) (rerun 18)
execution test
FAIL: libmudflap.cth/pass37-frag.c (-static -DSTATIC) (rerun 18)
output pattern test
FAIL: libmudflap.cth/pass37-frag.c (-static -DSTATIC) (rerun 19)
execution test
FAIL: libmudflap.cth/pass37-frag.c (-static -DSTATIC) (rerun 19)
output pattern test
FAIL: libmudflap.cth/pass39-frag.c (-static -DSTATIC) execution test
FAIL: libmudflap.cth/pass39-frag.c (-static -DSTATIC) output pattern
test
FAIL: libmudflap.cth/pass39-frag.c (-static -DSTATIC) (rerun 1)
execution test
FAIL: libmudflap.cth/pass39-frag.c (-static -DSTATIC) (rerun 1)
output pattern test
FAIL: libmudflap.cth/pass39-frag.c (-static -DSTATIC) (rerun 2)
execution test
FAIL: libmudflap.cth/pass39-frag.c (-static -DSTATIC) (rerun 2)
output pattern test
FAIL: libmudflap.cth/pass39-frag.c (-static -DSTATIC) (rerun 3)
execution test
FAIL: libmudflap.cth/pass39-frag.c (-static -DSTATIC) (rerun 3)
output pattern test
FAIL: libmudflap.cth/pass39-frag.c (-static -DSTATIC) (rerun 4)
execution test
FAIL: libmudflap.cth/pass39-frag.c (-static -DSTATIC) (rerun 4)
output pattern test
FAIL: libmudflap.cth/pass39-frag.c (-static -DSTATIC) (rerun 5)
execution test
FAIL: libmudflap.cth/pass39-frag.c (-static -DSTATIC) (rerun 5)
output pattern test
FAIL: libmudflap.cth/pass39-frag.c (-static -DSTATIC) (rerun 6)
execution test
FAIL: libmudflap.cth/pass39-frag.c (-static -DSTATIC) (rerun 6)
output pattern test
FAIL: libmudflap.cth/pass39-frag.c (-static -DSTATIC) (rerun 7)
execution test
FAIL: libmudflap.cth/pass39-frag.c (-static -DSTATIC) (rerun 7)
output pattern test
FAIL: libmudflap.cth/pass39-frag.c (-static -DSTATIC) (rerun 8)
execution test
FAIL: libmudflap.cth/pass39-frag.c (-static -DSTATIC) (rerun 8)
output pattern test
FAIL: libmudflap.cth/pass39-frag.c (-static -DSTATIC) (rerun 9)
execution test
FAIL: libmudflap.cth/pass39-frag.c (-static -DSTATIC) (rerun 9)
output pattern test
FAIL: libmudflap.cth/pass39-frag.c (-static -DSTATIC) (rerun 10)
execution test
FAIL: libmudflap.cth/pass39-frag.c (-static -DSTATIC) (rerun 10)
output pattern test
FAIL: libmudflap.cth/pass39-frag.c (-static -DSTATIC) (rerun 11)
execution test
FAIL: libmudflap.cth/pass39-frag.c (-static -DSTATIC) (rerun 11)
output pattern test
FAIL: libmudflap.cth/pass39-frag.c (-static -DSTATIC) (rerun 12)
execution test
FAIL: libmudflap.cth/pass39-frag.c (-static -DSTATIC) (rerun 12)
output pattern test
FAIL: libmudflap.cth/pass39-frag.c (-static -DSTATIC) (rerun 13)
execution test
FAIL: libmudflap.cth/pass39-frag.c (-static -DSTATIC) (rerun 13)
output pattern test
FAIL: libmudflap.cth/pass39-frag.c (-static -DSTATIC) (rerun 14)
execution test
FAIL: libmudflap.cth/pass39-frag.c (-static -DSTATIC) (rerun 14)
output pattern test
FAIL: libmudflap.cth/pass39-frag.c (-static -DSTATIC) (rerun 15)
execution test
FAIL: libmudflap.cth/pass39-frag.c (-static -DSTATIC) (rerun 15)
output pattern test
FAIL: libmudflap.cth/pass39-frag.c (-static -DSTATIC) (rerun 16)
execution test
FAIL: libmudflap.cth/pass39-frag.c (-static -DSTATIC) (rerun 16)
output pattern test
FAIL: libmudflap.cth/pass39-frag.c (-static -DSTATIC) (rerun 17)
execution test
FAIL: libmudflap.cth/pass39-frag.c (-static -DSTATIC) (rerun 17)
output pattern test
FAIL: libmudflap.cth/pass39-frag.c (-static -DSTATIC) (rerun 18)
execution test
FAIL: libmudflap.cth/pass39-frag.c (-static -DSTATIC) (rerun 18)
output pattern test
FAIL: libmudflap.cth/pass39-frag.c (-static -DSTATIC) (rerun 19)
execution test
FAIL: libmudflap.cth/pass39-frag.c (-static -DSTATIC) (rerun 19)
output pattern test
FAIL: libmudflap.cth/pass40-frag.c (-static -DSTATIC) execution test
FAIL: libmudflap.cth/pass40-frag.c (-static -DSTATIC) output pattern
test
FAIL: libmudflap.cth/pass59-frag.c (-static -DSTATIC) execution test
FAIL: libmudflap.cth/pass59-frag.c (-static -DSTATIC) output pattern
test
=== libmudflap Summary ===
# of expected passes 1737
# of unexpected failures 89
=== libstdc++ tests ===
Running target unix
XPASS: 26_numerics/headers/cmath/c99_classification_macros_c.cc (test
for excess errors)
FAIL: ext/pb_ds/regression/list_update_data_map_rand.cc (test for
excess errors)
WARNING: ext/pb_ds/regression/list_update_data_map_rand.cc
compilation failed to produce executable
FAIL: ext/pb_ds/regression/list_update_no_data_map_rand.cc (test for
excess errors)
WARNING: ext/pb_ds/regression/list_update_no_data_map_rand.cc
compilation failed to produce executable
FAIL: ext/pb_ds/regression/tree_data_map_rand.cc (test for excess
errors)
WARNING: ext/pb_ds/regression/tree_data_map_rand.cc compilation
failed to produce executable
FAIL: ext/pb_ds/regression/tree_no_data_map_rand.cc (test for excess
errors)
WARNING: ext/pb_ds/regression/tree_no_data_map_rand.cc compilation
failed to produce executable
FAIL: ext/pb_ds/regression/trie_data_map_rand.cc (test for excess
errors)
WARNING: ext/pb_ds/regression/trie_data_map_rand.cc compilation
failed to produce executable
FAIL: ext/pb_ds/regression/trie_no_data_map_rand.cc (test for excess
errors)
WARNING: ext/pb_ds/regression/trie_no_data_map_rand.cc compilation
failed to produce executable
=== libstdc++ Summary ===
# of expected passes 5096
# of unexpected failures 6
# of unexpected successes 1
# of expected failures 54
Compiler version: 4.3.0 20070817 (experimental) [trunk revision 127575]
Platform: i686-pc-linux-gnu
configure flags: --prefix=/opt/gcc430 --enable-shared --enable-
__cxa_atexit --enable-languages=c,ada,c++,fortran,java,objc,obj-c++ --
with-mpfr=/usr/local
Host is a P4 running SuSE 10.0. Used the system compiler and
binutils to bootstrap.
--
Christopher Douty <Chris_Douty@ampexdata.com> +1-650-367-3129
Senior Engineer, Software & Systems - AMPEX Data Systems Corp.