This is the mail archive of the gcc-testresults@gcc.gnu.org mailing list for the GCC project.
Index Nav: | [Date Index] [Subject Index] [Author Index] [Thread Index] | |
---|---|---|
Message Nav: | [Date Prev] [Date Next] | [Thread Prev] [Thread Next] |
Other format: | [Raw text] |
LAST_UPDATED: Tue Aug 14 03:11:32 UTC 2007 (revision 127403M) Native configuration is s390x-ibm-linux-gnu === g++ tests === Running target unix XPASS: g++.dg/tree-ssa/copyprop-1.C scan-tree-dump-not .* = [^>;]*; FAIL: g++.old-deja/g++.abi/vtable3a.C execution test FAIL: g++.old-deja/g++.abi/vtable3b.C execution test FAIL: g++.old-deja/g++.abi/vtable3c.C execution test FAIL: g++.old-deja/g++.abi/vtable3d.C execution test FAIL: g++.old-deja/g++.abi/vtable3e.C execution test FAIL: g++.old-deja/g++.abi/vtable3f.C execution test FAIL: g++.old-deja/g++.abi/vtable3g.C execution test FAIL: g++.old-deja/g++.abi/vtable3h.C execution test FAIL: g++.old-deja/g++.abi/vtable3i.C execution test FAIL: g++.old-deja/g++.abi/vtable3j.C execution test FAIL: g++.old-deja/g++.eh/catch11.C execution test FAIL: g++.old-deja/g++.eh/catch12.C execution test FAIL: g++.old-deja/g++.eh/catch3.C execution test FAIL: g++.old-deja/g++.eh/catch3p.C execution test FAIL: g++.old-deja/g++.eh/catch4.C execution test FAIL: g++.old-deja/g++.eh/catch4p.C execution test FAIL: g++.old-deja/g++.eh/catch5.C execution test FAIL: g++.old-deja/g++.eh/catch5p.C execution test FAIL: g++.old-deja/g++.eh/catch6.C execution test FAIL: g++.old-deja/g++.eh/catch6p.C execution test FAIL: g++.old-deja/g++.eh/catch7.C execution test FAIL: g++.old-deja/g++.eh/catch7p.C execution test FAIL: g++.old-deja/g++.eh/catch8.C execution test FAIL: g++.old-deja/g++.eh/catch8p.C execution test FAIL: g++.old-deja/g++.eh/catch9.C execution test FAIL: g++.old-deja/g++.eh/catch9p.C execution test FAIL: g++.old-deja/g++.eh/vbase4.C execution test FAIL: g++.old-deja/g++.jason/dcast3.C execution test FAIL: g++.old-deja/g++.jason/template33.C (internal compiler error) FAIL: g++.old-deja/g++.jason/template33.C (test for excess errors) FAIL: g++.old-deja/g++.mike/eh18.C execution test FAIL: g++.old-deja/g++.mike/eh36.C execution test FAIL: g++.old-deja/g++.mike/p16146.C execution test FAIL: g++.old-deja/g++.other/dyncast1.C execution test FAIL: g++.old-deja/g++.other/dyncast2.C execution test FAIL: g++.old-deja/g++.other/dyncast3.C execution test FAIL: g++.old-deja/g++.other/dyncast5.C execution test FAIL: g++.old-deja/g++.other/dyncast6.C execution test FAIL: g++.old-deja/g++.other/rttid3.C execution test FAIL: g++.old-deja/g++.other/rttid4.C execution test FAIL: g++.old-deja/g++.robertl/eb17.C execution test FAIL: g++.old-deja/g++.robertl/eb46.C execution test FAIL: g++.old-deja/g++.robertl/eh990323-2.C execution test === g++ Summary === # of expected passes 16181 # of unexpected failures 43 # of unexpected successes 1 # of expected failures 87 # of unsupported tests 128 /31bit/build/BUILD/gcc/obj-s390x-redhat-linux/gcc/testsuite/g++/../../g++ version 4.3.0 20070814 (experimental) === gcc tests === Running target unix FAIL: gcc.c-torture/execute/mayalias-2.c compilation, -O3 -g (internal compiler error) UNRESOLVED: gcc.c-torture/execute/mayalias-2.c execution, -O3 -g FAIL: gcc.c-torture/execute/mayalias-3.c compilation, -O3 -g (internal compiler error) UNRESOLVED: gcc.c-torture/execute/mayalias-3.c execution, -O3 -g XPASS: gcc.dg/cpp/cmdlne-dI-M.c scan-file (^|\\\\n)cmdlne-dI-M.*:[^\\\\n]*cmdlne-dI-M.c XPASS: gcc.dg/cpp/cmdlne-dM-M.c scan-file (^|\\\\n)cmdlne-dM-M[^\\\\n]*:[^\\\\n]*cmdlne-dM-M.c FAIL: gcc.dg/builtins-61.c scan-tree-dump return 0.0 FAIL: gcc.dg/torture/builtin-pow-mpfr-1.c -O0 scan-tree-dump pow FAIL: gcc.dg/torture/builtin-pow-mpfr-1.c -O1 scan-tree-dump pow FAIL: gcc.dg/torture/builtin-pow-mpfr-1.c -O2 scan-tree-dump pow FAIL: gcc.dg/torture/builtin-pow-mpfr-1.c -O3 -fomit-frame-pointer scan-tree-dump pow FAIL: gcc.dg/torture/builtin-pow-mpfr-1.c -O3 -g scan-tree-dump pow FAIL: gcc.dg/torture/builtin-pow-mpfr-1.c -Os scan-tree-dump pow XPASS: gcc.dg/tree-ssa/20040204-1.c scan-tree-dump-times link_error 0 XPASS: gcc.dg/tree-ssa/sra-2.c scan-tree-dump-times link_error 0 XPASS: gcc.dg/tree-ssa/update-threading.c scan-tree-dump-times Invalid sum 0 === gcc Summary === # of expected passes 43756 # of unexpected failures 9 # of unexpected successes 5 # of expected failures 94 # of unresolved testcases 2 # of untested testcases 35 # of unsupported tests 373 /31bit/build/BUILD/gcc/obj-s390x-redhat-linux/gcc/xgcc version 4.3.0 20070814 (experimental) === gfortran tests === Running target unix === gfortran Summary === # of expected passes 20636 # of expected failures 8 # of unsupported tests 20 /31bit/build/BUILD/gcc/obj-s390x-redhat-linux/gcc/testsuite/gfortran/../../gfortran version 4.3.0 20070814 (experimental) === objc tests === Running target unix === objc Summary === # of expected passes 1812 # of expected failures 7 # of unsupported tests 24 /31bit/build/BUILD/gcc/obj-s390x-redhat-linux/gcc/xgcc version 4.3.0 20070814 (experimental) === libffi tests === Running target unix === libffi Summary === # of expected passes 1096 # of unsupported tests 8 === libgomp tests === Running target unix === libgomp Summary === # of expected passes 1607 === libjava tests === Running target unix FAIL: events output === libjava Summary === # of expected passes 2537 # of unexpected failures 1 === libmudflap tests === Running target unix FAIL: libmudflap.c++/pass41-frag.cxx execution test FAIL: libmudflap.c++/pass41-frag.cxx (-static) execution test FAIL: libmudflap.c++/pass41-frag.cxx ( -O) execution test FAIL: libmudflap.c++/pass41-frag.cxx (-O2) execution test FAIL: libmudflap.c++/pass41-frag.cxx (-O3) execution test === libmudflap Summary === # of expected passes 1821 # of unexpected failures 5 === libstdc++ tests === Running target unix FAIL: abi_check FAIL: 23_containers/bitset/cons/16020.cc execution test FAIL: 25_algorithms/search_n/check_type.cc (test for excess errors) XPASS: 26_numerics/headers/cmath/c99_classification_macros_c.cc (test for excess errors) XPASS: 27_io/fpos/14320-1.cc execution test FAIL: 27_io/ios_base/storage/2.cc execution test === libstdc++ Summary === # of expected passes 4472 # of unexpected failures 4 # of unexpected successes 2 # of expected failures 53 # of unsupported tests 316 Compiler version: 4.3.0 20070814 (experimental) Platform: s390x-ibm-linux-gnu configure flags: --prefix=/usr --mandir=/usr/share/man --infodir=/usr/share/info --enable-shared --enable-threads=posix --enable-checking --with-system-zlib --enable-__cxa_atexit --with-long-double-128 --enable-languages=c,c++,objc,java,fortran --host=s390x-redhat-linux
Index Nav: | [Date Index] [Subject Index] [Author Index] [Thread Index] | |
---|---|---|
Message Nav: | [Date Prev] [Date Next] | [Thread Prev] [Thread Next] |