This is the mail archive of the
gcc-testresults@gcc.gnu.org
mailing list for the GCC project.
Results for 4.2.1 (Debian 4.2.1-2) testsuite on arm-unknown-linux-gnu
- From: Matthias Klose <doko at debian dot org>
- To: gcc-testresults at gcc dot gnu dot org
- Cc: debian-gcc at lists dot debian dot org
- Date: Mon, 13 Aug 2007 17:56:44 -0600
- Subject: Results for 4.2.1 (Debian 4.2.1-2) testsuite on arm-unknown-linux-gnu
- Reply-to: Matthias Klose <doko at debian dot org>
LAST_UPDATED: Sat Aug 4 23:29:08 UTC 2007 (revision 127217)
Native configuration is arm-unknown-linux-gnu
=== libffi tests ===
Running target unix
FAIL: libffi.call/cls_1_1byte.c -O0 -W -Wall execution test
FAIL: libffi.call/cls_5_1_byte.c -O0 -W -Wall output pattern test, is 127 120 1 3 4 3 4 28 64 168: 130 124 29 67 172
FAIL: libffi.call/cls_5byte.c -O0 -W -Wall output pattern test, is 127 120 1 128 9 180: 255 129 181
FAIL: libffi.call/cls_6_1_byte.c -O0 -W -Wall output pattern test, is 127 120 1 3 4 5 9 3 4 5 160 143: 136 123 5 8 164 148
FAIL: libffi.call/cls_6byte.c -O0 -W -Wall output pattern test, is 127 120 1 128 128 32521 176 191: 255 32641 177 63
FAIL: libffi.call/cls_7_1_byte.c -O0 -W -Wall output pattern test, is 127 120 1 3 4 5 6 128 9 3 4 5 6 128: 255 129 4 7 9 11 134
FAIL: libffi.call/cls_align_sint16.c -O0 -W -Wall output pattern test, is 12 4951 127 104 13 164: 116 4964 35
FAIL: libffi.call/cls_align_uint16.c -O0 -W -Wall output pattern test, is 12 4951 127 104 13 164: 116 4964 35
FAIL: libffi.call/struct3.c -O0 -W -Wall execution test
FAIL: libffi.call/cls_1_1byte.c -O2 output pattern test, is 48 12: 60
FAIL: libffi.call/cls_5_1_byte.c -O2 output pattern test, is 127 120 1 3 4 3 4 0 0 152: 130 124 1 3 156
FAIL: libffi.call/cls_5byte.c -O2 output pattern test, is 127 120 1 128 9 160: 255 129 161
FAIL: libffi.call/cls_6_1_byte.c -O2 output pattern test, is 127 120 1 3 4 5 9 3 4 5 144 47: 136 123 5 8 148 52
FAIL: libffi.call/cls_6byte.c -O2 output pattern test, is 127 120 1 128 128 32521 156 159: 255 32641 157 31
FAIL: libffi.call/cls_7_1_byte.c -O2 output pattern test, is 127 120 1 3 4 5 6 128 9 3 4 5 6 148: 255 129 4 7 9 11 154
FAIL: libffi.call/cls_align_sint16.c -O2 output pattern test, is 12 4951 127 104 13 148: 116 4964 19
FAIL: libffi.call/cls_align_uint16.c -O2 output pattern test, is 12 4951 127 104 13 148: 116 4964 19
FAIL: libffi.call/struct3.c -O2 execution test
FAIL: libffi.call/cls_1_1byte.c -O3 output pattern test, is 48 12: 60
FAIL: libffi.call/cls_5_1_byte.c -O3 output pattern test, is 127 120 1 3 4 3 4 0 0 152: 130 124 1 3 156
FAIL: libffi.call/cls_5byte.c -O3 output pattern test, is 127 120 1 128 9 160: 255 129 161
FAIL: libffi.call/cls_6_1_byte.c -O3 output pattern test, is 127 120 1 3 4 5 9 3 4 5 144 31: 136 123 5 8 148 36
FAIL: libffi.call/cls_6byte.c -O3 output pattern test, is 127 120 1 128 128 32521 156 255: 255 32641 157 127
FAIL: libffi.call/cls_7_1_byte.c -O3 output pattern test, is 127 120 1 3 4 5 6 128 9 3 4 5 6 207: 255 129 4 7 9 11 213
FAIL: libffi.call/cls_align_sint16.c -O3 output pattern test, is 12 4951 127 104 13 148: 116 4964 19
FAIL: libffi.call/cls_align_uint16.c -O3 output pattern test, is 12 4951 127 104 13 148: 116 4964 19
FAIL: libffi.call/struct3.c -O3 execution test
FAIL: libffi.call/cls_1_1byte.c -Os execution test
FAIL: libffi.call/cls_5_1_byte.c -Os output pattern test, is 127 120 1 3 4 3 4 0 0 156: 130 124 1 3 160
FAIL: libffi.call/cls_5byte.c -Os output pattern test, is 127 120 1 128 9 164: 255 129 165
FAIL: libffi.call/cls_6_1_byte.c -Os output pattern test, is 127 120 1 3 4 5 9 3 4 5 148 79: 136 123 5 8 152 84
FAIL: libffi.call/cls_6byte.c -Os output pattern test, is 127 120 1 128 128 32521 160 79: 255 32641 161 207
FAIL: libffi.call/cls_7_1_byte.c -Os output pattern test, is 127 120 1 3 4 5 6 128 9 3 4 5 6 211: 255 129 4 7 9 11 217
FAIL: libffi.call/cls_align_sint16.c -Os output pattern test, is 12 4951 127 104 13 148: 116 4964 19
FAIL: libffi.call/cls_align_uint16.c -Os output pattern test, is 12 4951 127 104 13 148: 116 4964 19
FAIL: libffi.call/struct3.c -Os execution test
=== libffi Summary ===
# of expected passes 1058
# of unexpected failures 36
# of unsupported tests 8
=== libgomp tests ===
Running target unix
=== libgomp Summary ===
# of expected passes 1560
# of unsupported tests 7
=== libmudflap tests ===
Running target unix
=== libmudflap Summary ===
# of expected passes 1814
=== libstdc++ tests ===
Running target unix
FAIL: 19_diagnostics/23591_thread-1.c execution test
FAIL: 22_locale/ctype/cons/char/1.cc execution test
FAIL: 23_containers/deque/modifiers/swap/3.cc execution test
FAIL: 23_containers/list/modifiers/swap/3.cc execution test
FAIL: 23_containers/map/modifiers/swap/3.cc execution test
FAIL: 23_containers/multimap/modifiers/swap/3.cc execution test
FAIL: 23_containers/multiset/modifiers/swap/3.cc execution test
FAIL: 23_containers/set/modifiers/swap/3.cc execution test
FAIL: 23_containers/vector/bool/modifiers/swap/2.cc execution test
FAIL: 23_containers/vector/modifiers/swap/3.cc execution test
XPASS: 26_numerics/cmath/c99_classification_macros_c.cc (test for excess errors)
WARNING: program timed out.
FAIL: ext/pb_ds/regression/hash_data_map_rand.cc (test for excess errors)
UNRESOLVED: ext/pb_ds/regression/hash_data_map_rand.cc compilation failed to produce executable
WARNING: program timed out.
FAIL: ext/pb_ds/regression/hash_no_data_map_rand.cc (test for excess errors)
UNRESOLVED: ext/pb_ds/regression/hash_no_data_map_rand.cc compilation failed to produce executable
WARNING: program timed out.
FAIL: ext/pb_ds/regression/priority_queue_rand.cc (test for excess errors)
UNRESOLVED: ext/pb_ds/regression/priority_queue_rand.cc compilation failed to produce executable
WARNING: program timed out.
FAIL: ext/pb_ds/regression/tree_data_map_rand.cc (test for excess errors)
UNRESOLVED: ext/pb_ds/regression/tree_data_map_rand.cc compilation failed to produce executable
WARNING: program timed out.
FAIL: ext/pb_ds/regression/tree_no_data_map_rand.cc (test for excess errors)
UNRESOLVED: ext/pb_ds/regression/tree_no_data_map_rand.cc compilation failed to produce executable
WARNING: program timed out.
FAIL: ext/pb_ds/regression/trie_data_map_rand.cc (test for excess errors)
UNRESOLVED: ext/pb_ds/regression/trie_data_map_rand.cc compilation failed to produce executable
WARNING: program timed out.
FAIL: ext/pb_ds/regression/trie_no_data_map_rand.cc (test for excess errors)
UNRESOLVED: ext/pb_ds/regression/trie_no_data_map_rand.cc compilation failed to produce executable
WARNING: program timed out.
FAIL: thread/pthread2.cc execution test
FAIL: tr1/4_metaprogramming/other_transformations/aligned_storage/aligned_storage.cc execution test
FAIL: tr1/4_metaprogramming/type_properties/is_empty/is_empty.cc execution test
FAIL: tr1/4_metaprogramming/type_properties/is_polymorphic/is_polymorphic.cc execution test
FAIL: tr1/6_containers/unordered/swap/unordered_map/2.cc execution test
FAIL: tr1/6_containers/unordered/swap/unordered_multimap/2.cc execution test
FAIL: tr1/6_containers/unordered/swap/unordered_multiset/2.cc execution test
FAIL: tr1/6_containers/unordered/swap/unordered_set/2.cc execution test
=== libstdc++ Summary ===
# of expected passes 3809
# of unexpected failures 25
# of unexpected successes 1
# of expected failures 15
# of unresolved testcases 7
# of unsupported tests 316
Target: arm-linux-gnu
gcc version 4.2.1 (Debian 4.2.1-2)
=== g++ tests ===
Running target unix
FAIL: tmpdir-g++.dg-struct-layout-1/t026 cp_compat_x_tst.o-cp_compat_y_tst.o execute
XPASS: g++.dg/other/packed1.C execution test
=== g++ Summary ===
# of expected passes 13400
# of unexpected failures 1
# of unexpected successes 1
# of expected failures 66
# of unsupported tests 117
/build/buildd/gcc-4.2-4.2.1/build/gcc/testsuite/g++/../../g++ version 4.2.1 (Debian 4.2.1-2)
=== gcc tests ===
Running target unix
WARNING: program timed out.
FAIL: gcc.c-torture/compile/20001226-1.c -O2 (test for excess errors)
WARNING: program timed out.
FAIL: gcc.c-torture/compile/20001226-1.c -O3 -fomit-frame-pointer (test for excess errors)
WARNING: program timed out.
FAIL: gcc.c-torture/compile/20001226-1.c -O3 -g (test for excess errors)
WARNING: program timed out.
FAIL: gcc.c-torture/compile/20001226-1.c -Os (test for excess errors)
FAIL: gcc.c-torture/execute/20050121-1.c compilation, -O0 (internal compiler error)
UNRESOLVED: gcc.c-torture/execute/20050121-1.c execution, -O0
UNRESOLVED: gcc.c-torture/execute/mayalias-2.c execution, -O3 -g
FAIL: gcc.dg/compat/scalar-return-4 c_compat_y_tst.o compile, (internal compiler error)
UNRESOLVED: gcc.dg/compat/scalar-return-4 c_compat_x_tst.o-c_compat_y_tst.o link
UNRESOLVED: gcc.dg/compat/scalar-return-4 c_compat_x_tst.o-c_compat_y_tst.o execute
FAIL: gcc.dg/arm-mmx-1.c (test for excess errors)
ERROR: gcc.dg/arm-mmx-1.c: error executing dg-final: couldn't open "arm-mmx-1.s": no such file or directory
UNRESOLVED: gcc.dg/arm-mmx-1.c: error executing dg-final: couldn't open "arm-mmx-1.s": no such file or directory
=== gcc Summary ===
# of expected passes 40787
# of unexpected failures 7
# of expected failures 84
# of unresolved testcases 5
# of untested testcases 28
# of unsupported tests 368
/build/buildd/gcc-4.2-4.2.1/build/gcc/xgcc version 4.2.1 (Debian 4.2.1-2)
=== gfortran tests ===
Running target unix
FAIL: gfortran.dg/common_5.f -O (test for warnings, line 6)
XPASS: gfortran.dg/csqrt_2.f -O0 execution test
XPASS: gfortran.dg/csqrt_2.f -O1 execution test
XPASS: gfortran.dg/csqrt_2.f -O2 execution test
XPASS: gfortran.dg/csqrt_2.f -O3 -fomit-frame-pointer execution test
XPASS: gfortran.dg/csqrt_2.f -O3 -fomit-frame-pointer -funroll-loops execution test
XPASS: gfortran.dg/csqrt_2.f -O3 -fomit-frame-pointer -funroll-all-loops -finline-functions execution test
XPASS: gfortran.dg/csqrt_2.f -O3 -g execution test
XPASS: gfortran.dg/csqrt_2.f -Os execution test
FAIL: gfortran.dg/secnds-1.f -O0 execution test
FAIL: gfortran.fortran-torture/execute/intrinsic_set_exponent.f90 execution, -O0
FAIL: gfortran.fortran-torture/execute/intrinsic_set_exponent.f90 execution, -O1
FAIL: gfortran.fortran-torture/execute/intrinsic_set_exponent.f90 execution, -O2
FAIL: gfortran.fortran-torture/execute/intrinsic_set_exponent.f90 execution, -O3 -fomit-frame-pointer
FAIL: gfortran.fortran-torture/execute/intrinsic_set_exponent.f90 execution, -O3 -fomit-frame-pointer -funroll-loops
FAIL: gfortran.fortran-torture/execute/intrinsic_set_exponent.f90 execution, -O3 -fomit-frame-pointer -funroll-all-loops -finline-functions
FAIL: gfortran.fortran-torture/execute/intrinsic_set_exponent.f90 execution, -O3 -g
FAIL: gfortran.fortran-torture/execute/intrinsic_set_exponent.f90 execution, -Os
=== gfortran Summary ===
# of expected passes 16074
# of unexpected failures 10
# of unexpected successes 8
# of expected failures 6
# of unsupported tests 91
/build/buildd/gcc-4.2-4.2.1/build/gcc/testsuite/gfortran/../../gfortran version 4.2.1 (Debian 4.2.1-2)
=== obj-c++ tests ===
Running target unix
FAIL: obj-c++.dg/cxx-ivars-2.mm execution test
FAIL: obj-c++.dg/encode-8.mm execution test
FAIL: obj-c++.dg/isa-field-1.mm (test for excess errors)
FAIL: obj-c++.dg/lookup-2.mm (test for excess errors)
UNRESOLVED: obj-c++.dg/lookup-2.mm compilation failed to produce executable
FAIL: obj-c++.dg/try-catch-2.mm (test for excess errors)
UNRESOLVED: obj-c++.dg/try-catch-2.mm compilation failed to produce executable
FAIL: obj-c++.dg/try-catch-9.mm (test for excess errors)
UNRESOLVED: obj-c++.dg/try-catch-9.mm compilation failed to produce executable
=== obj-c++ Summary ===
# of expected passes 429
# of unexpected failures 6
# of unresolved testcases 3
# of unsupported tests 13
/build/buildd/gcc-4.2-4.2.1/build/gcc/testsuite/obj-c++/../../g++ version 4.2.1 (Debian 4.2.1-2)
=== objc tests ===
Running target unix
=== objc Summary ===
# of expected passes 1806
# of expected failures 7
# of unsupported tests 24
/build/buildd/gcc-4.2-4.2.1/build/gcc/xgcc version 4.2.1 (Debian 4.2.1-2)
=== treelang tests ===
Running target unix
=== treelang Summary ===
# of expected passes 52
Compiler version: 4.2.1 (Debian 4.2.1-2)
Platform: arm-unknown-linux-gnu
configure flags: -v --prefix=/usr --enable-shared --with-system-zlib --libexecdir=/usr/lib --without-included-gettext --enable-threads=posix --enable-nls --with-gxx-include-dir=/usr/include/c++/4.2 --program-suffix=-4.2 --enable-clocale=gnu --enable-libstdcxx-debug --enable-mpfr --disable-libssp --disable-werror --enable-checking=release --build=arm-linux-gnu --host=arm-linux-gnu --target=arm-linux-gnu --enable-languages=c,c++,fortran,objc,obj-c++,treelang
BOOT_CFLAGS=-O2
Build Dependencies:
Desired=Unknown/Install/Remove/Purge/Hold
| Status=Not/Installed/Config-files/Unpacked/Failed-config/Half-installed
|/ Err?=(none)/Hold/Reinst-required/X=both-problems (Status,Err: uppercase=bad)
||/ Name Version Description
+++-==============-=================-==============================================
ii binutils 2.17cvs20070804-1 The GNU assembler, linker and binary utilities
ii libc6 2.6-2 GNU C Library: Shared libraries
Patches that Debian applied in this version:
svn-updates:
updates from the 4.2 branch upto 20070804.
rename-info-files:
Allow transformations on info file names. Reference the
transformed info file names in the texinfo files.
gcc-version:
Add package identification to the gcc version string
gcc-textdomain:
Set gettext's domain and textdomain to the versioned package name.
gcc-driver-extra-langs:
Add options and specs for languages that are not built from a source
(but built from separate sources).
gcc-hash-style-both:
Link using --hash-style=both (alpha, amd64, ia64, i386, powerpc, ppc64, s390, sparc)
libstdc++-pic:
Build and install libstdc++_pic.a library.
libstdc++-doclink:
adjust hrefs to point to the local documentation
libstdc++-doxygen:
libstdc++ doxygen docs: Set SHORT_NAMES to YES
libjava-stacktrace:
libgcj: Lookup source file name and line number in separated
debug files found in /usr/lib/debug
libjava-subdir:
- Set the libjava sublibdir to /usr/lib/gcj-4.2
- Set the default libgcj database dir to /var/lib/gcj-4.2
libjava-jnipath:
- Add /usr/lib/jni to java.library.path.
- When running the i386 binaries on amd64, look in
- /usr/lib32/gcj-x.y and /usr/lib32/jni instead.
libjava-sjlj:
Don't try to use _Unwind_Backtrace on SJLJ targets.
See bug #387875, #388505, GCC PR 29206.
libjava-rpath:
- Link ecjx and gij with -rpath \$(dbexecdir)
libjava-examples:
Fix build for libjava/classpath/examples
libjava-jar:
gjar: support @ arguments.
libjava-maxhostnamelen:
libjava: Avoid dependency on MAXHOSTNAMELEN
libjava-nojavac:
libjava/classpath: Don't require javac without java maintainer mode.
libffi-configure:
Add --enable-libffi option to toplevel configure script
pr20218:
Backport from mainline for PR middle-end/17982, PR middle-end/20218.
pr20218-mips:
Backport from mainline for PR middle-end/20218, mips part.
pr28102:
Apply proposed fix for PR target/28102.
pr31868:
Backport from mainline for PR target/31868
alpha-no-ev4-directive:
boehm-gc-nocheck:
Disable running the boehm-gc testsuite. Hangs the buildd at least on hppa.
boehm-gc-getnprocs:
boehm-gc/pthread_support.c (GC_get_nprocs): Use sysconf as fallback.
note-gnu-stack:
Add .note.GNU-stack sections for gcc's crt files, libffi and boehm-gc
Taken from FC.
arm-pr28516:
Fix PR28516 on ARM
arm-pr30486:
Fix 30486 on ARM
arm-unbreak-eabi-armv4t:
Fix armv4t build on ARM
hurd-profiling:
Fix profiling on hurd-i386.
m68k-save_pic:
gcc/config/m68k/m68k.c:
correctly save the pic register, when not done by reload()
(fixes _Unwind_RaiseException and thus exception handling)
fixes 345574
m68k-dwarf:
correct the dwarf frame information, but preserve compatibility
m68k-limit_reload:
correctly limit reload class
fixes 375522
m68k-prevent-qipush:
prevent combine from creating a byte push on the stack (invalid on m68k)
m68k-return:
don't use single return if fp register have to be restored
fixes 386864
m68k-sig-unwind:
add support for unwinding over signal frames
m68k-align-code:
use "move.l %a4,%a4" to advance within code.
m68k-align-stack:
try to keep the stack word aligned
m68k-secondary-addr-reload:
add secondary reloads to allow reload to get byte values into addr regs
m68k-notice-move:
don't set cc_status for fp move without fp register
m68k-symbolic-operand:
better recognize symbolic operands in addresses
m68k-bitfield-offset:
only use constant offset for register bitfields
(combine expects shifts, but does a rotate)
mips-libspec:
mips*-linux: Always imply -lpthread for -pthread
deb-protoize:
build protoize/unprotoize binaries
arm-pragma-pack:
Fix #pragma pack on ARM
cpu-default-i486:
set default 32bit ix86 architecture to i486
reporting:
Add Debian URL for bug reporting instructions.
gcc-ice-hack:
2004-01-23 Jakub Jelinek <jakub@redhat.com>
* system.h (ICE_EXIT_CODE): Define.
* gcc.c (execute): Don't free first string early, but at the end
of the function. Call retry_ice if compiler exited with
ICE_EXIT_CODE.
(retry_ice): New function.
* diagnostic.c (diagnostic_count_diagnostic,
diagnostic_action_after_output, error_recursion): Exit with
ICE_EXIT_CODE instead of FATAL_EXIT_CODE.
multiarch-include:
biarch-include.dpatch
Adds biarch include directories
/usr/local/include/<arch>-linux-gnu
/usr/include/<arch>-linux-gnu
to the system include paths, depending on 32/64 bit mode.
libjava-disable-static:
Disable building the static libjava.
ada-driver-check:
Simplify Ada driver check (we always build using the required
Ada version. Needed for warnings on alpha.
Counting all warnings,
there are 0 warnings in stage3 of this bootstrap.
Number of warnings per file:
Number of warning types: