This is the mail archive of the
gcc-testresults@gcc.gnu.org
mailing list for the GCC project.
Results for 4.3.0 20070813 (experimental) testsuite on x86_64-pc-linux-gnu (revision 127391)
- From: Panagiotis Christopoulos <pxrist at gmail dot com>
- To: gcc-testresults at gcc dot gnu dot org
- Date: Mon, 13 Aug 2007 12:30:35 +0300
- Subject: Results for 4.3.0 20070813 (experimental) testsuite on x86_64-pc-linux-gnu (revision 127391)
LAST_UPDATED: Mon Aug 13 06:23:23 UTC 2007 (revision 127391)
Native configuration is x86_64-pc-linux-gnu
=== g++ tests ===
Running target unix
XPASS: g++.dg/tree-ssa/copyprop-1.C scan-tree-dump-not .* = [^>;]*;
XPASS: g++.dg/tree-ssa/ivopts-1.C scan-tree-dump-not offset: -4B
XPASS: g++.dg/tree-ssa/ivopts-1.C scan-tree-dump-not &x\\[5\\]
=== g++ Summary ===
# of expected passes 16259
# of unexpected successes 3
# of expected failures 87
# of unsupported tests 113
/opt/gcc/tmpdir/gcc/testsuite/g++/../../g++ version 4.3.0 20070813
(experimental)
=== gcc tests ===
Running target unix
FAIL: gcc.c-torture/compile/limits-structnest.c -O2 (test for excess
errors)
FAIL: gcc.c-torture/compile/limits-structnest.c -O3
-fomit-frame-pointer (test for excess errors)
FAIL: gcc.c-torture/compile/limits-structnest.c -O3 -g (test for
excess errors)
FAIL: gcc.c-torture/compile/limits-structnest.c -Os (test for excess
errors)
FAIL: gcc.dg/builtins-61.c scan-tree-dump return 0.0
XPASS: gcc.dg/tree-ssa/update-threading.c scan-tree-dump-times Invalid
sum 0
FAIL: gcc.dg/vect/vect-iv-9.c scan-tree-dump-times vectorized 1 loops 2
FAIL: gcc.target/i386/gcc-have-sync-compare-and-swap-3.c (test for
excess errors)
=== gcc Summary ===
# of expected passes 46204
# of unexpected failures 7
# of unexpected successes 1
# of expected failures 138
# of untested testcases 35
# of unsupported tests 495
/opt/gcc/tmpdir/gcc/xgcc version 4.3.0 20070813 (experimental)
=== gfortran tests ===
Running target unix
=== gfortran Summary ===
# of expected passes 20649
# of expected failures 8
# of unsupported tests 18
/opt/gcc/tmpdir/gcc/testsuite/gfortran/../../gfortran version 4.3.0
20070813 (experimental)
=== obj-c++ tests ===
Running target unix
FAIL: obj-c++.dg/bitfield-1.mm (test for excess errors)
FAIL: obj-c++.dg/bitfield-4.mm (test for excess errors)
FAIL: obj-c++.dg/cxx-ivars-2.mm execution test
FAIL: obj-c++.dg/encode-2.mm scan-assembler {Vec<float>=ffi}
FAIL: obj-c++.dg/encode-2.mm scan-assembler {Vec<double>=ddi}
FAIL: obj-c++.dg/encode-3.mm execution test
FAIL: obj-c++.dg/encode-8.mm execution test
FAIL: obj-c++.dg/gnu-runtime-2.mm (test for excess errors)
FAIL: obj-c++.dg/isa-field-1.mm (test for excess errors)
FAIL: obj-c++.dg/layout-1.mm (test for excess errors)
FAIL: obj-c++.dg/lookup-2.mm (test for excess errors)
WARNING: obj-c++.dg/lookup-2.mm compilation failed to produce executable
FAIL: obj-c++.dg/try-catch-2.mm (test for excess errors)
WARNING: obj-c++.dg/try-catch-2.mm compilation failed to produce
executable
FAIL: obj-c++.dg/try-catch-9.mm (test for excess errors)
WARNING: obj-c++.dg/try-catch-9.mm compilation failed to produce
executable
=== obj-c++ Summary ===
# of expected passes 422
# of unexpected failures 13
# of unsupported tests 13
/opt/gcc/tmpdir/gcc/testsuite/obj-c++/../../g++ version 4.3.0 20070813
(experimental)
=== objc tests ===
Running target unix
=== objc Summary ===
# of expected passes 1812
# of expected failures 7
# of unsupported tests 24
/opt/gcc/tmpdir/gcc/xgcc version 4.3.0 20070813 (experimental)
=== treelang tests ===
Running target unix
=== treelang Summary ===
# of expected passes 52
=== libgomp tests ===
Running target unix
=== libgomp Summary ===
# of expected passes 1607
=== libstdc++ tests ===
Running target unix
XPASS: 26_numerics/headers/cmath/c99_classification_macros_c.cc (test
for excess errors)
XPASS: 27_io/fpos/14320-1.cc execution test
=== libstdc++ Summary ===
# of expected passes 4476
# of unexpected successes 2
# of expected failures 53
# of unsupported tests 316
Compiler version: 4.3.0 20070813 (experimental)
Platform: x86_64-pc-linux-gnu
configure flags: --prefix=/opt/gcc/installdir/ -with-arch=nocona
--host=x86_64-pc-linux-gnu --build=x86_64-pc-linux-gnu -disable-altivec
--disable-altivec --disable-nls --with-system-zlib --disable-checking
--disable-werror --enable-secureplt --disable-libunwind-exceptions
--disable-multilib --disable-libmudflap --enable-libssp --disable-libgcj
--enable-languages=c,c++,fortran,objc,obj-c++,treelang --enable-shared
--enable-threads=posix --enable-__cxa_atexit --enable-clocale=gnu