This is the mail archive of the gcc-testresults@gcc.gnu.org mailing list for the GCC project.
Index Nav: | [Date Index] [Subject Index] [Author Index] [Thread Index] | |
---|---|---|
Message Nav: | [Date Prev] [Date Next] | [Thread Prev] [Thread Next] |
Other format: | [Raw text] |
URL: svn://gcc.gnu.org/svn/gcc/trunk Revision: 127371 LAST_UPDATED: Native configuration is x86_64-unknown-linux-gnu === gcc tests === Running target unix FAIL: gcc.c-torture/execute/mayalias-2.c compilation, -O3 -g (internal compiler error) UNRESOLVED: gcc.c-torture/execute/mayalias-2.c execution, -O3 -g FAIL: gcc.c-torture/execute/mayalias-3.c compilation, -O3 -g (internal compiler error) UNRESOLVED: gcc.c-torture/execute/mayalias-3.c execution, -O3 -g XPASS: gcc.dg/cpp/cmdlne-dI-M.c scan-file (^|\\\\n)cmdlne-dI-M.*:[^\\\\n]*cmdlne-dI-M.c XPASS: gcc.dg/cpp/cmdlne-dM-M.c scan-file (^|\\\\n)cmdlne-dM-M[^\\\\n]*:[^\\\\n]*cmdlne-dM-M.c FAIL: gcc.dg/cpp/direct2s.c (test for excess errors) FAIL: gcc.dg/builtins-61.c scan-tree-dump return 0.0 FAIL: gcc.dg/torture/builtin-pow-mpfr-1.c -O0 scan-tree-dump pow FAIL: gcc.dg/torture/builtin-pow-mpfr-1.c -O1 scan-tree-dump pow FAIL: gcc.dg/torture/builtin-pow-mpfr-1.c -O2 scan-tree-dump pow FAIL: gcc.dg/torture/builtin-pow-mpfr-1.c -O3 -fomit-frame-pointer scan-tree-dump pow FAIL: gcc.dg/torture/builtin-pow-mpfr-1.c -O3 -g scan-tree-dump pow FAIL: gcc.dg/torture/builtin-pow-mpfr-1.c -Os scan-tree-dump pow XPASS: gcc.dg/tree-ssa/update-threading.c scan-tree-dump-times Invalid sum 0 === gcc Summary === # of expected passes 46195 # of unexpected failures 10 # of unexpected successes 3 # of expected failures 136 # of unresolved testcases 2 # of untested testcases 35 # of unsupported tests 497 /home/rask/build/gcc-x86_64-unknown-linux-gnu/gcc/xgcc version 4.3.0 20070812 (experimental) === gfortran tests === Running target unix === gfortran Summary === # of expected passes 20587 # of expected failures 8 # of unsupported tests 18 /home/rask/build/gcc-x86_64-unknown-linux-gnu/gcc/testsuite/gfortran/../../gfortran version 4.3.0 20070812 (experimental) === g++ tests === Running target unix XPASS: g++.dg/tree-ssa/copyprop-1.C scan-tree-dump-not .* = [^>;]*; XPASS: g++.dg/tree-ssa/ivopts-1.C scan-tree-dump-not offset: -4B XPASS: g++.dg/tree-ssa/ivopts-1.C scan-tree-dump-not &x\\[5\\] === g++ Summary === # of expected passes 16259 # of unexpected successes 3 # of expected failures 87 # of unsupported tests 113 /home/rask/build/gcc-x86_64-unknown-linux-gnu/gcc/testsuite/g++/../../g++ version 4.3.0 20070812 (experimental) === objc tests === Running target unix === objc Summary === # of expected passes 1812 # of expected failures 7 # of unsupported tests 24 /home/rask/build/gcc-x86_64-unknown-linux-gnu/gcc/xgcc version 4.3.0 20070812 (experimental) === libffi tests === Running target unix === libffi Summary === # of expected passes 1096 # of unsupported tests 8 === libgomp tests === Running target unix === libgomp Summary === # of expected passes 1607 === libjava tests === Running target unix === libjava Summary === # of expected passes 2538 === libmudflap tests === Running target unix FAIL: libmudflap.c++/pass41-frag.cxx execution test FAIL: libmudflap.c++/pass41-frag.cxx (-static) execution test FAIL: libmudflap.c++/pass41-frag.cxx ( -O) execution test FAIL: libmudflap.c++/pass41-frag.cxx (-O2) execution test FAIL: libmudflap.c++/pass41-frag.cxx (-O3) execution test === libmudflap Summary === # of expected passes 1821 # of unexpected failures 5 === libstdc++ tests === Running target unix FAIL: abi_check XPASS: 26_numerics/headers/cmath/c99_classification_macros_c.cc (test for excess errors) XPASS: 27_io/fpos/14320-1.cc execution test === libstdc++ Summary === # of expected passes 4475 # of unexpected failures 1 # of unexpected successes 2 # of expected failures 53 # of unsupported tests 316 Compiler version: 4.3.0 20070812 (experimental) Platform: x86_64-unknown-linux-gnu configure flags: --enable-checking=yes,rtl
Index Nav: | [Date Index] [Subject Index] [Author Index] [Thread Index] | |
---|---|---|
Message Nav: | [Date Prev] [Date Next] | [Thread Prev] [Thread Next] |