This is the mail archive of the
gcc-testresults@gcc.gnu.org
mailing list for the GCC project.
Results for 4.3.0 20070811 (experimental) testsuite on x86_64-pc-linux-gnu
- From: "Athinaios Politis" <pxrist at gmail dot com>
- To: gcc-testresults at gcc dot gnu dot org
- Date: Sat, 11 Aug 2007 20:06:05 +0300
- Subject: Results for 4.3.0 20070811 (experimental) testsuite on x86_64-pc-linux-gnu
LAST_UPDATED:
Native configuration is x86_64-pc-linux-gnu
=== g++ tests ===
Running target unix
XPASS: g++.dg/tree-ssa/copyprop-1.C scan-tree-dump-not .* = [^>;]*;
XPASS: g++.dg/tree-ssa/ivopts-1.C scan-tree-dump-not offset: -4B
XPASS: g++.dg/tree-ssa/ivopts-1.C scan-tree-dump-not &x\\[5\\]
=== g++ Summary ===
# of expected passes 16259
# of unexpected successes 3
# of expected failures 87
# of unsupported tests 113
/opt/gcc/tmpdir/gcc/testsuite/g++/../../g++ version 4.3.0 20070811
(experimental)
=== gcc tests ===
Running target unix
FAIL: gcc.c-torture/compile/limits-structnest.c -O2 (test for excess errors)
FAIL: gcc.c-torture/compile/limits-structnest.c -O3
-fomit-frame-pointer (test for excess errors)
FAIL: gcc.c-torture/compile/limits-structnest.c -O3 -g (test for
excess errors)
FAIL: gcc.c-torture/compile/limits-structnest.c -Os (test for excess errors)
XPASS: gcc.dg/cpp/cmdlne-dI-M.c scan-file
(^|\\\\n)cmdlne-dI-M.*:[^\\\\n]*cmdlne-dI-M.c
XPASS: gcc.dg/cpp/cmdlne-dM-M.c scan-file
(^|\\\\n)cmdlne-dM-M[^\\\\n]*:[^\\\\n]*cmdlne-dM-M.c
FAIL: gcc.dg/builtins-61.c scan-tree-dump return 0.0
XPASS: gcc.dg/tree-ssa/update-threading.c scan-tree-dump-times Invalid sum 0
FAIL: gcc.dg/vect/vect-iv-9.c scan-tree-dump-times vectorized 1 loops 2
FAIL: gcc.target/i386/gcc-have-sync-compare-and-swap-3.c (test for
excess errors)
=== gcc Summary ===
# of expected passes 46204
# of unexpected failures 7
# of unexpected successes 3
# of expected failures 136
# of untested testcases 35
# of unsupported tests 495
/opt/gcc/tmpdir/gcc/xgcc version 4.3.0 20070811 (experimental)
=== gfortran tests ===
Running target unix
=== gfortran Summary ===
# of expected passes 20571
# of expected failures 8
# of unsupported tests 18
/opt/gcc/tmpdir/gcc/testsuite/gfortran/../../gfortran version 4.3.0
20070811 (experimental)
=== objc tests ===
Running target unix
=== objc Summary ===
# of expected passes 1812
# of expected failures 7
# of unsupported tests 24
/opt/gcc/tmpdir/gcc/xgcc version 4.3.0 20070811 (experimental)
=== treelang tests ===
Running target unix
=== treelang Summary ===
# of expected passes 52
=== libffi tests ===
Running target unix
=== libffi Summary ===
# of expected passes 1096
# of unsupported tests 8
=== libgomp tests ===
Running target unix
=== libgomp Summary ===
# of expected passes 1607
=== libstdc++ tests ===
Running target unix
XPASS: 26_numerics/headers/cmath/c99_classification_macros_c.cc (test
for excess errors)
FAIL: 27_io/basic_istream/extractors_other/char/1.cc (test for excess errors)
WARNING: 27_io/basic_istream/extractors_other/char/1.cc compilation
failed to produce executable
XPASS: 27_io/fpos/14320-1.cc execution test
=== libstdc++ Summary ===
# of expected passes 4474
# of unexpected failures 1
# of unexpected successes 2
# of expected failures 53
# of unsupported tests 316
Compiler version: 4.3.0 20070811 (experimental)
Platform: x86_64-pc-linux-gnu
configure flags: --prefix=/opt/gcc/installdir/ -with-arch=nocona
--host=x86_64-pc-linux-gnu --build=x86_64-pc-linux-gnu
-disable-altivec --disable-altivec --disable-nls --with-system-zlib
--disable-checking --disable-werror --enable-secureplt
--disable-libunwind-exceptions --disable-multilib --disable-libmudflap
--enable-libssp --enable-libgcj --enable-languages=all,treelang
--enable-shared --enable-threads=posix --enable-__cxa_atexit
--enable-clocale=gnu